{"id":45145,"date":"2026-04-20T12:38:56","date_gmt":"2026-04-20T12:38:56","guid":{"rendered":"https:\/\/singuli.wpress.me\/index.php\/proizvod\/herbal-essences-poklon-paket-argan-sampon-za-kosu-400ml-regenerator-275ml\/"},"modified":"2026-04-20T12:38:56","modified_gmt":"2026-04-20T12:38:56","slug":"herbal-essences-poklon-paket-argan-sampon-za-kosu-400ml-regenerator-275ml","status":"publish","type":"product","link":"https:\/\/singuli.wpress.me\/index.php\/proizvod\/herbal-essences-poklon-paket-argan-sampon-za-kosu-400ml-regenerator-275ml\/","title":{"rendered":"HERBAL ESSENCES, poklon paket, Argan \u0161ampon za kosu 400ml + regenerator 275ml"},"content":{"rendered":"<p>Herbal Essences Repair obnavljaju\u0107i \u0161ampon s arganovim uljem poma\u017ee obnoviti o\u0161te\u0107enu i suhu kosu te je ostavlja glatkom i prirodno sjajnom. Kosa je mek\u0161a i gla\u0111a. Herbal Essences vjeruje u nutritivnu mo\u0107 biljaka. Kolekcija \u0161ampona i balzama s arganovim uljem vra\u0107a va\u0161u kosu u \u017eivot. Njeguju\u0107a, bogata formula oboga\u0107ena je \u010distim biljnim esencijama i biljnim hranjivim tvarima te dolazi u ekolo\u0161kom pakiranju.<\/p>\n<p>Herbal Essences Repair obnavljaju\u0107i regenerator s arganovim uljem poma\u017ee obnoviti o\u0161te\u0107enu i suhu kosu te je ostavlja glatkom i prirodno sjajnom. Kosa je mek\u0161a i gla\u0111a. Herbal Essences vjeruje u nutritivnu mo\u0107 biljaka. Kolekcija \u0161ampona i balzama s arganovim uljem vra\u0107a va\u0161u kosu u \u017eivot. Njeguju\u0107a, bogata formula oboga\u0107ena je \u010distim biljnim esencijama i biljnim hranjivim tvarima te dolazi u ekolo\u0161kom pakiranju. Otkrijte najbolje izdanje svoje kose i veselite se dok istovremeno \u0161titite i planet.<\/p>\n","protected":false},"excerpt":{"rendered":"<p>Herbal Essences Repair obnavljaju\u0107i \u0161ampon s arganovim uljem poma\u017ee obnoviti o\u0161te\u0107enu i suhu kosu te je ostavlja glatkom i prirodno<\/p>\n","protected":false},"featured_media":45146,"template":"","meta":{"_seopress_robots_primary_cat":"","_seopress_titles_title":"","_seopress_titles_desc":"","_seopress_robots_index":"","iawp_total_views":0},"product_brand":[483],"product_cat":[261,277],"product_tag":[],"class_list":{"0":"post-45145","1":"product","2":"type-product","3":"status-publish","4":"has-post-thumbnail","6":"product_brand-herbal-essences","7":"product_cat-hrana-i-pice","8":"product_cat-slatkisi-i-grickalice-261","10":"first","11":"outofstock","12":"shipping-taxable","13":"purchasable","14":"product-type-simple"},"_links":{"self":[{"href":"https:\/\/singuli.wpress.me\/index.php\/wp-json\/wp\/v2\/product\/45145","targetHints":{"allow":["GET"]}}],"collection":[{"href":"https:\/\/singuli.wpress.me\/index.php\/wp-json\/wp\/v2\/product"}],"about":[{"href":"https:\/\/singuli.wpress.me\/index.php\/wp-json\/wp\/v2\/types\/product"}],"version-history":[{"count":0,"href":"https:\/\/singuli.wpress.me\/index.php\/wp-json\/wp\/v2\/product\/45145\/revisions"}],"wp:featuredmedia":[{"embeddable":true,"href":"https:\/\/singuli.wpress.me\/index.php\/wp-json\/wp\/v2\/media\/45146"}],"wp:attachment":[{"href":"https:\/\/singuli.wpress.me\/index.php\/wp-json\/wp\/v2\/media?parent=45145"}],"wp:term":[{"taxonomy":"product_brand","embeddable":true,"href":"https:\/\/singuli.wpress.me\/index.php\/wp-json\/wp\/v2\/product_brand?post=45145"},{"taxonomy":"product_cat","embeddable":true,"href":"https:\/\/singuli.wpress.me\/index.php\/wp-json\/wp\/v2\/product_cat?post=45145"},{"taxonomy":"product_tag","embeddable":true,"href":"https:\/\/singuli.wpress.me\/index.php\/wp-json\/wp\/v2\/product_tag?post=45145"}],"curies":[{"name":"wp","href":"https:\/\/api.w.org\/{rel}","templated":true}]}}