{"id":45155,"date":"2026-04-20T12:38:59","date_gmt":"2026-04-20T12:38:59","guid":{"rendered":"https:\/\/singuli.wpress.me\/index.php\/proizvod\/shout-sredstvo-za-uklanjanje-mrlja-500-ml-3\/"},"modified":"2026-04-20T12:38:59","modified_gmt":"2026-04-20T12:38:59","slug":"shout-sredstvo-za-uklanjanje-mrlja-500-ml-3","status":"publish","type":"product","link":"https:\/\/singuli.wpress.me\/index.php\/proizvod\/shout-sredstvo-za-uklanjanje-mrlja-500-ml-3\/","title":{"rendered":"SHOUT, sredstvo za uklanjanje mrlja, 500\u00a0ml"},"content":{"rendered":"<p>Shout\u00ae Odstranjiva\u010d mrlja uklanja ve\u0107inu tvrdokornih mrlja prvim nano\u0161enjem, \u010dak i kod niskih temperatura. <\/p>\n<p>Uklanja mrlje pomo\u0107u enzima koji prodiru u tkanine te razgra\u0111uje najtvrdokornije mrlje od trave, umaka, kave, vo\u0107a, vina te masne mrlje.<\/p>\n<p>Uputstvo za uporabu:<\/p>\n<p>1. Prije pranja nanesite sredstvo izravno na mrlje tako da ih potpuno prekrijete.<br \/>\n2. Ostavite da djeluje 1 minutu, zatim operite s uobi\u010dajenim deterd\u017eentom u stroju za pranje ili ru\u010dno u toploj vodi. Ne ostavljajte sredstvo da se osu\u0161i na tkanini.<br \/>\n3. Za postojanije mrlje, protrljajte nazubljenim bo\u010dnim dijelom boce da bi omogu\u0107ili lak\u0161e prodiranje sredstva u vlakna i time ga u\u010dinili jo\u0161 djelotvornijim. Kod obojanih tkanina koje mogu izblijediti, prethodno isprobajte sredstvo na skrivenom dijelu tkanine.<\/p>\n","protected":false},"excerpt":{"rendered":"<p>Uklanja ve\u0107inu tvrdokornih mrlja prvim nano\u0161enjem, \u010dak i kod niskih temperatura<br \/>\nUklanja mrlje pomo\u0107u enzima koji prodiru u tkanine<br \/>\nRazgra\u0111uje najtvrdokornije mrlje<\/p>\n","protected":false},"featured_media":45156,"template":"","meta":{"_seopress_robots_primary_cat":"","_seopress_titles_title":"","_seopress_titles_desc":"","_seopress_robots_index":"","iawp_total_views":0},"product_brand":[422],"product_cat":[283,238],"product_tag":[],"class_list":{"0":"post-45155","1":"product","2":"type-product","3":"status-publish","4":"has-post-thumbnail","6":"product_brand-shout","7":"product_cat-pranje-rublja-238","8":"product_cat-sve-za-dom","10":"first","11":"outofstock","12":"shipping-taxable","13":"purchasable","14":"product-type-simple"},"_links":{"self":[{"href":"https:\/\/singuli.wpress.me\/index.php\/wp-json\/wp\/v2\/product\/45155","targetHints":{"allow":["GET"]}}],"collection":[{"href":"https:\/\/singuli.wpress.me\/index.php\/wp-json\/wp\/v2\/product"}],"about":[{"href":"https:\/\/singuli.wpress.me\/index.php\/wp-json\/wp\/v2\/types\/product"}],"version-history":[{"count":0,"href":"https:\/\/singuli.wpress.me\/index.php\/wp-json\/wp\/v2\/product\/45155\/revisions"}],"wp:featuredmedia":[{"embeddable":true,"href":"https:\/\/singuli.wpress.me\/index.php\/wp-json\/wp\/v2\/media\/45156"}],"wp:attachment":[{"href":"https:\/\/singuli.wpress.me\/index.php\/wp-json\/wp\/v2\/media?parent=45155"}],"wp:term":[{"taxonomy":"product_brand","embeddable":true,"href":"https:\/\/singuli.wpress.me\/index.php\/wp-json\/wp\/v2\/product_brand?post=45155"},{"taxonomy":"product_cat","embeddable":true,"href":"https:\/\/singuli.wpress.me\/index.php\/wp-json\/wp\/v2\/product_cat?post=45155"},{"taxonomy":"product_tag","embeddable":true,"href":"https:\/\/singuli.wpress.me\/index.php\/wp-json\/wp\/v2\/product_tag?post=45155"}],"curies":[{"name":"wp","href":"https:\/\/api.w.org\/{rel}","templated":true}]}}