{"id":45173,"date":"2026-04-20T12:39:05","date_gmt":"2026-04-20T12:39:05","guid":{"rendered":"https:\/\/singuli.wpress.me\/index.php\/proizvod\/gillette-skinguard-sensitive-brijac-s-zamjenskim-britvicama-2-kom\/"},"modified":"2026-04-20T12:39:05","modified_gmt":"2026-04-20T12:39:05","slug":"gillette-skinguard-sensitive-brijac-s-zamjenskim-britvicama-2-kom","status":"publish","type":"product","link":"https:\/\/singuli.wpress.me\/index.php\/proizvod\/gillette-skinguard-sensitive-brijac-s-zamjenskim-britvicama-2-kom\/","title":{"rendered":"GILLETTE SkinGuard Sensitive, brija\u010d s zamjenskim britvicama, 2\u00a0kom"},"content":{"rendered":"<p>Brija\u010d za mu\u0161karce Gillette SkinGuard Sensitive prvi je Gilletteov brija\u010d posebno namijenjen mu\u0161karcima s osjetljivom ko\u017eom. Jedinstveni SkinGuard smje\u0161ten izme\u0111u o\u0161trica apsorbira pritisak, ravna ko\u017eu i podi\u017ee o\u0161trice kako bi se dla\u010dice obrijale u razini ko\u017ee i tako poma\u017ee sprije\u010diti iritacije. <\/p>\n<p>Pobolj\u0161ana lubrikacija (u odnosu na prethodni SkinGuard) prije i nakon prelaska o\u0161trica \u0161titi ko\u017eu od nadra\u017eivanja, a dvije optimalno razmaknute o\u0161trice smanjuju zapinjanje i \u010dupanje. <\/p>\n<p>Brija\u010d SkinGuard Sensitive s dodatkom aloa vere klini\u010dki je dokazano prikladan za osjetljivu ko\u017eu, a istodobno vam omogu\u0107uje pouzdano brijanje kakvo i o\u010dekujete od Gillettea.<\/p>\n","protected":false},"excerpt":{"rendered":"<p>Brija\u010d s dodatkom aloe vere prikladan za osjetljivu ko\u017eu<br \/>\nDizajniran da smanji iritacije ko\u017ee<br \/>\nTemeljito brijanje bez \u010dupanja<\/p>\n","protected":false},"featured_media":45174,"template":"","meta":{"_seopress_robots_primary_cat":"","_seopress_titles_title":"","_seopress_titles_desc":"","_seopress_robots_index":"","iawp_total_views":0},"product_brand":[323],"product_cat":[280,192,279],"product_tag":[],"class_list":{"0":"post-45173","1":"product","2":"type-product","3":"status-publish","4":"has-post-thumbnail","6":"product_brand-gillette","7":"product_cat-aparati-za-muskarce-279","8":"product_cat-aparati-za-osobnu-njegu","9":"product_cat-brijanje-i-sisanje-192","11":"first","12":"outofstock","13":"shipping-taxable","14":"purchasable","15":"product-type-simple"},"_links":{"self":[{"href":"https:\/\/singuli.wpress.me\/index.php\/wp-json\/wp\/v2\/product\/45173","targetHints":{"allow":["GET"]}}],"collection":[{"href":"https:\/\/singuli.wpress.me\/index.php\/wp-json\/wp\/v2\/product"}],"about":[{"href":"https:\/\/singuli.wpress.me\/index.php\/wp-json\/wp\/v2\/types\/product"}],"version-history":[{"count":0,"href":"https:\/\/singuli.wpress.me\/index.php\/wp-json\/wp\/v2\/product\/45173\/revisions"}],"wp:featuredmedia":[{"embeddable":true,"href":"https:\/\/singuli.wpress.me\/index.php\/wp-json\/wp\/v2\/media\/45174"}],"wp:attachment":[{"href":"https:\/\/singuli.wpress.me\/index.php\/wp-json\/wp\/v2\/media?parent=45173"}],"wp:term":[{"taxonomy":"product_brand","embeddable":true,"href":"https:\/\/singuli.wpress.me\/index.php\/wp-json\/wp\/v2\/product_brand?post=45173"},{"taxonomy":"product_cat","embeddable":true,"href":"https:\/\/singuli.wpress.me\/index.php\/wp-json\/wp\/v2\/product_cat?post=45173"},{"taxonomy":"product_tag","embeddable":true,"href":"https:\/\/singuli.wpress.me\/index.php\/wp-json\/wp\/v2\/product_tag?post=45173"}],"curies":[{"name":"wp","href":"https:\/\/api.w.org\/{rel}","templated":true}]}}