{"id":45177,"date":"2026-04-20T12:39:06","date_gmt":"2026-04-20T12:39:06","guid":{"rendered":"https:\/\/singuli.wpress.me\/index.php\/proizvod\/toshiba-alkalne-gumbaste-baterije-cr2032-bp1-1-kom\/"},"modified":"2026-04-20T12:39:06","modified_gmt":"2026-04-20T12:39:06","slug":"toshiba-alkalne-gumbaste-baterije-cr2032-bp1-1-kom","status":"publish","type":"product","link":"https:\/\/singuli.wpress.me\/index.php\/proizvod\/toshiba-alkalne-gumbaste-baterije-cr2032-bp1-1-kom\/","title":{"rendered":"TOSHIBA, alkalne gumbaste baterije, CR2032 BP1, 1\u00a0kom"},"content":{"rendered":"<p>Toshiba baterije tako\u0111er nude \u0161iroki asortiman proizvoda alkalnih gumbastih baterija koje su prvenstveno usmjerene na potrebe manjih i kompaktnih ure\u0111aja. U tu skupinu ubrajaju se daljinski upravlja\u010di, kamere, kalkulatori, igra\u010dke te posebne vrste medicinskih ure\u0111aja i fitness ure\u0111aja.<\/p>\n","protected":false},"excerpt":{"rendered":"<p>\u0160iroki asortiman proizvoda alkalnih gumbastih baterija<br \/>\nUsmjerene na potrebe manjih i kompaktnih ure\u0111aja<br \/>\nJedan paket sadr\u017ei 1 bateriju<\/p>\n","protected":false},"featured_media":45178,"template":"","meta":{"_seopress_robots_primary_cat":"","_seopress_titles_title":"","_seopress_titles_desc":"","_seopress_robots_index":"","iawp_total_views":0},"product_brand":[379],"product_cat":[274,238],"product_tag":[],"class_list":{"0":"post-45177","1":"product","2":"type-product","3":"status-publish","4":"has-post-thumbnail","6":"product_brand-toshiba","7":"product_cat-kucanski-pribor-238","8":"product_cat-sve-za-dom","10":"first","11":"outofstock","12":"shipping-taxable","13":"purchasable","14":"product-type-simple"},"_links":{"self":[{"href":"https:\/\/singuli.wpress.me\/index.php\/wp-json\/wp\/v2\/product\/45177","targetHints":{"allow":["GET"]}}],"collection":[{"href":"https:\/\/singuli.wpress.me\/index.php\/wp-json\/wp\/v2\/product"}],"about":[{"href":"https:\/\/singuli.wpress.me\/index.php\/wp-json\/wp\/v2\/types\/product"}],"version-history":[{"count":0,"href":"https:\/\/singuli.wpress.me\/index.php\/wp-json\/wp\/v2\/product\/45177\/revisions"}],"wp:featuredmedia":[{"embeddable":true,"href":"https:\/\/singuli.wpress.me\/index.php\/wp-json\/wp\/v2\/media\/45178"}],"wp:attachment":[{"href":"https:\/\/singuli.wpress.me\/index.php\/wp-json\/wp\/v2\/media?parent=45177"}],"wp:term":[{"taxonomy":"product_brand","embeddable":true,"href":"https:\/\/singuli.wpress.me\/index.php\/wp-json\/wp\/v2\/product_brand?post=45177"},{"taxonomy":"product_cat","embeddable":true,"href":"https:\/\/singuli.wpress.me\/index.php\/wp-json\/wp\/v2\/product_cat?post=45177"},{"taxonomy":"product_tag","embeddable":true,"href":"https:\/\/singuli.wpress.me\/index.php\/wp-json\/wp\/v2\/product_tag?post=45177"}],"curies":[{"name":"wp","href":"https:\/\/api.w.org\/{rel}","templated":true}]}}