{"id":45187,"date":"2026-04-20T12:39:10","date_gmt":"2026-04-20T12:39:10","guid":{"rendered":"https:\/\/singuli.wpress.me\/index.php\/proizvod\/glade-aromatherapy-set-difuzor-refill-moment-of-zen\/"},"modified":"2026-04-20T12:39:10","modified_gmt":"2026-04-20T12:39:10","slug":"glade-aromatherapy-set-difuzor-refill-moment-of-zen","status":"publish","type":"product","link":"https:\/\/singuli.wpress.me\/index.php\/proizvod\/glade-aromatherapy-set-difuzor-refill-moment-of-zen\/","title":{"rendered":"GLADE Aromatherapy, set, difuzor + refill Moment of Zen"},"content":{"rendered":"<p> &#8211; Glade\u00ae Aromatherapy Cool Mist Diffuser Pure Happiness, difuzor<br \/>\n &#8211; Glade\u00ae Aromatherapy Cool Mist Diffuser Refil Moment of Zen, punjenje za difuzor<br \/>\n&#8211; maska za odmor<br \/>\n &#8211; mirisne note brazilske naran\u010de i cvijeta nerolija te mje\u0161avina francuskog lavandina i australske sandalovine<br \/>\nGlade\u00ae Aromatherapy poklon paket idealan je mirisan dar za svaku priliku. Blagdani, ro\u0111endan, imendan, godi\u0161njica ili mo\u017eda Valentinovo, mogu biti ispunjeni najsvje\u017eijim mirisnim mje\u0161avinama brazilske naran\u010de i cvijeta nerolija ili francuskog lavandina te kremaste australske sandalovine. Arome oboga\u0107ene esencijalnim uljima ispunit \u0107e va\u0161 dom do 120 dana uz mirise ovog paketa (ako se koristi pri niskom intenzitetu). Ne sadr\u017ei parabene, ftalate, nitro mo\u0161us, boje ili umjetna bojila. Uhvatite svoj trenutak u danu, iskoristite masku za odmor i opustite se uz bogate note Glade\u00ae Aromatherapy linije. Paket sadr\u017ei Glade\u00ae Aromatherapy difuzor mirisa Pure Happiness, dodatno punjenje za difuzor mirisa Moment of Zen te masku za odmor. Razveselite svoje najmilije i odvedite ih na \u017eivopisnu avanturu, bez da zapravo napuste svoj dom!<\/p>\n","protected":false},"excerpt":{"rendered":"<p>8 mirisnih \u0161tapi\u0107a od prirodne trske<br \/>\nOboga\u0107eno dvostrukom mje\u0161avinom esencijalnih ulja<br \/>\nDo 45 dana mirisa<\/p>\n","protected":false},"featured_media":45188,"template":"","meta":{"_seopress_robots_primary_cat":"","_seopress_titles_title":"","_seopress_titles_desc":"","_seopress_robots_index":"","iawp_total_views":0},"product_brand":[405],"product_cat":[294,238],"product_tag":[],"class_list":{"0":"post-45187","1":"product","2":"type-product","3":"status-publish","4":"has-post-thumbnail","6":"product_brand-glade","7":"product_cat-osvjezivaci-zraka-238","8":"product_cat-sve-za-dom","10":"first","11":"outofstock","12":"shipping-taxable","13":"purchasable","14":"product-type-simple"},"_links":{"self":[{"href":"https:\/\/singuli.wpress.me\/index.php\/wp-json\/wp\/v2\/product\/45187","targetHints":{"allow":["GET"]}}],"collection":[{"href":"https:\/\/singuli.wpress.me\/index.php\/wp-json\/wp\/v2\/product"}],"about":[{"href":"https:\/\/singuli.wpress.me\/index.php\/wp-json\/wp\/v2\/types\/product"}],"version-history":[{"count":0,"href":"https:\/\/singuli.wpress.me\/index.php\/wp-json\/wp\/v2\/product\/45187\/revisions"}],"wp:featuredmedia":[{"embeddable":true,"href":"https:\/\/singuli.wpress.me\/index.php\/wp-json\/wp\/v2\/media\/45188"}],"wp:attachment":[{"href":"https:\/\/singuli.wpress.me\/index.php\/wp-json\/wp\/v2\/media?parent=45187"}],"wp:term":[{"taxonomy":"product_brand","embeddable":true,"href":"https:\/\/singuli.wpress.me\/index.php\/wp-json\/wp\/v2\/product_brand?post=45187"},{"taxonomy":"product_cat","embeddable":true,"href":"https:\/\/singuli.wpress.me\/index.php\/wp-json\/wp\/v2\/product_cat?post=45187"},{"taxonomy":"product_tag","embeddable":true,"href":"https:\/\/singuli.wpress.me\/index.php\/wp-json\/wp\/v2\/product_tag?post=45187"}],"curies":[{"name":"wp","href":"https:\/\/api.w.org\/{rel}","templated":true}]}}