{"id":45189,"date":"2026-04-20T12:39:10","date_gmt":"2026-04-20T12:39:10","guid":{"rendered":"https:\/\/singuli.wpress.me\/index.php\/proizvod\/dr-oetker-instant-zelatina-fix-20-g\/"},"modified":"2026-04-20T12:39:10","modified_gmt":"2026-04-20T12:39:10","slug":"dr-oetker-instant-zelatina-fix-20-g","status":"publish","type":"product","link":"https:\/\/singuli.wpress.me\/index.php\/proizvod\/dr-oetker-instant-zelatina-fix-20-g\/","title":{"rendered":"DR. OETKER, instant \u017eelatina, fix , 20\u00a0g"},"content":{"rendered":"<p>S Dr. Oetker \u017delatinom Fix\u00a0 sada je jo\u0161 jednostavnije pripremiti slasne kremaste kola\u010de i torte, deserte pa \u010dak i slane \u017eelatinaste specijalitete. Jer \u017delatina Fix dodaje se direktno u teku\u0107inu bez prethodnog namakanja ili zagrijavanja. Jednostavno i bez grudica! Tako svatko svoje najdra\u017ee slastice mo\u017ee pripremiti s lako\u0107om i garantirano uspje\u0161no. Obratite pa\u017enju na upute na ambala\u017ei i uvjerite se sami kako je jednostavno upotrijebiti Dr. Oetker \u017delatinu Fix. NAPOMENA: \u017delatina ne uspijeva sa svje\u017eim ananasom, kivijem, papajom, smokvom i mangom.<\/p>\n","protected":false},"excerpt":{"rendered":"<p>Jednostavno i bez grudica<br \/>\nGarantirano uspje\u0161no<br \/>\nBez prethodnog namakanja ili zagrijavanja<\/p>\n","protected":false},"featured_media":45190,"template":"","meta":{"_seopress_robots_primary_cat":"","_seopress_titles_title":"","_seopress_titles_desc":"","_seopress_robots_index":"","iawp_total_views":0},"product_brand":[328],"product_cat":[261,270],"product_tag":[],"class_list":{"0":"post-45189","1":"product","2":"type-product","3":"status-publish","4":"has-post-thumbnail","6":"product_brand-dr-oetker","7":"product_cat-hrana-i-pice","8":"product_cat-slasticarstvo-261","10":"first","11":"outofstock","12":"shipping-taxable","13":"purchasable","14":"product-type-simple"},"_links":{"self":[{"href":"https:\/\/singuli.wpress.me\/index.php\/wp-json\/wp\/v2\/product\/45189","targetHints":{"allow":["GET"]}}],"collection":[{"href":"https:\/\/singuli.wpress.me\/index.php\/wp-json\/wp\/v2\/product"}],"about":[{"href":"https:\/\/singuli.wpress.me\/index.php\/wp-json\/wp\/v2\/types\/product"}],"version-history":[{"count":0,"href":"https:\/\/singuli.wpress.me\/index.php\/wp-json\/wp\/v2\/product\/45189\/revisions"}],"wp:featuredmedia":[{"embeddable":true,"href":"https:\/\/singuli.wpress.me\/index.php\/wp-json\/wp\/v2\/media\/45190"}],"wp:attachment":[{"href":"https:\/\/singuli.wpress.me\/index.php\/wp-json\/wp\/v2\/media?parent=45189"}],"wp:term":[{"taxonomy":"product_brand","embeddable":true,"href":"https:\/\/singuli.wpress.me\/index.php\/wp-json\/wp\/v2\/product_brand?post=45189"},{"taxonomy":"product_cat","embeddable":true,"href":"https:\/\/singuli.wpress.me\/index.php\/wp-json\/wp\/v2\/product_cat?post=45189"},{"taxonomy":"product_tag","embeddable":true,"href":"https:\/\/singuli.wpress.me\/index.php\/wp-json\/wp\/v2\/product_tag?post=45189"}],"curies":[{"name":"wp","href":"https:\/\/api.w.org\/{rel}","templated":true}]}}