{"id":45250,"date":"2026-04-20T12:39:33","date_gmt":"2026-04-20T12:39:33","guid":{"rendered":"https:\/\/singuli.wpress.me\/index.php\/proizvod\/laica-carmen-aida-vrc-menta\/"},"modified":"2026-04-20T12:39:33","modified_gmt":"2026-04-20T12:39:33","slug":"laica-carmen-aida-vrc-menta","status":"publish","type":"product","link":"https:\/\/singuli.wpress.me\/index.php\/proizvod\/laica-carmen-aida-vrc-menta\/","title":{"rendered":"LAICA Carmen Aida, vr\u010d, menta"},"content":{"rendered":"<p>Carmen Aida filter vr\u010d dizajniran je za smanjenje koli\u010dine ne\u017eeljenih tvari u vodi za pi\u0107e. <\/p>\n<p>Ima poklopac koji omogu\u0107uje brzo punjenje, filtraciju uz pomo\u0107 automatskog otvara\u010da na vrhu \u0161alice i indikator vijeka trajanja filtera.<\/p>\n","protected":false},"excerpt":{"rendered":"<p>Lagan i jednostavan za kori\u0161tenje<br \/>\nProtuklizna gumena baza<br \/>\nDodatno prilo\u017een bi-flux filter.<\/p>\n","protected":false},"featured_media":45251,"template":"","meta":{"_seopress_robots_primary_cat":"","_seopress_titles_title":"","_seopress_titles_desc":"","_seopress_robots_index":"","iawp_total_views":0},"product_brand":[148],"product_cat":[274,238],"product_tag":[],"class_list":{"0":"post-45250","1":"product","2":"type-product","3":"status-publish","4":"has-post-thumbnail","6":"product_brand-laica","7":"product_cat-kucanski-pribor-238","8":"product_cat-sve-za-dom","10":"first","11":"outofstock","12":"shipping-taxable","13":"purchasable","14":"product-type-simple"},"_links":{"self":[{"href":"https:\/\/singuli.wpress.me\/index.php\/wp-json\/wp\/v2\/product\/45250","targetHints":{"allow":["GET"]}}],"collection":[{"href":"https:\/\/singuli.wpress.me\/index.php\/wp-json\/wp\/v2\/product"}],"about":[{"href":"https:\/\/singuli.wpress.me\/index.php\/wp-json\/wp\/v2\/types\/product"}],"version-history":[{"count":0,"href":"https:\/\/singuli.wpress.me\/index.php\/wp-json\/wp\/v2\/product\/45250\/revisions"}],"wp:featuredmedia":[{"embeddable":true,"href":"https:\/\/singuli.wpress.me\/index.php\/wp-json\/wp\/v2\/media\/45251"}],"wp:attachment":[{"href":"https:\/\/singuli.wpress.me\/index.php\/wp-json\/wp\/v2\/media?parent=45250"}],"wp:term":[{"taxonomy":"product_brand","embeddable":true,"href":"https:\/\/singuli.wpress.me\/index.php\/wp-json\/wp\/v2\/product_brand?post=45250"},{"taxonomy":"product_cat","embeddable":true,"href":"https:\/\/singuli.wpress.me\/index.php\/wp-json\/wp\/v2\/product_cat?post=45250"},{"taxonomy":"product_tag","embeddable":true,"href":"https:\/\/singuli.wpress.me\/index.php\/wp-json\/wp\/v2\/product_tag?post=45250"}],"curies":[{"name":"wp","href":"https:\/\/api.w.org\/{rel}","templated":true}]}}