{"id":45268,"date":"2026-04-20T12:39:38","date_gmt":"2026-04-20T12:39:38","guid":{"rendered":"https:\/\/singuli.wpress.me\/index.php\/proizvod\/becutan-spf-30-mlijeko-za-suncanje-175-ml\/"},"modified":"2026-04-21T00:27:29","modified_gmt":"2026-04-21T00:27:29","slug":"becutan-spf-30-mlijeko-za-suncanje-175-ml","status":"publish","type":"product","link":"https:\/\/singuli.wpress.me\/index.php\/proizvod\/becutan-spf-30-mlijeko-za-suncanje-175-ml\/","title":{"rendered":"BECUTAN SPF  30, mlijeko za sun\u010danje, 175\u00a0ml"},"content":{"rendered":"<p>Becutan mlijeko za sun\u010danje sa SPF 30 pru\u017ea pouzdanu i visoku za\u0161titu od \u0161tetnih sun\u010devih zraka. Formulacija sadr\u017ei UVA + UVB mineralne filtre koji djeluju kao fizi\u010dka barijera \u2013 stvaraju tanak sloj na povr\u0161ini ko\u017ee koji odbija UV zrake i sprje\u010dava njihovo prodiranje. Uz za\u0161titnu ulogu, ovo mlijeko intenzivno njeguje dje\u010dju ko\u017eu: maslinovo ulje osigurava potrebnu hidrataciju, dok ekstrakt kamilice djeluje antibakterijski i umiruje ko\u017eu. Dodatak vitamina E odr\u017eava prirodnu vla\u017enost, \u010dine\u0107i ko\u017eu mekanom i gipkom, dok kao sna\u017ean antioksidans \u0161titi od djelovanja slobodnih radikala.<\/p>\n","protected":false},"excerpt":{"rendered":"<p>Mineralni filtri u\u010dinkovito odbijaju UVA i UVB zra\u010denje, pru\u017eaju\u0107i sigurnost tijekom boravka na suncu<br \/>\nMaslinovo ulje poma\u017ee u odr\u017eavanju vla\u017enosti i sprje\u010dava pojavu crvenila uzrokovanog isu\u0161ivanjem<br \/>\nKamilica \u0161titi od iritacija i pru\u017ea antibakterijsku za\u0161titu osjetljivoj ko\u017ei<\/p>\n","protected":false},"featured_media":45269,"template":"","meta":{"_seopress_robots_primary_cat":"","_seopress_titles_title":"","_seopress_titles_desc":"","_seopress_robots_index":"","iawp_total_views":0},"product_brand":[803],"product_cat":[268,269],"product_tag":[],"class_list":{"0":"post-45268","1":"product","2":"type-product","3":"status-publish","4":"has-post-thumbnail","6":"product_brand-becutan","7":"product_cat-kozmetika-2","8":"product_cat-zastita-koze-268","10":"first","11":"outofstock","12":"shipping-taxable","13":"purchasable","14":"product-type-simple"},"_links":{"self":[{"href":"https:\/\/singuli.wpress.me\/index.php\/wp-json\/wp\/v2\/product\/45268","targetHints":{"allow":["GET"]}}],"collection":[{"href":"https:\/\/singuli.wpress.me\/index.php\/wp-json\/wp\/v2\/product"}],"about":[{"href":"https:\/\/singuli.wpress.me\/index.php\/wp-json\/wp\/v2\/types\/product"}],"version-history":[{"count":0,"href":"https:\/\/singuli.wpress.me\/index.php\/wp-json\/wp\/v2\/product\/45268\/revisions"}],"wp:featuredmedia":[{"embeddable":true,"href":"https:\/\/singuli.wpress.me\/index.php\/wp-json\/wp\/v2\/media\/45269"}],"wp:attachment":[{"href":"https:\/\/singuli.wpress.me\/index.php\/wp-json\/wp\/v2\/media?parent=45268"}],"wp:term":[{"taxonomy":"product_brand","embeddable":true,"href":"https:\/\/singuli.wpress.me\/index.php\/wp-json\/wp\/v2\/product_brand?post=45268"},{"taxonomy":"product_cat","embeddable":true,"href":"https:\/\/singuli.wpress.me\/index.php\/wp-json\/wp\/v2\/product_cat?post=45268"},{"taxonomy":"product_tag","embeddable":true,"href":"https:\/\/singuli.wpress.me\/index.php\/wp-json\/wp\/v2\/product_tag?post=45268"}],"curies":[{"name":"wp","href":"https:\/\/api.w.org\/{rel}","templated":true}]}}