{"id":45286,"date":"2026-04-20T12:39:44","date_gmt":"2026-04-20T12:39:44","guid":{"rendered":"https:\/\/singuli.wpress.me\/index.php\/proizvod\/honeywell-airgenius-5-prociscivac-zraka-hfd323e2\/"},"modified":"2026-04-21T00:27:29","modified_gmt":"2026-04-21T00:27:29","slug":"honeywell-airgenius-5-prociscivac-zraka-hfd323e2","status":"publish","type":"product","link":"https:\/\/singuli.wpress.me\/index.php\/proizvod\/honeywell-airgenius-5-prociscivac-zraka-hfd323e2\/","title":{"rendered":"HONEYWELL Airgenius 5, pro\u010di\u0161\u0107iva\u010d zraka, HFD323E2"},"content":{"rendered":"<p>Pro\u010dista\u010d zraka s 5 stupnjeva pro\u010di\u0161\u0107avanja zraka radi vrlo tiho i u\u010dinkovito jer uklanja \u010dak 99,9% mikroskopskih \u010destica.<\/p>\n","protected":false},"excerpt":{"rendered":"<p>Gotovo ne\u010dujan rad u no\u0107nom na\u010dinu rada<br \/>\n5 razina \u010di\u0161\u0107enja<br \/>\nOsigurava smanjenje neugodnih mirisa, mikroba, ku\u0107nih plinova i para organskih spojeva<\/p>\n","protected":false},"featured_media":45287,"template":"","meta":{"_seopress_robots_primary_cat":"","_seopress_titles_title":"","_seopress_titles_desc":"","_seopress_robots_index":"","iawp_total_views":0},"product_brand":[506],"product_cat":[184,160],"product_tag":[],"class_list":{"0":"post-45286","1":"product","2":"type-product","3":"status-publish","4":"has-post-thumbnail","6":"product_brand-honeywell","7":"product_cat-kvaliteta-zraka-i-grijanje","8":"product_cat-mali-kucanski-aparati","10":"first","11":"outofstock","12":"shipping-taxable","13":"purchasable","14":"product-type-simple"},"_links":{"self":[{"href":"https:\/\/singuli.wpress.me\/index.php\/wp-json\/wp\/v2\/product\/45286","targetHints":{"allow":["GET"]}}],"collection":[{"href":"https:\/\/singuli.wpress.me\/index.php\/wp-json\/wp\/v2\/product"}],"about":[{"href":"https:\/\/singuli.wpress.me\/index.php\/wp-json\/wp\/v2\/types\/product"}],"version-history":[{"count":0,"href":"https:\/\/singuli.wpress.me\/index.php\/wp-json\/wp\/v2\/product\/45286\/revisions"}],"wp:featuredmedia":[{"embeddable":true,"href":"https:\/\/singuli.wpress.me\/index.php\/wp-json\/wp\/v2\/media\/45287"}],"wp:attachment":[{"href":"https:\/\/singuli.wpress.me\/index.php\/wp-json\/wp\/v2\/media?parent=45286"}],"wp:term":[{"taxonomy":"product_brand","embeddable":true,"href":"https:\/\/singuli.wpress.me\/index.php\/wp-json\/wp\/v2\/product_brand?post=45286"},{"taxonomy":"product_cat","embeddable":true,"href":"https:\/\/singuli.wpress.me\/index.php\/wp-json\/wp\/v2\/product_cat?post=45286"},{"taxonomy":"product_tag","embeddable":true,"href":"https:\/\/singuli.wpress.me\/index.php\/wp-json\/wp\/v2\/product_tag?post=45286"}],"curies":[{"name":"wp","href":"https:\/\/api.w.org\/{rel}","templated":true}]}}