{"id":45298,"date":"2026-04-20T12:39:47","date_gmt":"2026-04-20T12:39:47","guid":{"rendered":"https:\/\/singuli.wpress.me\/index.php\/proizvod\/dr-oetker-tekuca-jestiva-boja-crvena\/"},"modified":"2026-04-20T12:39:47","modified_gmt":"2026-04-20T12:39:47","slug":"dr-oetker-tekuca-jestiva-boja-crvena","status":"publish","type":"product","link":"https:\/\/singuli.wpress.me\/index.php\/proizvod\/dr-oetker-tekuca-jestiva-boja-crvena\/","title":{"rendered":"DR. OETKER, teku\u0107a jestiva boja, crvena"},"content":{"rendered":"<p>Dr. Oetker Teku\u0107e jestive boje visokog su intenziteta, idealne su za bojanje biskvita, preljeva, \u0161e\u0107era u prahu, fondanta i tijesta, a za one najhrabrije \u2013 odli\u010dne su i za koktele. Bilo da pe\u010dete s djecom ili radite dugin kola\u010d, teku\u0107e boje savr\u0161en su izbor za stvaranje veselih i ma\u0161tovitih krema i kola\u010da. Plava boja za kola\u010de je bez dodatka AZO boja te je pogodna i za veganske slastice.<\/p>\n","protected":false},"excerpt":{"rendered":"<p>Idealne su za bojanje biskvita, preljeva, \u0161e\u0107era u prahu, fondanta i tijesta<br \/>\nBez dodatka AZO boja<br \/>\nVisokog su intenziteta<\/p>\n","protected":false},"featured_media":45299,"template":"","meta":{"_seopress_robots_primary_cat":"","_seopress_titles_title":"","_seopress_titles_desc":"","_seopress_robots_index":"","iawp_total_views":0},"product_brand":[328],"product_cat":[261,270],"product_tag":[],"class_list":{"0":"post-45298","1":"product","2":"type-product","3":"status-publish","4":"has-post-thumbnail","6":"product_brand-dr-oetker","7":"product_cat-hrana-i-pice","8":"product_cat-slasticarstvo-261","10":"first","11":"outofstock","12":"shipping-taxable","13":"purchasable","14":"product-type-simple"},"_links":{"self":[{"href":"https:\/\/singuli.wpress.me\/index.php\/wp-json\/wp\/v2\/product\/45298","targetHints":{"allow":["GET"]}}],"collection":[{"href":"https:\/\/singuli.wpress.me\/index.php\/wp-json\/wp\/v2\/product"}],"about":[{"href":"https:\/\/singuli.wpress.me\/index.php\/wp-json\/wp\/v2\/types\/product"}],"version-history":[{"count":0,"href":"https:\/\/singuli.wpress.me\/index.php\/wp-json\/wp\/v2\/product\/45298\/revisions"}],"wp:featuredmedia":[{"embeddable":true,"href":"https:\/\/singuli.wpress.me\/index.php\/wp-json\/wp\/v2\/media\/45299"}],"wp:attachment":[{"href":"https:\/\/singuli.wpress.me\/index.php\/wp-json\/wp\/v2\/media?parent=45298"}],"wp:term":[{"taxonomy":"product_brand","embeddable":true,"href":"https:\/\/singuli.wpress.me\/index.php\/wp-json\/wp\/v2\/product_brand?post=45298"},{"taxonomy":"product_cat","embeddable":true,"href":"https:\/\/singuli.wpress.me\/index.php\/wp-json\/wp\/v2\/product_cat?post=45298"},{"taxonomy":"product_tag","embeddable":true,"href":"https:\/\/singuli.wpress.me\/index.php\/wp-json\/wp\/v2\/product_tag?post=45298"}],"curies":[{"name":"wp","href":"https:\/\/api.w.org\/{rel}","templated":true}]}}