{"id":45300,"date":"2026-04-20T12:39:48","date_gmt":"2026-04-20T12:39:48","guid":{"rendered":"https:\/\/singuli.wpress.me\/index.php\/proizvod\/turbo-s4-gx-46-ulje-za-parne-i-kombinirane-turbine-209-l\/"},"modified":"2026-04-20T12:39:48","modified_gmt":"2026-04-20T12:39:48","slug":"turbo-s4-gx-46-ulje-za-parne-i-kombinirane-turbine-209-l","status":"publish","type":"product","link":"https:\/\/singuli.wpress.me\/index.php\/proizvod\/turbo-s4-gx-46-ulje-za-parne-i-kombinirane-turbine-209-l\/","title":{"rendered":"TURBO S4 GX 46 , ulje za parne i kombinirane turbine, 209\u00a0l"},"content":{"rendered":"<p>Shell Turbo S4 GX 46 je turbinsko ulje bazirano na GTL (Gas-to-Liquid) tehnologiji. Razvijeno da udovoljava zahtjevima visokou\u010dinkovitih turbinskih sustava najnovije generacije. Dizajnirano da osigurava nenadma\u0161nu za\u0161titu kao i u\u010dinkovitost pri najte\u017eim uvjetima rada. Shell Turbo S4 GX 46 osigurava za\u0161titu od tro\u0161enja, stvaranja naslaga \u010dak i pri uvjetima visokih vr\u0161nih optere\u0107enja. Pogodno za koristiti kod modernih parnih, plinskih i kombiniranih turbina, posebno kod onih koji zahtijevaju pobolj\u0161anu za\u0161titu od tro\u0161enja kao i kod te\u0161ko optere\u0107enih reduktora.<\/p>\n<p><span style=\"font-weight: bold\">Specifikacija:<\/span> ASTM 4304-13 Tip I, II i III, GB (China) 11120-2011, L-TSE, L-TGE, L-TGSE, DIN 51515 Dio 1 L-TDP i Dio 2 L-TGP, 51524-2 HLP, JIS K-2213 Tip 2, ISO 8068, L-TSE, L-TGE, L-TGF i L-TGSE, odobren od  Siemens Power Generatin, TLV 9013 04 i TLV 9013 05, General Electric GEK 28143b, GEK 117064, Alstom, HTGD 90 117 V0001 AA, Dresser Rand 003-406-001 Tip I i II, MAN D&amp;T SE TED 10000494596, Zadovoljava Siemens Turbo-machinery spec. 1CW0047915, WN80003798 i izvje\u0161taj  65\/0027, Siemens Finspong MAT812109, GE ulje i plin odobreno pod dokumentom ITN52220.04, ANSALDO TGO2-0171-E00000\/B, MHPS MS04-MA-CL003 (R-5).<\/p>\n","protected":false},"excerpt":{"rendered":"<p>Turbinsko ulje<br \/>\nZa\u0161tita i u\u010dinkovitost pri najte\u017eim uvjetima rada<br \/>\nGlavne primjene su u parnim, plinskim i kombiniranim turbinama i u industrijskim aplikacijama<\/p>\n","protected":false},"featured_media":45301,"template":"","meta":{"_seopress_robots_primary_cat":"","_seopress_titles_title":"","_seopress_titles_desc":"","_seopress_robots_index":"","iawp_total_views":0},"product_brand":[873],"product_cat":[243,276],"product_tag":[],"class_list":{"0":"post-45300","1":"product","2":"type-product","3":"status-publish","4":"has-post-thumbnail","6":"product_brand-turbo","7":"product_cat-automobili-i-motori","8":"product_cat-industrijska-i-specijalna-ulja-243","10":"first","11":"instock","12":"shipping-taxable","13":"purchasable","14":"product-type-simple"},"_links":{"self":[{"href":"https:\/\/singuli.wpress.me\/index.php\/wp-json\/wp\/v2\/product\/45300","targetHints":{"allow":["GET"]}}],"collection":[{"href":"https:\/\/singuli.wpress.me\/index.php\/wp-json\/wp\/v2\/product"}],"about":[{"href":"https:\/\/singuli.wpress.me\/index.php\/wp-json\/wp\/v2\/types\/product"}],"version-history":[{"count":0,"href":"https:\/\/singuli.wpress.me\/index.php\/wp-json\/wp\/v2\/product\/45300\/revisions"}],"wp:featuredmedia":[{"embeddable":true,"href":"https:\/\/singuli.wpress.me\/index.php\/wp-json\/wp\/v2\/media\/45301"}],"wp:attachment":[{"href":"https:\/\/singuli.wpress.me\/index.php\/wp-json\/wp\/v2\/media?parent=45300"}],"wp:term":[{"taxonomy":"product_brand","embeddable":true,"href":"https:\/\/singuli.wpress.me\/index.php\/wp-json\/wp\/v2\/product_brand?post=45300"},{"taxonomy":"product_cat","embeddable":true,"href":"https:\/\/singuli.wpress.me\/index.php\/wp-json\/wp\/v2\/product_cat?post=45300"},{"taxonomy":"product_tag","embeddable":true,"href":"https:\/\/singuli.wpress.me\/index.php\/wp-json\/wp\/v2\/product_tag?post=45300"}],"curies":[{"name":"wp","href":"https:\/\/api.w.org\/{rel}","templated":true}]}}