{"id":45308,"date":"2026-04-20T12:39:49","date_gmt":"2026-04-20T12:39:49","guid":{"rendered":"https:\/\/singuli.wpress.me\/index.php\/proizvod\/dr-oetker-ciobar-vruca-cokolada-25-g\/"},"modified":"2026-04-20T12:39:49","modified_gmt":"2026-04-20T12:39:49","slug":"dr-oetker-ciobar-vruca-cokolada-25-g","status":"publish","type":"product","link":"https:\/\/singuli.wpress.me\/index.php\/proizvod\/dr-oetker-ciobar-vruca-cokolada-25-g\/","title":{"rendered":"DR. OETKER Ciobar, vru\u0107a \u010dokolada, 25\u00a0g"},"content":{"rendered":"<p>Izvorna talijanska receptura \u010dini Ciobar vru\u0107u \u010dokoladu jedinstvenom. Priprema je brza i jednostavna kod ku\u0107e \u2013 a okus je kao u najboljem talijanskom kafi\u0107u: gust kremast u\u017eitak mlije\u010dne \u010dokolade. I to za cijelu obitelj i prijatelje!<\/p>\n","protected":false},"excerpt":{"rendered":"<p>Jednostavan i brza priprema<br \/>\nIzvorna talijanska receptura<br \/>\nKao iz talijanskog kafi\u0107a<\/p>\n","protected":false},"featured_media":45309,"template":"","meta":{"_seopress_robots_primary_cat":"","_seopress_titles_title":"","_seopress_titles_desc":"","_seopress_robots_index":"","iawp_total_views":0},"product_brand":[328],"product_cat":[261,275],"product_tag":[],"class_list":{"0":"post-45308","1":"product","2":"type-product","3":"status-publish","4":"has-post-thumbnail","6":"product_brand-dr-oetker","7":"product_cat-hrana-i-pice","8":"product_cat-kava-i-cajevi-261","10":"first","11":"outofstock","12":"shipping-taxable","13":"purchasable","14":"product-type-simple"},"_links":{"self":[{"href":"https:\/\/singuli.wpress.me\/index.php\/wp-json\/wp\/v2\/product\/45308","targetHints":{"allow":["GET"]}}],"collection":[{"href":"https:\/\/singuli.wpress.me\/index.php\/wp-json\/wp\/v2\/product"}],"about":[{"href":"https:\/\/singuli.wpress.me\/index.php\/wp-json\/wp\/v2\/types\/product"}],"version-history":[{"count":0,"href":"https:\/\/singuli.wpress.me\/index.php\/wp-json\/wp\/v2\/product\/45308\/revisions"}],"wp:featuredmedia":[{"embeddable":true,"href":"https:\/\/singuli.wpress.me\/index.php\/wp-json\/wp\/v2\/media\/45309"}],"wp:attachment":[{"href":"https:\/\/singuli.wpress.me\/index.php\/wp-json\/wp\/v2\/media?parent=45308"}],"wp:term":[{"taxonomy":"product_brand","embeddable":true,"href":"https:\/\/singuli.wpress.me\/index.php\/wp-json\/wp\/v2\/product_brand?post=45308"},{"taxonomy":"product_cat","embeddable":true,"href":"https:\/\/singuli.wpress.me\/index.php\/wp-json\/wp\/v2\/product_cat?post=45308"},{"taxonomy":"product_tag","embeddable":true,"href":"https:\/\/singuli.wpress.me\/index.php\/wp-json\/wp\/v2\/product_tag?post=45308"}],"curies":[{"name":"wp","href":"https:\/\/api.w.org\/{rel}","templated":true}]}}