{"id":45319,"date":"2026-04-20T12:39:52","date_gmt":"2026-04-20T12:39:52","guid":{"rendered":"https:\/\/singuli.wpress.me\/index.php\/proizvod\/dr-oetker-vitalis-hrskavi-musli-multi-voce-300-g\/"},"modified":"2026-04-20T12:39:52","modified_gmt":"2026-04-20T12:39:52","slug":"dr-oetker-vitalis-hrskavi-musli-multi-voce-300-g","status":"publish","type":"product","link":"https:\/\/singuli.wpress.me\/index.php\/proizvod\/dr-oetker-vitalis-hrskavi-musli-multi-voce-300-g\/","title":{"rendered":"DR. OETKER Vitalis, hrskavi musli, multi-vo\u0107e , 300\u00a0g"},"content":{"rendered":"<p>U Vitalis Crunchy Plus Multi-Vo\u0107e zlatno-sme\u0111e pr\u017eene, hrskave pahuljice spajaju se s posebnom vo\u0107nom kompozicijom\u00a0 od brusnica, gro\u017e\u0111ica, jabuka i marakuje u posebno vo\u0107ni hrskavi do\u017eivljaj. Va\u0161 Plus za u\u017eitak u Vitalis Crunchy Plus: posebno puno vo\u0107a: s brusnicama, gro\u017e\u0111icama, jabukama i marakujom i zlatno-sme\u0111i pr\u017eeni hrskavi komadi\u0107i s 46% integralnih \u017eitarica \u2013 zahvaljuju\u0107i posebnom postupku pr\u017eenja posebno su hrskavi i ukusni<\/p>\n","protected":false},"excerpt":{"rendered":"<p>Posebna vo\u0107na kompozicija<br \/>\nPosebno puno vo\u0107a<br \/>\nPosebno su hrskavi i ukusni<\/p>\n","protected":false},"featured_media":45320,"template":"","meta":{"_seopress_robots_primary_cat":"","_seopress_titles_title":"","_seopress_titles_desc":"","_seopress_robots_index":"","iawp_total_views":0},"product_brand":[328],"product_cat":[261,307],"product_tag":[],"class_list":{"0":"post-45319","1":"product","2":"type-product","3":"status-publish","4":"has-post-thumbnail","6":"product_brand-dr-oetker","7":"product_cat-hrana-i-pice","8":"product_cat-zitarice-i-dorucak-261","10":"first","11":"outofstock","12":"shipping-taxable","13":"purchasable","14":"product-type-simple"},"_links":{"self":[{"href":"https:\/\/singuli.wpress.me\/index.php\/wp-json\/wp\/v2\/product\/45319","targetHints":{"allow":["GET"]}}],"collection":[{"href":"https:\/\/singuli.wpress.me\/index.php\/wp-json\/wp\/v2\/product"}],"about":[{"href":"https:\/\/singuli.wpress.me\/index.php\/wp-json\/wp\/v2\/types\/product"}],"version-history":[{"count":0,"href":"https:\/\/singuli.wpress.me\/index.php\/wp-json\/wp\/v2\/product\/45319\/revisions"}],"wp:featuredmedia":[{"embeddable":true,"href":"https:\/\/singuli.wpress.me\/index.php\/wp-json\/wp\/v2\/media\/45320"}],"wp:attachment":[{"href":"https:\/\/singuli.wpress.me\/index.php\/wp-json\/wp\/v2\/media?parent=45319"}],"wp:term":[{"taxonomy":"product_brand","embeddable":true,"href":"https:\/\/singuli.wpress.me\/index.php\/wp-json\/wp\/v2\/product_brand?post=45319"},{"taxonomy":"product_cat","embeddable":true,"href":"https:\/\/singuli.wpress.me\/index.php\/wp-json\/wp\/v2\/product_cat?post=45319"},{"taxonomy":"product_tag","embeddable":true,"href":"https:\/\/singuli.wpress.me\/index.php\/wp-json\/wp\/v2\/product_tag?post=45319"}],"curies":[{"name":"wp","href":"https:\/\/api.w.org\/{rel}","templated":true}]}}