{"id":45327,"date":"2026-04-20T12:39:56","date_gmt":"2026-04-20T12:39:56","guid":{"rendered":"https:\/\/singuli.wpress.me\/index.php\/proizvod\/dr-oetker-dzemfix-super-31-25-g\/"},"modified":"2026-04-21T00:27:29","modified_gmt":"2026-04-21T00:27:29","slug":"dr-oetker-dzemfix-super-31-25-g","status":"publish","type":"product","link":"https:\/\/singuli.wpress.me\/index.php\/proizvod\/dr-oetker-dzemfix-super-31-25-g\/","title":{"rendered":"DR. OETKER, d\u017eemfix, super 3:1 , 25\u00a0g"},"content":{"rendered":"<p>S Dr. Oetker D\u017eemfixom Super 3:1 marmelade, d\u017eemovi i \u017eelei \u0107e biti super vo\u0107ni jer je za 1.000 g pripremljenog vo\u0107a odnosno 900 ml soka potrebno samo 350 g \u0161e\u0107era. S D\u017eemfixom Super 3:1 pored mogu\u0107nosti odabira \u0161e\u0107era imate i mogu\u0107nost odabira vrste \u0161e\u0107era: prema \u017eelji mo\u017eete koristiti i Rohrzucker ili sme\u0111i \u0161e\u0107er koji \u0107e Va\u0161em d\u017eemu dati blago karameliziranu notu.<\/p>\n","protected":false},"excerpt":{"rendered":"<p>Za 1250 g vo\u0107a i 350 g \u0161e\u0107era<br \/>\nZa pripremu marmelada, d\u017eemova i \u017eelea<br \/>\nZa karameliziran okus koristite sme\u0111i \u0161e\u0107er<\/p>\n","protected":false},"featured_media":45328,"template":"","meta":{"_seopress_robots_primary_cat":"","_seopress_titles_title":"","_seopress_titles_desc":"","_seopress_robots_index":"","iawp_total_views":0},"product_brand":[328],"product_cat":[261,299],"product_tag":[],"class_list":{"0":"post-45327","1":"product","2":"type-product","3":"status-publish","4":"has-post-thumbnail","6":"product_brand-dr-oetker","7":"product_cat-hrana-i-pice","8":"product_cat-konzervirana-i-gotova-hrana-261","10":"first","11":"instock","12":"shipping-taxable","13":"purchasable","14":"product-type-simple"},"_links":{"self":[{"href":"https:\/\/singuli.wpress.me\/index.php\/wp-json\/wp\/v2\/product\/45327","targetHints":{"allow":["GET"]}}],"collection":[{"href":"https:\/\/singuli.wpress.me\/index.php\/wp-json\/wp\/v2\/product"}],"about":[{"href":"https:\/\/singuli.wpress.me\/index.php\/wp-json\/wp\/v2\/types\/product"}],"version-history":[{"count":0,"href":"https:\/\/singuli.wpress.me\/index.php\/wp-json\/wp\/v2\/product\/45327\/revisions"}],"wp:featuredmedia":[{"embeddable":true,"href":"https:\/\/singuli.wpress.me\/index.php\/wp-json\/wp\/v2\/media\/45328"}],"wp:attachment":[{"href":"https:\/\/singuli.wpress.me\/index.php\/wp-json\/wp\/v2\/media?parent=45327"}],"wp:term":[{"taxonomy":"product_brand","embeddable":true,"href":"https:\/\/singuli.wpress.me\/index.php\/wp-json\/wp\/v2\/product_brand?post=45327"},{"taxonomy":"product_cat","embeddable":true,"href":"https:\/\/singuli.wpress.me\/index.php\/wp-json\/wp\/v2\/product_cat?post=45327"},{"taxonomy":"product_tag","embeddable":true,"href":"https:\/\/singuli.wpress.me\/index.php\/wp-json\/wp\/v2\/product_tag?post=45327"}],"curies":[{"name":"wp","href":"https:\/\/api.w.org\/{rel}","templated":true}]}}