{"id":45334,"date":"2026-04-20T12:39:58","date_gmt":"2026-04-20T12:39:58","guid":{"rendered":"https:\/\/singuli.wpress.me\/index.php\/proizvod\/domo-do9222w-xl-aparat-za-vafle\/"},"modified":"2026-04-21T00:27:29","modified_gmt":"2026-04-21T00:27:29","slug":"domo-do9222w-xl-aparat-za-vafle","status":"publish","type":"product","link":"https:\/\/singuli.wpress.me\/index.php\/proizvod\/domo-do9222w-xl-aparat-za-vafle\/","title":{"rendered":"DOMO DO9222W  XL, aparat za vafle"},"content":{"rendered":"<p>Aparat za vafle s karakteristikama: <br \/>\n&#8211; Za 2 vafla: 4 x 7<br \/>\n&#8211; Napredna struktura plo\u010de za vafle (22,4 x 19,5 cm): bolja raspodjela tijesta za savr\u0161eno ujedna\u010den rezultat pe\u010denja svaki put<br \/>\n&#8211; Visokokvalitetni neljepljivi premaz<br \/>\n&#8211; Podesiva temperatura<br \/>\n&#8211; Indikatorska svjetla napajanja i spremnosti<br \/>\n&#8211; Vertikalno skladi\u0161tenje<br \/>\n&#8211; Spremi\u0161te za kabel<br \/>\n&#8211; No\u017eice protiv proklizavanja<br \/>\n&#8211; Dimenzije: 30,2 x 24,3 x 11,8 cm<br \/>\n&#8211; Snaga: 900W<\/p>\n","protected":false},"excerpt":{"rendered":"<p>Premaz protiv lijepljenja<br \/>\nMo\u017ee se pohraniti uspravno, \u0161to \u0161tedi prostor<br \/>\nNoge protiv klizanja i spremi\u0161te za kabele<\/p>\n","protected":false},"featured_media":45335,"template":"","meta":{"_seopress_robots_primary_cat":"","_seopress_titles_title":"","_seopress_titles_desc":"","_seopress_robots_index":"","iawp_total_views":0},"product_brand":[255],"product_cat":[266,265,160],"product_tag":[],"class_list":{"0":"post-45334","1":"product","2":"type-product","3":"status-publish","4":"has-post-thumbnail","6":"product_brand-domo","7":"product_cat-aparati-za-kuhanje-265","8":"product_cat-kuhinjski-aparati-160","9":"product_cat-mali-kucanski-aparati","11":"first","12":"outofstock","13":"shipping-taxable","14":"purchasable","15":"product-type-simple"},"_links":{"self":[{"href":"https:\/\/singuli.wpress.me\/index.php\/wp-json\/wp\/v2\/product\/45334","targetHints":{"allow":["GET"]}}],"collection":[{"href":"https:\/\/singuli.wpress.me\/index.php\/wp-json\/wp\/v2\/product"}],"about":[{"href":"https:\/\/singuli.wpress.me\/index.php\/wp-json\/wp\/v2\/types\/product"}],"version-history":[{"count":0,"href":"https:\/\/singuli.wpress.me\/index.php\/wp-json\/wp\/v2\/product\/45334\/revisions"}],"wp:featuredmedia":[{"embeddable":true,"href":"https:\/\/singuli.wpress.me\/index.php\/wp-json\/wp\/v2\/media\/45335"}],"wp:attachment":[{"href":"https:\/\/singuli.wpress.me\/index.php\/wp-json\/wp\/v2\/media?parent=45334"}],"wp:term":[{"taxonomy":"product_brand","embeddable":true,"href":"https:\/\/singuli.wpress.me\/index.php\/wp-json\/wp\/v2\/product_brand?post=45334"},{"taxonomy":"product_cat","embeddable":true,"href":"https:\/\/singuli.wpress.me\/index.php\/wp-json\/wp\/v2\/product_cat?post=45334"},{"taxonomy":"product_tag","embeddable":true,"href":"https:\/\/singuli.wpress.me\/index.php\/wp-json\/wp\/v2\/product_tag?post=45334"}],"curies":[{"name":"wp","href":"https:\/\/api.w.org\/{rel}","templated":true}]}}