{"id":45345,"date":"2026-04-20T12:40:01","date_gmt":"2026-04-20T12:40:01","guid":{"rendered":"https:\/\/singuli.wpress.me\/index.php\/proizvod\/telemach-start-paket-net2go\/"},"modified":"2026-04-21T00:27:29","modified_gmt":"2026-04-21T00:27:29","slug":"telemach-start-paket-net2go","status":"publish","type":"product","link":"https:\/\/singuli.wpress.me\/index.php\/proizvod\/telemach-start-paket-net2go\/","title":{"rendered":"TELEMACH, start paket, Net2Go"},"content":{"rendered":"<p>SIM kartica za kori\u0161tenje mobilnog interneta do 20 GB tijekom 30 dana.<\/p>\n<p><span style=\"font-weight: bold\">Uklju\u010deno:<\/span><br \/>\n20 GB<br \/>\nTrajanje 30 dana<br \/>\nkoristiti na bilo kojoj lokaciji unutar RH<\/p>\n<p>Korisnik treba samo\u00a0staviti SIM u router, tablet ili neki drugi ure\u0111aj i\u00a0zapo\u010deti surfanje. Ne treba kupovati bon te sam aktivirati paket, mi smo to ve\u0107 napravili za njega.<\/p>\n<p>Kad korisnik potro\u0161i dodijeljene gigabajte ili mu pro\u0111e 30 dana, mo\u017ee bonom od 65 kn jo\u0161 jednom kupiti 20 GB.<\/p>\n<p>Jedinstvena SIM kartica za mobilni internet na HR tr\u017ei\u0161tu!<\/p>\n","protected":false},"excerpt":{"rendered":"<p>20 GB<br \/>\nTrajanje 30 dana<br \/>\nKori\u0161tenje unutar RH<\/p>\n","protected":false},"featured_media":45346,"template":"","meta":{"_seopress_robots_primary_cat":"","_seopress_titles_title":"","_seopress_titles_desc":"","_seopress_robots_index":"","iawp_total_views":0},"product_brand":[476],"product_cat":[274,238],"product_tag":[],"class_list":{"0":"post-45345","1":"product","2":"type-product","3":"status-publish","4":"has-post-thumbnail","6":"product_brand-telemach","7":"product_cat-kucanski-pribor-238","8":"product_cat-sve-za-dom","10":"first","11":"instock","12":"shipping-taxable","13":"purchasable","14":"product-type-simple"},"_links":{"self":[{"href":"https:\/\/singuli.wpress.me\/index.php\/wp-json\/wp\/v2\/product\/45345","targetHints":{"allow":["GET"]}}],"collection":[{"href":"https:\/\/singuli.wpress.me\/index.php\/wp-json\/wp\/v2\/product"}],"about":[{"href":"https:\/\/singuli.wpress.me\/index.php\/wp-json\/wp\/v2\/types\/product"}],"version-history":[{"count":0,"href":"https:\/\/singuli.wpress.me\/index.php\/wp-json\/wp\/v2\/product\/45345\/revisions"}],"wp:featuredmedia":[{"embeddable":true,"href":"https:\/\/singuli.wpress.me\/index.php\/wp-json\/wp\/v2\/media\/45346"}],"wp:attachment":[{"href":"https:\/\/singuli.wpress.me\/index.php\/wp-json\/wp\/v2\/media?parent=45345"}],"wp:term":[{"taxonomy":"product_brand","embeddable":true,"href":"https:\/\/singuli.wpress.me\/index.php\/wp-json\/wp\/v2\/product_brand?post=45345"},{"taxonomy":"product_cat","embeddable":true,"href":"https:\/\/singuli.wpress.me\/index.php\/wp-json\/wp\/v2\/product_cat?post=45345"},{"taxonomy":"product_tag","embeddable":true,"href":"https:\/\/singuli.wpress.me\/index.php\/wp-json\/wp\/v2\/product_tag?post=45345"}],"curies":[{"name":"wp","href":"https:\/\/api.w.org\/{rel}","templated":true}]}}