{"id":45354,"date":"2026-04-20T12:40:03","date_gmt":"2026-04-20T12:40:03","guid":{"rendered":"https:\/\/singuli.wpress.me\/index.php\/proizvod\/heinz-ketchup-od-rajcice-ljuti-342-g\/"},"modified":"2026-04-21T00:27:30","modified_gmt":"2026-04-21T00:27:30","slug":"heinz-ketchup-od-rajcice-ljuti-342-g","status":"publish","type":"product","link":"https:\/\/singuli.wpress.me\/index.php\/proizvod\/heinz-ketchup-od-rajcice-ljuti-342-g\/","title":{"rendered":"HEINZ, ketchup od raj\u010dice, ljuti, 342\u00a0g"},"content":{"rendered":"<p>Heinz ljuti ketchup je <span style=\"font-weight: bold\">popularan proizvod koji se koristi \u0161irom svijeta<\/span>. Heinz je poznati brend koji proizvodi razne prehrambene proizvode, a ketchup je jedan od njih.<\/p>\n<p>Heinz ljuti ketchup je <span style=\"font-weight: bold\">specifi\u010dan po svom pikantnom okusu<\/span>. Izra\u0111en od pa\u017eljivo odabranih raj\u010dica, kojima se dodaju za\u010dinske biljke i za\u010dini koji mu daju ljutinu. Ovaj ketchup nudi kombinaciju slatko\u0107e i ljutine, \u0161to ga \u010dini pogodnim za ljubitelje za\u010dinjene hrane.<\/p>\n<p>Ketchup je <span style=\"font-weight: bold\">odli\u010dan dodatak jelima<\/span> kojima \u017eelite dodati malo ljutine i intenziteta. Odli\u010dno se sla\u017ee s hamburgerima, sendvi\u010dima, mesnim jelima, grilanim povr\u0107em i mnogim drugim jelima. Njegov pikantan okus daje poseban \u0161arm jelima i mo\u017ee se koristiti kao sastojak u umacima, marinadama i drugim receptima koji zahtijevaju za\u010dinjeni dodatak.<\/p>\n<p>Heinz ljuti ketchup dolazi u prakti\u010dnim plasti\u010dnim bocama koje su jednostavne za kori\u0161tenje i \u010duvanje. Bocu je lako stisnuti kako bi se dobila \u017eeljena koli\u010dina ke\u010dapa, a \u010dep omogu\u0107ava jednostavno zatvaranje i \u010duvanje proizvoda.<\/p>\n<p>Kao i ostali proizvodi Heinz, ke\u010dap Hot se proizvodi s visokim standardima kvalitete i sigurnosti hrane. Brend Heinz je poznat po svom dugogodi\u0161njem iskustvu i predanosti u proizvodnji vrhunskih prehrambenih proizvoda.<\/p>\n","protected":false},"excerpt":{"rendered":"<p>Specifi\u010dan po svom pikantnom okusu<br \/>\nIzra\u0111en od pa\u017eljivo odabranih sastojaka<br \/>\nProizvodi se s visokim standardima kvalitete i sigurnosti hrane<\/p>\n","protected":false},"featured_media":45355,"template":"","meta":{"_seopress_robots_primary_cat":"","_seopress_titles_title":"","_seopress_titles_desc":"","_seopress_robots_index":"","iawp_total_views":0},"product_brand":[395],"product_cat":[266,265,160],"product_tag":[],"class_list":{"0":"post-45354","1":"product","2":"type-product","3":"status-publish","4":"has-post-thumbnail","6":"product_brand-heinz","7":"product_cat-aparati-za-kuhanje-265","8":"product_cat-kuhinjski-aparati-160","9":"product_cat-mali-kucanski-aparati","11":"first","12":"outofstock","13":"shipping-taxable","14":"purchasable","15":"product-type-simple"},"_links":{"self":[{"href":"https:\/\/singuli.wpress.me\/index.php\/wp-json\/wp\/v2\/product\/45354","targetHints":{"allow":["GET"]}}],"collection":[{"href":"https:\/\/singuli.wpress.me\/index.php\/wp-json\/wp\/v2\/product"}],"about":[{"href":"https:\/\/singuli.wpress.me\/index.php\/wp-json\/wp\/v2\/types\/product"}],"version-history":[{"count":0,"href":"https:\/\/singuli.wpress.me\/index.php\/wp-json\/wp\/v2\/product\/45354\/revisions"}],"wp:featuredmedia":[{"embeddable":true,"href":"https:\/\/singuli.wpress.me\/index.php\/wp-json\/wp\/v2\/media\/45355"}],"wp:attachment":[{"href":"https:\/\/singuli.wpress.me\/index.php\/wp-json\/wp\/v2\/media?parent=45354"}],"wp:term":[{"taxonomy":"product_brand","embeddable":true,"href":"https:\/\/singuli.wpress.me\/index.php\/wp-json\/wp\/v2\/product_brand?post=45354"},{"taxonomy":"product_cat","embeddable":true,"href":"https:\/\/singuli.wpress.me\/index.php\/wp-json\/wp\/v2\/product_cat?post=45354"},{"taxonomy":"product_tag","embeddable":true,"href":"https:\/\/singuli.wpress.me\/index.php\/wp-json\/wp\/v2\/product_tag?post=45354"}],"curies":[{"name":"wp","href":"https:\/\/api.w.org\/{rel}","templated":true}]}}