{"id":45356,"date":"2026-04-20T12:40:03","date_gmt":"2026-04-20T12:40:03","guid":{"rendered":"https:\/\/singuli.wpress.me\/index.php\/proizvod\/dr-oetker-krema-za-torte-vanilija-45-g\/"},"modified":"2026-04-21T00:27:30","modified_gmt":"2026-04-21T00:27:30","slug":"dr-oetker-krema-za-torte-vanilija-45-g","status":"publish","type":"product","link":"https:\/\/singuli.wpress.me\/index.php\/proizvod\/dr-oetker-krema-za-torte-vanilija-45-g\/","title":{"rendered":"DR. OETKER, krema za torte, vanilija , 45\u00a0g"},"content":{"rendered":"<p>Dr. Oetker Krema za torte s omiljenim okusom vanilije brzo i jednostavno se priprema. Prakti\u010dna je jer se mo\u017ee \u010duvati kod ku\u0107e u zalihi, a priprema se samo dodavanjem\u00a0 hladnog mlijeka. Dr. Oetker Kremu za torte s okusom vanilije mo\u017eete koristiti kao nadjev ili kao ukras torti, kola\u010da, princes krafni i sli\u010dnih slastica.<\/p>\n","protected":false},"excerpt":{"rendered":"<p>Brzo i jednostavno se priprema<br \/>\nMo\u017ee se \u010duvati kod ku\u0107e u zalihi<br \/>\nMo\u017ee se koristiti kao nadjev ili kao ukras torti<\/p>\n","protected":false},"featured_media":45357,"template":"","meta":{"_seopress_robots_primary_cat":"","_seopress_titles_title":"","_seopress_titles_desc":"","_seopress_robots_index":"","iawp_total_views":0},"product_brand":[328],"product_cat":[261,270],"product_tag":[],"class_list":{"0":"post-45356","1":"product","2":"type-product","3":"status-publish","4":"has-post-thumbnail","6":"product_brand-dr-oetker","7":"product_cat-hrana-i-pice","8":"product_cat-slasticarstvo-261","10":"first","11":"outofstock","12":"shipping-taxable","13":"purchasable","14":"product-type-simple"},"_links":{"self":[{"href":"https:\/\/singuli.wpress.me\/index.php\/wp-json\/wp\/v2\/product\/45356","targetHints":{"allow":["GET"]}}],"collection":[{"href":"https:\/\/singuli.wpress.me\/index.php\/wp-json\/wp\/v2\/product"}],"about":[{"href":"https:\/\/singuli.wpress.me\/index.php\/wp-json\/wp\/v2\/types\/product"}],"version-history":[{"count":0,"href":"https:\/\/singuli.wpress.me\/index.php\/wp-json\/wp\/v2\/product\/45356\/revisions"}],"wp:featuredmedia":[{"embeddable":true,"href":"https:\/\/singuli.wpress.me\/index.php\/wp-json\/wp\/v2\/media\/45357"}],"wp:attachment":[{"href":"https:\/\/singuli.wpress.me\/index.php\/wp-json\/wp\/v2\/media?parent=45356"}],"wp:term":[{"taxonomy":"product_brand","embeddable":true,"href":"https:\/\/singuli.wpress.me\/index.php\/wp-json\/wp\/v2\/product_brand?post=45356"},{"taxonomy":"product_cat","embeddable":true,"href":"https:\/\/singuli.wpress.me\/index.php\/wp-json\/wp\/v2\/product_cat?post=45356"},{"taxonomy":"product_tag","embeddable":true,"href":"https:\/\/singuli.wpress.me\/index.php\/wp-json\/wp\/v2\/product_tag?post=45356"}],"curies":[{"name":"wp","href":"https:\/\/api.w.org\/{rel}","templated":true}]}}