{"id":45390,"date":"2026-04-20T12:40:22","date_gmt":"2026-04-20T12:40:22","guid":{"rendered":"https:\/\/singuli.wpress.me\/index.php\/proizvod\/old-spice-wolfthorn-poklon-paket-gel-za-tusiranje-250ml-stick-50ml\/"},"modified":"2026-04-20T12:40:22","modified_gmt":"2026-04-20T12:40:22","slug":"old-spice-wolfthorn-poklon-paket-gel-za-tusiranje-250ml-stick-50ml","status":"publish","type":"product","link":"https:\/\/singuli.wpress.me\/index.php\/proizvod\/old-spice-wolfthorn-poklon-paket-gel-za-tusiranje-250ml-stick-50ml\/","title":{"rendered":"OLD SPICE Wolfthorn, poklon paket, gel za tu\u0161iranje 250ml + stick 50ml"},"content":{"rendered":"<p>Miri\u0161i kao mu\u0161karac, \u010dovje\u010de! Nanesi Old Spice Wolfthorn jer s njim miri\u0161e\u0161 kao vuk, kad bi vuk mogao mirisati kao zgodan mu\u0161karac. Old Spice Wolfthorn stvoren je za frajere koji se ne boje vlastite mu\u017eevnosti. Njegov izuzetno svje\u017e miris pomo\u0107i \u0107e ti da se rije\u0161i\u0161 neugodnih tjelesnih mirisa i pratit \u0107e te cijelog dana (ili no\u0107i). Pa \u0107e\u0161 dobro mirisati i sebi i drugima. \u0160to \u010deka\u0161? Zgrabi ovaj stik i miri\u0161i poput no\u0107ne zvjerke.<\/p>\n","protected":false},"excerpt":{"rendered":"<p>Miri\u0161i kao mu\u0161karac, \u010dovje\u010de! Nanesi Old Spice Wolfthorn jer s njim miri\u0161e\u0161 kao vuk, kad bi vuk mogao mirisati kao<\/p>\n","protected":false},"featured_media":45391,"template":"","meta":{"_seopress_robots_primary_cat":"","_seopress_titles_title":"","_seopress_titles_desc":"","_seopress_robots_index":"","iawp_total_views":0},"product_brand":[448],"product_cat":[261,277],"product_tag":[],"class_list":{"0":"post-45390","1":"product","2":"type-product","3":"status-publish","4":"has-post-thumbnail","6":"product_brand-old-spice","7":"product_cat-hrana-i-pice","8":"product_cat-slatkisi-i-grickalice-261","10":"first","11":"outofstock","12":"shipping-taxable","13":"purchasable","14":"product-type-simple"},"_links":{"self":[{"href":"https:\/\/singuli.wpress.me\/index.php\/wp-json\/wp\/v2\/product\/45390","targetHints":{"allow":["GET"]}}],"collection":[{"href":"https:\/\/singuli.wpress.me\/index.php\/wp-json\/wp\/v2\/product"}],"about":[{"href":"https:\/\/singuli.wpress.me\/index.php\/wp-json\/wp\/v2\/types\/product"}],"version-history":[{"count":0,"href":"https:\/\/singuli.wpress.me\/index.php\/wp-json\/wp\/v2\/product\/45390\/revisions"}],"wp:featuredmedia":[{"embeddable":true,"href":"https:\/\/singuli.wpress.me\/index.php\/wp-json\/wp\/v2\/media\/45391"}],"wp:attachment":[{"href":"https:\/\/singuli.wpress.me\/index.php\/wp-json\/wp\/v2\/media?parent=45390"}],"wp:term":[{"taxonomy":"product_brand","embeddable":true,"href":"https:\/\/singuli.wpress.me\/index.php\/wp-json\/wp\/v2\/product_brand?post=45390"},{"taxonomy":"product_cat","embeddable":true,"href":"https:\/\/singuli.wpress.me\/index.php\/wp-json\/wp\/v2\/product_cat?post=45390"},{"taxonomy":"product_tag","embeddable":true,"href":"https:\/\/singuli.wpress.me\/index.php\/wp-json\/wp\/v2\/product_tag?post=45390"}],"curies":[{"name":"wp","href":"https:\/\/api.w.org\/{rel}","templated":true}]}}