{"id":45415,"date":"2026-04-20T12:40:30","date_gmt":"2026-04-20T12:40:30","guid":{"rendered":"https:\/\/singuli.wpress.me\/index.php\/proizvod\/oral-b-genius-x-white-box-elektricna-cetkica-za-zube\/"},"modified":"2026-04-20T12:40:30","modified_gmt":"2026-04-20T12:40:30","slug":"oral-b-genius-x-white-box-elektricna-cetkica-za-zube","status":"publish","type":"product","link":"https:\/\/singuli.wpress.me\/index.php\/proizvod\/oral-b-genius-x-white-box-elektricna-cetkica-za-zube\/","title":{"rendered":"ORAL-B Genius X White Box, elektri\u010dna \u010detkica za zube"},"content":{"rendered":"<p><span style=\"font-weight: bold\">Zubna \u010detkica Oral-B Genius X 20000N<\/span> opremljena je senzorima pokreta, a pokre\u0107e je umjetna inteligencija kako bi prepoznala va\u0161 stil \u010detkanja i vodila vas prema najboljim rezultatima svaki dan.<\/p>\n<p>Sada je jo\u0161 lak\u0161e prati zube u skladu s preporukama stomatologa za nadmo\u0107nu \u010disto\u0107u i zdravije desni. Ova izuzetno napredna zubna \u010detkica \u0161titi va\u0161e nje\u017ene desni i poma\u017ee u spre\u010davanju budu\u0107ih problema: kombinacija revolucionarne nove tehnologije za za\u0161titu desni Gum Guard, sustava 360 SmartRing i kontrole pritiska upozorava vas i smanjuje brzinu kad \u010detkate presna\u017eno te vam javlja na kojim mjestima to radite, omogu\u0107uju\u0107i tako nje\u017enije pranje zubi.<\/p>\n<p>Na kraju, ali ne i najmanje va\u017eno, dolazi s litij-ionskom baterijom koja traje vi\u0161e od 2 tjedna s 1 potpunim punjenjem. Uz Oral-B Genius X 20000N ne mo\u017eete pogrije\u0161iti prilikom pranja zubi. Nije stoga ni \u010dudo \u0161to je Oral-B marka zubnih \u010detkica br. 1 koju preporu\u010duje najvi\u0161e stomatologa diljem svijeta.<\/p>\n<p>&#8211; Umjetna inteligencija prepoznaje va\u0161 stil \u010detkanja i vodi vas prema najboljim rezultatima svaki dan<br \/>\n&#8211; \u0160titi va\u0161e desni: kontrola pritiska na desni automatski usporava brzinu \u010detkanja i daje vizualno upozorenje<br \/>\n&#8211; Glava \u010detkice Oral-B CrossAction ima savr\u0161eno nako\u0161ena vlakna kako bi mogla pru\u017eiti temeljito \u010di\u0161\u0107enje<br \/>\n&#8211; 6 na\u010dina rada uklju\u010duju\u0107i Gum Care (njega desni), Sensitive (nje\u017eno), Whitening (izbjeljivanje) i Tongue Cleaning (\u010di\u0161\u0107enje jezika)<br \/>\n&#8211; Vrhunski putni etui istodobno puni \u010detkicu i telefon<br \/>\n&#8211; Dva tjedna pranja zubi do novog punjenja litij-ionske baterije<br \/>\n&#8211; Sadr\u017eaj: 1 bijela dr\u0161ka, 1 glava zubne \u010detkice, litij-ionska baterija, 1 pametni putni etui<\/p>\n","protected":false},"excerpt":{"rendered":"<p>Marka br. 1 koju preporu\u010duju stomatolozi diljem svijeta<br \/>\nUmjetna inteligencija prepoznaje va\u0161 stil \u010detkanja<br \/>\n6 na\u010dina rada<\/p>\n","protected":false},"featured_media":45416,"template":"","meta":{"_seopress_robots_primary_cat":"","_seopress_titles_title":"","_seopress_titles_desc":"","_seopress_robots_index":"","iawp_total_views":0},"product_brand":[423],"product_cat":[293,192,292],"product_tag":[],"class_list":{"0":"post-45415","1":"product","2":"type-product","3":"status-publish","4":"has-post-thumbnail","6":"product_brand-oral-b-2","7":"product_cat-aparati-za-djecu-i-odrasle-292","8":"product_cat-aparati-za-osobnu-njegu","9":"product_cat-oralna-higijena-uredaji-192","11":"first","12":"outofstock","13":"shipping-taxable","14":"purchasable","15":"product-type-simple"},"_links":{"self":[{"href":"https:\/\/singuli.wpress.me\/index.php\/wp-json\/wp\/v2\/product\/45415","targetHints":{"allow":["GET"]}}],"collection":[{"href":"https:\/\/singuli.wpress.me\/index.php\/wp-json\/wp\/v2\/product"}],"about":[{"href":"https:\/\/singuli.wpress.me\/index.php\/wp-json\/wp\/v2\/types\/product"}],"version-history":[{"count":0,"href":"https:\/\/singuli.wpress.me\/index.php\/wp-json\/wp\/v2\/product\/45415\/revisions"}],"wp:featuredmedia":[{"embeddable":true,"href":"https:\/\/singuli.wpress.me\/index.php\/wp-json\/wp\/v2\/media\/45416"}],"wp:attachment":[{"href":"https:\/\/singuli.wpress.me\/index.php\/wp-json\/wp\/v2\/media?parent=45415"}],"wp:term":[{"taxonomy":"product_brand","embeddable":true,"href":"https:\/\/singuli.wpress.me\/index.php\/wp-json\/wp\/v2\/product_brand?post=45415"},{"taxonomy":"product_cat","embeddable":true,"href":"https:\/\/singuli.wpress.me\/index.php\/wp-json\/wp\/v2\/product_cat?post=45415"},{"taxonomy":"product_tag","embeddable":true,"href":"https:\/\/singuli.wpress.me\/index.php\/wp-json\/wp\/v2\/product_tag?post=45415"}],"curies":[{"name":"wp","href":"https:\/\/api.w.org\/{rel}","templated":true}]}}