{"id":45419,"date":"2026-04-20T12:40:35","date_gmt":"2026-04-20T12:40:35","guid":{"rendered":"https:\/\/singuli.wpress.me\/index.php\/proizvod\/medex-kolagen-u-prahu-s-vitaminom-c-150-g\/"},"modified":"2026-04-20T12:40:35","modified_gmt":"2026-04-20T12:40:35","slug":"medex-kolagen-u-prahu-s-vitaminom-c-150-g","status":"publish","type":"product","link":"https:\/\/singuli.wpress.me\/index.php\/proizvod\/medex-kolagen-u-prahu-s-vitaminom-c-150-g\/","title":{"rendered":"MEDEX, kolagen u prahu s vitaminom C, 150\u00a0g"},"content":{"rendered":"<p><span style=\"font-weight: bold\">\u017delite oja\u010dati kosu, vratiti joj bujnost i sjaj?<\/span> Tra\u017eite rje\u0161enje za lomljive i lomljive nokte? Po\u010dnite uzimati Kolagen s vitaminom C u prahu znamke Medex!<\/p>\n<p>Radi se o hidroliziranom kolagenu, koji sadr\u017ei protein sli\u010dan onom u ljudskom tijelu, te vitamin C. Otopljeni kolagen i vitamin C u prahu odr\u017eava va\u0161u ko\u017eu glatkom, kosu bujnom, a nokte \u010dvrstim.<\/p>\n<p><span style=\"font-weight: bold\">Sastojci:<\/span> hidrolizirani kolagen, vitamin C<\/p>\n<p><span style=\"font-weight: bold\">Dodatak prehrani Kolagen s vitaminom C u prahu:<\/span><br \/>\n&#8211; za lijepu kosu, nokte i ko\u017eu<br \/>\n&#8211; s visokim sadr\u017eajem proteina<br \/>\n&#8211; s vitaminom C, koji doprinosi nastanku kolagena za normalno funkcioniranje ko\u017ee<\/p>\n<p><span style=\"font-weight: bold\">\u0160to je kolagen?<\/span><br \/>\nKolagen je najzastupljeniji protein, jer predstavlja \u010dak 30% svih proteina u na\u0161em tijelu. Va\u017ean je gradivni element zglobne hrskavice, ko\u017ee, noktiju i kose. Nalazi se u dubljim slojevima ko\u017ee (70% u dermisu), noktima, kosi, kostima, tetivama, hrskavici.<\/p>\n<p>Nakon 20. godine usporava se proces stvaranja kolagena u tijelu, \u0161to utje\u010de na krhkost noktiju, stanjivanje kose i njihovo sporije obnavljanje. Starenjem tijelo gubi kolagen, \u0161to se prvo primijeti na ko\u017ei koja postaje suha, hrapava, smanjuje se njena gipkost, stvaraju se neugledne bore. Starenje ko\u017ee rezultat je biolo\u0161kog starenja stanica ko\u017ee i dugoro\u010dnih negativnih utjecaja iz okoli\u0161a, posebno izlo\u017eenosti UV zrakama te stresa.<\/p>\n<p><span style=\"font-weight: bold\">\u0160to je hidrolizirani kolagen?<\/span><br \/>\nHidrolizirani kolagen je bioaktivni protein koji se dobro apsorbira u organizam.<\/p>\n<p><span style=\"font-weight: bold\">Na\u010din primjene:<\/span><br \/>\nPreporu\u010denu dnevnu koli\u010dinu (10 g) umije\u0161ajte u jogurt, sok, vodu ili drugo pi\u0107e i pri\u010dekajte da se dobro otopi. Tako se kolagen najbr\u017ee apsorbira u organizam. Preporu\u010duje se svakodnevno uzimanje najmanje 3 mjeseca.<\/p>\n<p><span style=\"font-weight: bold\">Koli\u010dine u dnevnoj dozi: <\/span>Preporu\u010dena dnevna koli\u010dina (10 g): Hidrolizirani kolagen 10g, Vitamin C 24 mg (30% NRV*)<br \/>\n<span style=\"font-weight: bold\"><br \/>\nPosebne mjere opreza:<br \/>\n<\/span>Preporu\u010dene dnevne doze ne smiju se prekora\u010diti. Dodatak prehrani nije nadomjestak ili zamjena uravnote\u017eenoj prehrani. \u010cuvati od dohvata male djece!<br \/>\nAko do\u0111e do znakova preosjetljivosti, prestanite uzimate proizvod. \u010cuvati na tamnom i suhom mjestu pri temperaturi do 25 \u00b0C. Nakon upotrebe proizvod \u010dvrsto zatvorite.<\/p>\n","protected":false},"excerpt":{"rendered":"<p>Hidroliziran kolagen koji sadr\u017ei protein sli\u010dan onom u ljudskom tijelu, te vitamin C<br \/>\nOdr\u017eava va\u0161u ko\u017eu glatkom, kosu bujnom, a nokte \u010dvrstim<br \/>\nHidrolizirani kolagen je bioaktivni protein koji se dobro apsorbira u organizam<\/p>\n","protected":false},"featured_media":45420,"template":"","meta":{"_seopress_robots_primary_cat":"","_seopress_titles_title":"","_seopress_titles_desc":"","_seopress_robots_index":"","iawp_total_views":0},"product_brand":[415],"product_cat":[268,278],"product_tag":[],"class_list":{"0":"post-45419","1":"product","2":"type-product","3":"status-publish","4":"has-post-thumbnail","6":"product_brand-medex","7":"product_cat-kozmetika-2","8":"product_cat-njega-tijela-268","10":"first","11":"instock","12":"shipping-taxable","13":"purchasable","14":"product-type-simple"},"_links":{"self":[{"href":"https:\/\/singuli.wpress.me\/index.php\/wp-json\/wp\/v2\/product\/45419","targetHints":{"allow":["GET"]}}],"collection":[{"href":"https:\/\/singuli.wpress.me\/index.php\/wp-json\/wp\/v2\/product"}],"about":[{"href":"https:\/\/singuli.wpress.me\/index.php\/wp-json\/wp\/v2\/types\/product"}],"version-history":[{"count":0,"href":"https:\/\/singuli.wpress.me\/index.php\/wp-json\/wp\/v2\/product\/45419\/revisions"}],"wp:featuredmedia":[{"embeddable":true,"href":"https:\/\/singuli.wpress.me\/index.php\/wp-json\/wp\/v2\/media\/45420"}],"wp:attachment":[{"href":"https:\/\/singuli.wpress.me\/index.php\/wp-json\/wp\/v2\/media?parent=45419"}],"wp:term":[{"taxonomy":"product_brand","embeddable":true,"href":"https:\/\/singuli.wpress.me\/index.php\/wp-json\/wp\/v2\/product_brand?post=45419"},{"taxonomy":"product_cat","embeddable":true,"href":"https:\/\/singuli.wpress.me\/index.php\/wp-json\/wp\/v2\/product_cat?post=45419"},{"taxonomy":"product_tag","embeddable":true,"href":"https:\/\/singuli.wpress.me\/index.php\/wp-json\/wp\/v2\/product_tag?post=45419"}],"curies":[{"name":"wp","href":"https:\/\/api.w.org\/{rel}","templated":true}]}}