{"id":45523,"date":"2026-04-20T12:41:15","date_gmt":"2026-04-20T12:41:15","guid":{"rendered":"https:\/\/singuli.wpress.me\/index.php\/proizvod\/matchbox-autic-2\/"},"modified":"2026-04-20T12:41:15","modified_gmt":"2026-04-20T12:41:15","slug":"matchbox-autic-2","status":"publish","type":"product","link":"https:\/\/singuli.wpress.me\/index.php\/proizvod\/matchbox-autic-2\/","title":{"rendered":"MATCHBOX, auti\u0107"},"content":{"rendered":"<p>Mladi i stari voljet \u0107e ovu kompletnu ponudu auti\u0107a Matchbox. S realisti\u010dnim detaljima, autenti\u010dnim ukrasima i pravim kota\u010dima, ove replike stvarnih vozila potaknut \u0107e djecu na pri\u010de u kojima \u0107e oni biti junaci. Birajte iz kompletnog asortimana auti\u0107a i potaknite ma\u0161tu mali\u0161ana prema njihovim \u017eeljama: urbane istra\u017eiva\u010de, svakodnevne heroje ili \u010dak avanturiste u nepoznatim zemljama. Ovaj asortiman uklju\u010duje gradske automobile, hitna vozila, gra\u0111evinske kamione i terence. Sakupite ih sve! <\/p>\n","protected":false},"excerpt":{"rendered":"<p>Brzi, jedinstveni, cool<br \/>\nDolazi u razli\u010ditim temama<br \/>\nIzvrstan poklon za djecu i kolekcionare<\/p>\n","protected":false},"featured_media":45524,"template":"","meta":{"_seopress_robots_primary_cat":"","_seopress_titles_title":"","_seopress_titles_desc":"","_seopress_robots_index":"","iawp_total_views":0},"product_brand":[909],"product_cat":[243,273],"product_tag":[],"class_list":{"0":"post-45523","1":"product","2":"type-product","3":"status-publish","4":"has-post-thumbnail","6":"product_brand-matchbox","7":"product_cat-automobili-i-motori","8":"product_cat-njega-vozila-243","10":"first","11":"instock","12":"shipping-taxable","13":"purchasable","14":"product-type-simple"},"_links":{"self":[{"href":"https:\/\/singuli.wpress.me\/index.php\/wp-json\/wp\/v2\/product\/45523","targetHints":{"allow":["GET"]}}],"collection":[{"href":"https:\/\/singuli.wpress.me\/index.php\/wp-json\/wp\/v2\/product"}],"about":[{"href":"https:\/\/singuli.wpress.me\/index.php\/wp-json\/wp\/v2\/types\/product"}],"version-history":[{"count":0,"href":"https:\/\/singuli.wpress.me\/index.php\/wp-json\/wp\/v2\/product\/45523\/revisions"}],"wp:featuredmedia":[{"embeddable":true,"href":"https:\/\/singuli.wpress.me\/index.php\/wp-json\/wp\/v2\/media\/45524"}],"wp:attachment":[{"href":"https:\/\/singuli.wpress.me\/index.php\/wp-json\/wp\/v2\/media?parent=45523"}],"wp:term":[{"taxonomy":"product_brand","embeddable":true,"href":"https:\/\/singuli.wpress.me\/index.php\/wp-json\/wp\/v2\/product_brand?post=45523"},{"taxonomy":"product_cat","embeddable":true,"href":"https:\/\/singuli.wpress.me\/index.php\/wp-json\/wp\/v2\/product_cat?post=45523"},{"taxonomy":"product_tag","embeddable":true,"href":"https:\/\/singuli.wpress.me\/index.php\/wp-json\/wp\/v2\/product_tag?post=45523"}],"curies":[{"name":"wp","href":"https:\/\/api.w.org\/{rel}","templated":true}]}}