{"id":45623,"date":"2026-04-20T12:41:55","date_gmt":"2026-04-20T12:41:55","guid":{"rendered":"https:\/\/singuli.wpress.me\/index.php\/proizvod\/domo-do519fr-friteza-4-5-l\/"},"modified":"2026-04-20T12:41:55","modified_gmt":"2026-04-20T12:41:55","slug":"domo-do519fr-friteza-4-5-l","status":"publish","type":"product","link":"https:\/\/singuli.wpress.me\/index.php\/proizvod\/domo-do519fr-friteza-4-5-l\/","title":{"rendered":"DOMO DO519FR, friteza, 4.5\u00a0l"},"content":{"rendered":"<p>Elektri\u010dna friteza Domo DO519FR mo\u017ee se koristiti za pripremu slanih ili slatkih jela za maksimalan u\u017eitak gurmana. Pr\u017eeni krumpiri\u0107i, riba ili \u010dak pohano povr\u0107e &#8211; zahvaljuju\u0107i kontroli temperature grijanja, mo\u017eete pr\u017eiti sve \u0161to volite!<br \/>\nNa upravlja\u010dkoj plo\u010di Domo DO519FR 4.5L mo\u017eete prona\u0107i prave postavke za krumpiri\u0107e, piletinu, ribu i druge grickalice. Friteza ima grija\u010d s 3 petlje, tako da se zagrijava brzo i ravnomjerno. Zahvaljuju\u0107i prozirnom prozoru, mo\u017eete paziti na svoje grickalice. Ako ih vidite kako plivaju, znajte da su spremni. Zahvaljuju\u0107i filteru za mirise, ne morate pr\u017eiti vani ili u \u0161upi. Nakon upotrebe, kabel se mo\u017ee spremiti u stra\u017enji dio friteze za pohranu.<\/p>\n","protected":false},"excerpt":{"rendered":"<p>Friteza sa hladnom zonom<br \/>\nKu\u0107i\u0161te od nehr\u0111aju\u0107eg \u010delika<br \/>\nGrija\u0107i element s 3 grija\u0107e petlje za brzo, ravnomjerno i stabilno zagrijavanje<\/p>\n","protected":false},"featured_media":45624,"template":"","meta":{"_seopress_robots_primary_cat":"","_seopress_titles_title":"","_seopress_titles_desc":"","_seopress_robots_index":"","iawp_total_views":0},"product_brand":[255],"product_cat":[266,265,160],"product_tag":[],"class_list":{"0":"post-45623","1":"product","2":"type-product","3":"status-publish","4":"has-post-thumbnail","6":"product_brand-domo","7":"product_cat-aparati-za-kuhanje-265","8":"product_cat-kuhinjski-aparati-160","9":"product_cat-mali-kucanski-aparati","11":"first","12":"outofstock","13":"shipping-taxable","14":"purchasable","15":"product-type-simple"},"_links":{"self":[{"href":"https:\/\/singuli.wpress.me\/index.php\/wp-json\/wp\/v2\/product\/45623","targetHints":{"allow":["GET"]}}],"collection":[{"href":"https:\/\/singuli.wpress.me\/index.php\/wp-json\/wp\/v2\/product"}],"about":[{"href":"https:\/\/singuli.wpress.me\/index.php\/wp-json\/wp\/v2\/types\/product"}],"version-history":[{"count":0,"href":"https:\/\/singuli.wpress.me\/index.php\/wp-json\/wp\/v2\/product\/45623\/revisions"}],"wp:featuredmedia":[{"embeddable":true,"href":"https:\/\/singuli.wpress.me\/index.php\/wp-json\/wp\/v2\/media\/45624"}],"wp:attachment":[{"href":"https:\/\/singuli.wpress.me\/index.php\/wp-json\/wp\/v2\/media?parent=45623"}],"wp:term":[{"taxonomy":"product_brand","embeddable":true,"href":"https:\/\/singuli.wpress.me\/index.php\/wp-json\/wp\/v2\/product_brand?post=45623"},{"taxonomy":"product_cat","embeddable":true,"href":"https:\/\/singuli.wpress.me\/index.php\/wp-json\/wp\/v2\/product_cat?post=45623"},{"taxonomy":"product_tag","embeddable":true,"href":"https:\/\/singuli.wpress.me\/index.php\/wp-json\/wp\/v2\/product_tag?post=45623"}],"curies":[{"name":"wp","href":"https:\/\/api.w.org\/{rel}","templated":true}]}}