{"id":45691,"date":"2026-04-20T12:42:26","date_gmt":"2026-04-20T12:42:26","guid":{"rendered":"https:\/\/singuli.wpress.me\/index.php\/proizvod\/manner-napolitanke-ljesnjak-1-26-g\/"},"modified":"2026-04-20T12:42:26","modified_gmt":"2026-04-20T12:42:26","slug":"manner-napolitanke-ljesnjak-1-26-g","status":"publish","type":"product","link":"https:\/\/singuli.wpress.me\/index.php\/proizvod\/manner-napolitanke-ljesnjak-1-26-g\/","title":{"rendered":"MANNER, napolitanke, lje\u0161njak, 1.26\u00a0g"},"content":{"rendered":"<p>Proizvodi tvrtke Manner pripremaju se pa\u017eljivo i mudro, s mi\u0161lju na potro\u0161a\u010de. Manner \u2013 uvijek i svugdje, tamo gdje ni\u010de \u017eelja za slatkim radostima! Manner svojim kreacijama stvara najsla\u0111e uspomene i spaja sladokusce i slatko- zubate \u017eene svih generacija.<\/p>\n<p>Izvorna receptura i receptura austrijske tvrtke s vi\u0161e od 100 godina tradicije u skladu je sa strogim kriterijima i na\u010delima za osiguranje kvalitete proizvoda. Bez zasi\u0107enih masti. Bez umjetnih boja i konzervansa.<\/p>\n<p>S otprilike 300 porcija u visokokvalitetnoj Manner kutiji.<\/p>\n<p>Razmazite svoje goste slasnim Manner pozdravom iz Be\u010da! Nje\u017eni Manner vafli, punjeni finom kremom od lje\u0161njaka i pravog Manner okusa, pojedina\u010dno su pakirani za svestranu upotrebu u hotelima i restoranima.<\/p>\n","protected":false},"excerpt":{"rendered":"<p>Hrskavi vafli s kremom od lje\u0161njaka<br \/>\nU paketu je 300 paketa napolitanki<br \/>\nU potro\u0161noj ambala\u017ei za konferencije, hotele, urede, gastronomiju i va\u0161e tvrtke<\/p>\n","protected":false},"featured_media":45692,"template":"","meta":{"_seopress_robots_primary_cat":"","_seopress_titles_title":"","_seopress_titles_desc":"","_seopress_robots_index":"","iawp_total_views":0},"product_brand":[810],"product_cat":[261,277],"product_tag":[],"class_list":{"0":"post-45691","1":"product","2":"type-product","3":"status-publish","4":"has-post-thumbnail","6":"product_brand-manner","7":"product_cat-hrana-i-pice","8":"product_cat-slatkisi-i-grickalice-261","10":"first","11":"instock","12":"shipping-taxable","13":"purchasable","14":"product-type-simple"},"_links":{"self":[{"href":"https:\/\/singuli.wpress.me\/index.php\/wp-json\/wp\/v2\/product\/45691","targetHints":{"allow":["GET"]}}],"collection":[{"href":"https:\/\/singuli.wpress.me\/index.php\/wp-json\/wp\/v2\/product"}],"about":[{"href":"https:\/\/singuli.wpress.me\/index.php\/wp-json\/wp\/v2\/types\/product"}],"version-history":[{"count":0,"href":"https:\/\/singuli.wpress.me\/index.php\/wp-json\/wp\/v2\/product\/45691\/revisions"}],"wp:featuredmedia":[{"embeddable":true,"href":"https:\/\/singuli.wpress.me\/index.php\/wp-json\/wp\/v2\/media\/45692"}],"wp:attachment":[{"href":"https:\/\/singuli.wpress.me\/index.php\/wp-json\/wp\/v2\/media?parent=45691"}],"wp:term":[{"taxonomy":"product_brand","embeddable":true,"href":"https:\/\/singuli.wpress.me\/index.php\/wp-json\/wp\/v2\/product_brand?post=45691"},{"taxonomy":"product_cat","embeddable":true,"href":"https:\/\/singuli.wpress.me\/index.php\/wp-json\/wp\/v2\/product_cat?post=45691"},{"taxonomy":"product_tag","embeddable":true,"href":"https:\/\/singuli.wpress.me\/index.php\/wp-json\/wp\/v2\/product_tag?post=45691"}],"curies":[{"name":"wp","href":"https:\/\/api.w.org\/{rel}","templated":true}]}}