{"id":45693,"date":"2026-04-20T12:42:27","date_gmt":"2026-04-20T12:42:27","guid":{"rendered":"https:\/\/singuli.wpress.me\/index.php\/proizvod\/fisher-price-vozilo-s-kockicama\/"},"modified":"2026-04-20T12:42:27","modified_gmt":"2026-04-20T12:42:27","slug":"fisher-price-vozilo-s-kockicama","status":"publish","type":"product","link":"https:\/\/singuli.wpress.me\/index.php\/proizvod\/fisher-price-vozilo-s-kockicama\/","title":{"rendered":"FISHER PRICE, vozilo s kockicama"},"content":{"rendered":"<p>Fisher-Price kolica s raznobojnim kockama za slaganje, razvrstavanje i razvoj osjetila. Kocke \u0161arenih boja teksturirane su brojevima, slovima i oblicima. Unutar jedne od kocki nalaze se \u0161arene perlice koje zveckaju. Kolica imaju uzicu za koju se mogu vu\u0107i. Ova igra\u010dka poma\u017ee upoznavanju va\u0161e bebe s bojama, oblicima i brojevima dok razvrstava kocke u kolicima.<br \/>\nDob: 6+ mjeseci.<\/p>\n","protected":false},"excerpt":{"rendered":"<p>Poti\u0107e razvoj osjetila<br \/>\nKockice zveckaju<br \/>\nDob: 6+ mjeseci<\/p>\n","protected":false},"featured_media":45694,"template":"","meta":{"_seopress_robots_primary_cat":"","_seopress_titles_title":"","_seopress_titles_desc":"","_seopress_robots_index":"","iawp_total_views":0},"product_brand":[458],"product_cat":[221,291],"product_tag":[],"class_list":{"0":"post-45693","1":"product","2":"type-product","3":"status-publish","4":"has-post-thumbnail","6":"product_brand-fisher-price","7":"product_cat-igracke","8":"product_cat-igracke-za-djecu-221","10":"first","11":"outofstock","12":"shipping-taxable","13":"purchasable","14":"product-type-simple"},"_links":{"self":[{"href":"https:\/\/singuli.wpress.me\/index.php\/wp-json\/wp\/v2\/product\/45693","targetHints":{"allow":["GET"]}}],"collection":[{"href":"https:\/\/singuli.wpress.me\/index.php\/wp-json\/wp\/v2\/product"}],"about":[{"href":"https:\/\/singuli.wpress.me\/index.php\/wp-json\/wp\/v2\/types\/product"}],"version-history":[{"count":0,"href":"https:\/\/singuli.wpress.me\/index.php\/wp-json\/wp\/v2\/product\/45693\/revisions"}],"wp:featuredmedia":[{"embeddable":true,"href":"https:\/\/singuli.wpress.me\/index.php\/wp-json\/wp\/v2\/media\/45694"}],"wp:attachment":[{"href":"https:\/\/singuli.wpress.me\/index.php\/wp-json\/wp\/v2\/media?parent=45693"}],"wp:term":[{"taxonomy":"product_brand","embeddable":true,"href":"https:\/\/singuli.wpress.me\/index.php\/wp-json\/wp\/v2\/product_brand?post=45693"},{"taxonomy":"product_cat","embeddable":true,"href":"https:\/\/singuli.wpress.me\/index.php\/wp-json\/wp\/v2\/product_cat?post=45693"},{"taxonomy":"product_tag","embeddable":true,"href":"https:\/\/singuli.wpress.me\/index.php\/wp-json\/wp\/v2\/product_tag?post=45693"}],"curies":[{"name":"wp","href":"https:\/\/api.w.org\/{rel}","templated":true}]}}