{"id":45775,"date":"2026-04-21T00:27:56","date_gmt":"2026-04-21T00:27:56","guid":{"rendered":"https:\/\/singuli.wpress.me\/index.php\/proizvod\/oral-b-pro-expert-d4-elektricna-cetkica-za-zube\/"},"modified":"2026-04-21T00:27:56","modified_gmt":"2026-04-21T00:27:56","slug":"oral-b-pro-expert-d4-elektricna-cetkica-za-zube","status":"publish","type":"product","link":"https:\/\/singuli.wpress.me\/index.php\/proizvod\/oral-b-pro-expert-d4-elektricna-cetkica-za-zube\/","title":{"rendered":"ORAL-B Pro Expert D4, elektri\u010dna \u010detkica za zube"},"content":{"rendered":"<p>Podignite svoje pranje zubi na malo vi\u0161u razinu: umjesto klasi\u010dne, odaberite baterijsku \u010detkicu. I to onu sa zamjenjivom glavom. Oral-B Pro-Expert Precision Clean temeljito \u0107e o\u010distiti svaku zubnu plohu i u\u010dinkovito ukloniti naslage i na zubima i du\u017e linije desni. Ne \u010dudi stoga \u0161to je Oral-B marka zubnih \u010detkica br. 1 koju preporu\u010duje najvi\u0161e stomatologa diljem svijeta.<\/p>\n","protected":false},"excerpt":{"rendered":"<p>Baterijska zubna \u010detkica sa zamjenjivom glavom<br \/>\nUklanja vi\u0161e zubnih naslaga nego obi\u010dna klasi\u010dna zubna \u010detkica<br \/>\nKompatibilno s glavama CrossAction, 3D White, Sensitive Clean, Precision Clean, FlossAction, TriZone i Dual Clean<\/p>\n","protected":false},"featured_media":45776,"template":"","meta":{"_seopress_robots_primary_cat":"","_seopress_titles_title":"","_seopress_titles_desc":"","_seopress_robots_index":"","iawp_total_views":0},"product_brand":[423],"product_cat":[293,192,292],"product_tag":[],"class_list":{"0":"post-45775","1":"product","2":"type-product","3":"status-publish","4":"has-post-thumbnail","6":"product_brand-oral-b-2","7":"product_cat-aparati-za-djecu-i-odrasle-292","8":"product_cat-aparati-za-osobnu-njegu","9":"product_cat-oralna-higijena-uredaji-192","11":"first","12":"outofstock","13":"shipping-taxable","14":"purchasable","15":"product-type-simple"},"_links":{"self":[{"href":"https:\/\/singuli.wpress.me\/index.php\/wp-json\/wp\/v2\/product\/45775","targetHints":{"allow":["GET"]}}],"collection":[{"href":"https:\/\/singuli.wpress.me\/index.php\/wp-json\/wp\/v2\/product"}],"about":[{"href":"https:\/\/singuli.wpress.me\/index.php\/wp-json\/wp\/v2\/types\/product"}],"version-history":[{"count":0,"href":"https:\/\/singuli.wpress.me\/index.php\/wp-json\/wp\/v2\/product\/45775\/revisions"}],"wp:featuredmedia":[{"embeddable":true,"href":"https:\/\/singuli.wpress.me\/index.php\/wp-json\/wp\/v2\/media\/45776"}],"wp:attachment":[{"href":"https:\/\/singuli.wpress.me\/index.php\/wp-json\/wp\/v2\/media?parent=45775"}],"wp:term":[{"taxonomy":"product_brand","embeddable":true,"href":"https:\/\/singuli.wpress.me\/index.php\/wp-json\/wp\/v2\/product_brand?post=45775"},{"taxonomy":"product_cat","embeddable":true,"href":"https:\/\/singuli.wpress.me\/index.php\/wp-json\/wp\/v2\/product_cat?post=45775"},{"taxonomy":"product_tag","embeddable":true,"href":"https:\/\/singuli.wpress.me\/index.php\/wp-json\/wp\/v2\/product_tag?post=45775"}],"curies":[{"name":"wp","href":"https:\/\/api.w.org\/{rel}","templated":true}]}}