{"id":45827,"date":"2026-04-21T00:28:16","date_gmt":"2026-04-21T00:28:16","guid":{"rendered":"https:\/\/singuli.wpress.me\/index.php\/proizvod\/oust-3u1-garden-osvjezivac-prostora-400-ml-2\/"},"modified":"2026-04-21T00:28:17","modified_gmt":"2026-04-21T00:28:17","slug":"oust-3u1-garden-osvjezivac-prostora-400-ml-2","status":"publish","type":"product","link":"https:\/\/singuli.wpress.me\/index.php\/proizvod\/oust-3u1-garden-osvjezivac-prostora-400-ml-2\/","title":{"rendered":"OUST 3u1 Garden, osvje\u017eiva\u010d prostora, 400\u00a0ml"},"content":{"rendered":"<p>Oust\u00ae 3u1 Fresh Garden sprej ubija 99,9 % bakterija i pogodan je za sve meke i tvrde povr\u0161ine u prostoriji. Uz to, neutralizira i uklanja neugodne mirise te prostor ispunjava prirodnim mirisnim notama, ba\u0161 kao da se nalazite u vrtu punom svje\u017eeg cvije\u0107a. Za \u010dist i mirisom ispunjen prostor &#8211; Oust\u00ae 3u1 Fresh Garden.<\/p>\n","protected":false},"excerpt":{"rendered":"<p>Ubija 99,9 % bakterija<br \/>\nDezinficira meke i tvrde povr\u0161ine<br \/>\nUklanja neugodne mirise<\/p>\n","protected":false},"featured_media":45828,"template":"","meta":{"_seopress_robots_primary_cat":"","_seopress_titles_title":"","_seopress_titles_desc":"","_seopress_robots_index":"","iawp_total_views":0},"product_brand":[898],"product_cat":[268,300],"product_tag":[],"class_list":{"0":"post-45827","1":"product","2":"type-product","3":"status-publish","4":"has-post-thumbnail","6":"product_brand-oust","7":"product_cat-kozmetika-2","8":"product_cat-njega-kose-268","10":"first","11":"instock","12":"shipping-taxable","13":"purchasable","14":"product-type-simple"},"_links":{"self":[{"href":"https:\/\/singuli.wpress.me\/index.php\/wp-json\/wp\/v2\/product\/45827","targetHints":{"allow":["GET"]}}],"collection":[{"href":"https:\/\/singuli.wpress.me\/index.php\/wp-json\/wp\/v2\/product"}],"about":[{"href":"https:\/\/singuli.wpress.me\/index.php\/wp-json\/wp\/v2\/types\/product"}],"version-history":[{"count":0,"href":"https:\/\/singuli.wpress.me\/index.php\/wp-json\/wp\/v2\/product\/45827\/revisions"}],"wp:featuredmedia":[{"embeddable":true,"href":"https:\/\/singuli.wpress.me\/index.php\/wp-json\/wp\/v2\/media\/45828"}],"wp:attachment":[{"href":"https:\/\/singuli.wpress.me\/index.php\/wp-json\/wp\/v2\/media?parent=45827"}],"wp:term":[{"taxonomy":"product_brand","embeddable":true,"href":"https:\/\/singuli.wpress.me\/index.php\/wp-json\/wp\/v2\/product_brand?post=45827"},{"taxonomy":"product_cat","embeddable":true,"href":"https:\/\/singuli.wpress.me\/index.php\/wp-json\/wp\/v2\/product_cat?post=45827"},{"taxonomy":"product_tag","embeddable":true,"href":"https:\/\/singuli.wpress.me\/index.php\/wp-json\/wp\/v2\/product_tag?post=45827"}],"curies":[{"name":"wp","href":"https:\/\/api.w.org\/{rel}","templated":true}]}}