{"id":45833,"date":"2026-04-21T00:28:18","date_gmt":"2026-04-21T00:28:18","guid":{"rendered":"https:\/\/singuli.wpress.me\/index.php\/proizvod\/medex-kolagen-flex-kapsule-s-kurkuminom-40-kom\/"},"modified":"2026-04-21T00:28:18","modified_gmt":"2026-04-21T00:28:18","slug":"medex-kolagen-flex-kapsule-s-kurkuminom-40-kom","status":"publish","type":"product","link":"https:\/\/singuli.wpress.me\/index.php\/proizvod\/medex-kolagen-flex-kapsule-s-kurkuminom-40-kom\/","title":{"rendered":"MEDEX, Kolagen flex kapsule s kurkuminom, 40\u00a0kom"},"content":{"rendered":"<p><span style=\"font-weight: bold\">Medex Kolagen Flex kurkumin kapsule<\/span>, dodatak prehrani s nativnmi kolagenom s kurkumom, hijaluronskom kiselinom, vitaminima i silicijem.<\/p>\n<p><span style=\"font-weight: bold\">ZA KOSTI I ZGLOBOVE<\/span><br \/>\nSadr\u017ei vitamin C koji doprinosi normalnom stvaranju kolagena za normalnu funkciju hrskavice i kostiju. Vitamin D doprinosi normalnom iskori\u0161tenju kalcija i fosfora te doprinosi odr\u017eavanju  normalnih kostiju.<br \/>\nPatentirani oblik nativnog kolagena tipa II s kurkumom, hijaluronskom kiselinom, vitaminima i silicijem u kapsuli.<\/p>\n<p>Patentirani sastojci s klini\u010dkim studijama.<br \/>\nNativni kolagen tip ii b-2cool\u00ae (iz pile\u0107e hrskavice.<br \/>\nHijaluronska kiselina Exceptionhyal\u00ae star (\u0161iroki spektar).<br \/>\nVisoko biolo\u0161ki dostupni cavacurmin\u00ae kurkuminoidi (inkapsulirani ekstrakt bez aditiva s 40x ve\u0107om apsorpcijom).<br \/>\nDodani potporni minerali i vitamini za normalnu funkciju hrskavice i kostiju (silicij, vitamin d i c).<\/p>\n<p><span style=\"font-weight: bold\">Na\u010din primjene: <\/span>Preporu\u010dena dnevna doza su dvije kapsule. Kapsule popijte s dovoljnom koli\u010dinom vode. Ckolagen Flex kurkumin konzumirajte nata\u0161te.<\/p>\n<p><span style=\"font-weight: bold\">Posebne mjere opreza:<\/span><br \/>\nPreporu\u010dene dnevne koli\u010dine odnosno doze ne smiju se prekora\u010diti.<br \/>\nDodatak prehrani nije zamjena za uravnote\u017eenu i raznovrsnu prehranu.<br \/>\n\u010cuvajte izvan dohvata djece!<br \/>\nAko se pojave znakovi preosjetljivosti, prestanite s upotrebom proizvoda.<br \/>\n\u010cuvajte na tamnom i suhom mjestu do 25 \u00b0C.<\/p>\n<p><span style=\"font-weight: bold\">Koli\u010dine u dnevnoj dozi:<\/span><br \/>\nSastojci u preporu\u010denoj dnevnoj dozi (= 2 kapsule): Nativni kolagen b-2cool\u00ae:40 mg, Enkapsuliran ekstrakt kurkume CAVACURMIN\u00ae: 200 mg, od toga kurkuminoidi: 30 mg, Hijaluronska kiselina ExceptionHYAL\u00ae Star: 50 mg, Vitamin C: 80 mg (100 %*PU), Vitamin D: 10 \u03bcg (200 %*PU), Silicij iz bambusa: 40 mg. *PU = Preporu\u010den dnevni unos.<\/p>\n<p>Hrskavica je \u010dvrsto i fleksibilno tkivo koje ubla\u017eava udarce i optere\u0107enja u zglobovima te zadr\u017eava zglobnu teku\u0107inu. S godinama se koli\u010dina kolagena u tijelu smanjuje, proces regeneracije vi\u0161e nije dovoljno u\u010dinkovit, na\u0161i se zglobovi zbog optere\u0107enja s godinama tro\u0161e. Zbog bolova u zglobovima \u010desto i izbjegavamo aktivnosti koje izazivaju te bolove, poput primjerice raznih sportskih aktivnosti, \u0161to dodatno lo\u0161e utje\u010de na na\u0161e zdravlje.<\/p>\n<p>Kako napreduje tro\u0161enje hrskavice, povremeni ili stalni bolovi mogu se pojaviti \u010dak i u trenucima mirovanja, \u0161to ometa na\u0161e svakodnevne aktivnosti.<\/p>\n<p><span style=\"font-weight: bold\">Kome je namijenjen Kolagenflex s kurkuminom?<\/span><br \/>\nSvima koji trebaju u\u010dinkovitu potporu za normalnu funkciju hrskavice i kostiju<br \/>\nSvima s prekomjernom tjelesnom te\u017einom, koja vi\u0161e optere\u0107uje kosti i hrskavicu<br \/>\nSvima koji se susre\u0107u s nelagodom u zglobovima tijekom i nakon tjelesne aktivnosti<br \/>\nRekreativcima i sporta\u0161ima koji \u010desto optere\u0107uju zglobove<br \/>\nSvima kojima zbog nelagode u zglobovima nedostaje sloboda kretanja<br \/>\nSvima koji biraju u\u010dinkovita prirodna rje\u0161enja<\/p>\n<p><span style=\"font-weight: bold\">Brze \u010dinjenice o Kolagenflex s kurkuminom<\/span><\/p>\n<p><span style=\"font-weight: bold\">Za\u0161to proizvod sadr\u017ei nativni kolagen?<\/span><br \/>\nIma o\u010duvanu trodimenzionalnu strukturu i po sastavu je identi\u010dan kolagenu u zglobovima. Ima druga\u010diji mehanizam djelovanja od hidroliziranog kolagena, konzumira se manje da se postigne \u017eeljeni u\u010dinak. Klini\u010dke studije pokazuju u\u010dinkovitost ve\u0107 pri dnevnoj dozi 40mg.<\/p>\n<p><span style=\"font-weight: bold\">Za\u0161to se dodaje enkapsulirani ekstrakt korijena kurkume?<\/span><br \/>\nProizvod sadr\u017ei CAVACURMIN\u00ae, ekstrakt kurkume koji se dobiva posebnim patentiranim postupkom, koji omogu\u0107uje \u010dak 40 puta ve\u0107u bioraspolo\u017eivost kurkuminoida. S dnevnom dozom 200mg ekstrakta mo\u017eemo posti\u0107i sli\u010dne u\u010dinke kao damo kozumirali \u0161est puta vi\u0161e klasi\u010dnog visoko koncentriranog ekstrakta.<\/p>\n<p><span style=\"font-weight: bold\">Koji se izvor silicija koristi?<\/span><br \/>\nU Kolagenflex s kurkuminom u  kapsulama koristimo ekstrakt bambusa kao prirodni izvor silicija. S godinama se silicij u zglobovima smanjuje i podudara se sa starosnim propadanjem kolagena.<\/p>\n<p><span style=\"font-weight: bold\">Za\u0161to proizvod sadr\u017ei hijaluronsku kiselinu?<\/span><br \/>\nUz kolagen, hijaluronska kiselina je jedan od gradivnih elemenata zglobne hrskavice. Zbog sposobnosti vezivanja velikih koli\u010dina vode, djeluje kao svojevrsno mazivo za zglobove, za ljep\u0161e klizanje i poma\u017ee pri ubla\u017eavanju udaraca koji nastaju u zglobovima kod optere\u0107enja i kretanja.<\/p>\n<p><span style=\"font-weight: bold\">\u0160to je posebno u vezi s hijaluronskom kiselinom ExceptionHyal\u00ae Star?<\/span><br \/>\nRije\u010d je o hijaluronskoj kiselini \u0161irokog spektra, dakle, s molekulama razli\u010ditih veli\u010dina, koje opona\u0161aju spektar prirodno prisutne hijaluronske kiseline u tijelu i omogu\u0107uju u\u010dinkovitije djelovanje.<\/p>\n","protected":false},"excerpt":{"rendered":"<p>Proizvod s nativnim (nedenaturiranim) kolagenom s kurkumom, hijaluronskom kiselinom, vitaminima i silicijem u kapsuli<br \/>\nU\u010dinkovita podr\u0161ka hrskavici i kostima<br \/>\nPreporu\u010den dnevni unos su 2 kapsule<\/p>\n","protected":false},"featured_media":45834,"template":"","meta":{"_seopress_robots_primary_cat":"","_seopress_titles_title":"","_seopress_titles_desc":"","_seopress_robots_index":"","iawp_total_views":0},"product_brand":[415],"product_cat":[211,289],"product_tag":[],"class_list":{"0":"post-45833","1":"product","2":"type-product","3":"status-publish","4":"has-post-thumbnail","6":"product_brand-medex","7":"product_cat-njega-majke-i-djeteta","8":"product_cat-trudnoca-i-vitamini-211","10":"first","11":"instock","12":"shipping-taxable","13":"purchasable","14":"product-type-simple"},"_links":{"self":[{"href":"https:\/\/singuli.wpress.me\/index.php\/wp-json\/wp\/v2\/product\/45833","targetHints":{"allow":["GET"]}}],"collection":[{"href":"https:\/\/singuli.wpress.me\/index.php\/wp-json\/wp\/v2\/product"}],"about":[{"href":"https:\/\/singuli.wpress.me\/index.php\/wp-json\/wp\/v2\/types\/product"}],"version-history":[{"count":0,"href":"https:\/\/singuli.wpress.me\/index.php\/wp-json\/wp\/v2\/product\/45833\/revisions"}],"wp:featuredmedia":[{"embeddable":true,"href":"https:\/\/singuli.wpress.me\/index.php\/wp-json\/wp\/v2\/media\/45834"}],"wp:attachment":[{"href":"https:\/\/singuli.wpress.me\/index.php\/wp-json\/wp\/v2\/media?parent=45833"}],"wp:term":[{"taxonomy":"product_brand","embeddable":true,"href":"https:\/\/singuli.wpress.me\/index.php\/wp-json\/wp\/v2\/product_brand?post=45833"},{"taxonomy":"product_cat","embeddable":true,"href":"https:\/\/singuli.wpress.me\/index.php\/wp-json\/wp\/v2\/product_cat?post=45833"},{"taxonomy":"product_tag","embeddable":true,"href":"https:\/\/singuli.wpress.me\/index.php\/wp-json\/wp\/v2\/product_tag?post=45833"}],"curies":[{"name":"wp","href":"https:\/\/api.w.org\/{rel}","templated":true}]}}