{"id":45839,"date":"2026-04-21T00:28:20","date_gmt":"2026-04-21T00:28:20","guid":{"rendered":"https:\/\/singuli.wpress.me\/index.php\/proizvod\/domo-do2334cg-mikrovalna-pecnica\/"},"modified":"2026-04-23T00:28:08","modified_gmt":"2026-04-23T00:28:08","slug":"domo-do2334cg-mikrovalna-pecnica","status":"publish","type":"product","link":"https:\/\/singuli.wpress.me\/proizvod\/domo-do2334cg-mikrovalna-pecnica\/","title":{"rendered":"DOMO DO2334CG, mikrovalna pe\u0107nica"},"content":{"rendered":"<p>Ova moderna i svestrana mikrovalna kombinira tri funkcije u jednoj: mikrovalnu pe\u0107nicu, ro\u0161tilj (sa re\u0161etkom za ro\u0161tilj) i konvekciju.<br \/>\nTo \u010dini ovaj ure\u0111aj nezamjenjivim u va\u0161oj kuhinji.<br \/>\nSa svojim velikim kapacitetom od 34 L i staklenim okretnim tanjurom promjera 31,5 cm, u njemu mo\u017eete pripremiti sva jela koja za\u017eelite.<br \/>\nOva kombinirana mikrovalna pe\u0107nica tako\u0111er je opremljena s \u010detiri kombinirana programa koji kombiniraju tri funkcije.<br \/>\nDeset automatskih programa kuhanja osiguravaju da mo\u017eete postaviti savr\u0161eni program kuhanja za ribu, meso, povr\u0107e ili kola\u010d sa samo nekoliko pritisaka na gumb, dok \u0107e timer odgoditi kuhanje do 95 min.<\/p>\n","protected":false},"excerpt":{"rendered":"<p>Kombinira tri funkcije u jednoj<br \/>\nDeset automatskih programa kuhanja<br \/>\n5 postavki snage<\/p>\n","protected":false},"featured_media":45840,"template":"","meta":{"_seopress_robots_primary_cat":"","_seopress_titles_title":"","_seopress_titles_desc":"","_seopress_robots_index":"","iawp_total_views":0},"product_brand":[255],"product_cat":[192,267],"product_tag":[],"class_list":{"0":"post-45839","1":"product","2":"type-product","3":"status-publish","4":"has-post-thumbnail","6":"product_brand-domo","7":"product_cat-aparati-za-osobnu-njegu","8":"product_cat-zdravstveni-uredaji-192","10":"first","11":"outofstock","12":"shipping-taxable","13":"purchasable","14":"product-type-simple"},"_links":{"self":[{"href":"https:\/\/singuli.wpress.me\/wp-json\/wp\/v2\/product\/45839","targetHints":{"allow":["GET"]}}],"collection":[{"href":"https:\/\/singuli.wpress.me\/wp-json\/wp\/v2\/product"}],"about":[{"href":"https:\/\/singuli.wpress.me\/wp-json\/wp\/v2\/types\/product"}],"version-history":[{"count":0,"href":"https:\/\/singuli.wpress.me\/wp-json\/wp\/v2\/product\/45839\/revisions"}],"wp:featuredmedia":[{"embeddable":true,"href":"https:\/\/singuli.wpress.me\/wp-json\/wp\/v2\/media\/45840"}],"wp:attachment":[{"href":"https:\/\/singuli.wpress.me\/wp-json\/wp\/v2\/media?parent=45839"}],"wp:term":[{"taxonomy":"product_brand","embeddable":true,"href":"https:\/\/singuli.wpress.me\/wp-json\/wp\/v2\/product_brand?post=45839"},{"taxonomy":"product_cat","embeddable":true,"href":"https:\/\/singuli.wpress.me\/wp-json\/wp\/v2\/product_cat?post=45839"},{"taxonomy":"product_tag","embeddable":true,"href":"https:\/\/singuli.wpress.me\/wp-json\/wp\/v2\/product_tag?post=45839"}],"curies":[{"name":"wp","href":"https:\/\/api.w.org\/{rel}","templated":true}]}}