{"id":45877,"date":"2026-04-21T00:28:38","date_gmt":"2026-04-21T00:28:38","guid":{"rendered":"https:\/\/singuli.wpress.me\/index.php\/proizvod\/domo-do354vd-aparat-za-susenje-hrane-crni\/"},"modified":"2026-04-21T00:28:38","modified_gmt":"2026-04-21T00:28:38","slug":"domo-do354vd-aparat-za-susenje-hrane-crni","status":"publish","type":"product","link":"https:\/\/singuli.wpress.me\/index.php\/proizvod\/domo-do354vd-aparat-za-susenje-hrane-crni\/","title":{"rendered":"DOMO DO354VD, aparat za su\u0161enje hrane, crni"},"content":{"rendered":"<p>Kreirajte profesionalne prezentacije na svom tanjuru s hrskavim garniturama hrane, pripremite delicije poput \u010dipsa od povr\u0107a, su\u0161enog vo\u0107a ili su\u0161enih raj\u010dica ili pripremite suho meso, ribu, za\u010dine&#8230;<br \/>\nProdu\u017euje rok trajanja hrane, a istovremeno \u010duva ve\u0107inu vitamina, minerala i drugih hranjivih tvari.<\/p>\n","protected":false},"excerpt":{"rendered":"<p>Opremljen s 8 razina ravnomjernog su\u0161enja hrane<br \/>\nProdu\u017euje rok trajanja hrane, a istovremeno \u010duva ve\u0107inu vitamina, minerala i drugih hranjivih tvari<br \/>\nKreirajte profesionalne prezentacije i pripremite su\u0161ene poslastice na svom tanjuru<\/p>\n","protected":false},"featured_media":45878,"template":"","meta":{"_seopress_robots_primary_cat":"","_seopress_titles_title":"","_seopress_titles_desc":"","_seopress_robots_index":"","iawp_total_views":0},"product_brand":[255],"product_cat":[192,267],"product_tag":[],"class_list":{"0":"post-45877","1":"product","2":"type-product","3":"status-publish","4":"has-post-thumbnail","6":"product_brand-domo","7":"product_cat-aparati-za-osobnu-njegu","8":"product_cat-zdravstveni-uredaji-192","10":"first","11":"outofstock","12":"shipping-taxable","13":"purchasable","14":"product-type-simple"},"_links":{"self":[{"href":"https:\/\/singuli.wpress.me\/index.php\/wp-json\/wp\/v2\/product\/45877","targetHints":{"allow":["GET"]}}],"collection":[{"href":"https:\/\/singuli.wpress.me\/index.php\/wp-json\/wp\/v2\/product"}],"about":[{"href":"https:\/\/singuli.wpress.me\/index.php\/wp-json\/wp\/v2\/types\/product"}],"version-history":[{"count":0,"href":"https:\/\/singuli.wpress.me\/index.php\/wp-json\/wp\/v2\/product\/45877\/revisions"}],"wp:featuredmedia":[{"embeddable":true,"href":"https:\/\/singuli.wpress.me\/index.php\/wp-json\/wp\/v2\/media\/45878"}],"wp:attachment":[{"href":"https:\/\/singuli.wpress.me\/index.php\/wp-json\/wp\/v2\/media?parent=45877"}],"wp:term":[{"taxonomy":"product_brand","embeddable":true,"href":"https:\/\/singuli.wpress.me\/index.php\/wp-json\/wp\/v2\/product_brand?post=45877"},{"taxonomy":"product_cat","embeddable":true,"href":"https:\/\/singuli.wpress.me\/index.php\/wp-json\/wp\/v2\/product_cat?post=45877"},{"taxonomy":"product_tag","embeddable":true,"href":"https:\/\/singuli.wpress.me\/index.php\/wp-json\/wp\/v2\/product_tag?post=45877"}],"curies":[{"name":"wp","href":"https:\/\/api.w.org\/{rel}","templated":true}]}}