{"id":45883,"date":"2026-04-21T00:28:40","date_gmt":"2026-04-21T00:28:40","guid":{"rendered":"https:\/\/singuli.wpress.me\/index.php\/proizvod\/ecover-visenamjenski-koncentrat-za-ciscenje-40-pranja-1-l\/"},"modified":"2026-04-21T00:28:40","modified_gmt":"2026-04-21T00:28:40","slug":"ecover-visenamjenski-koncentrat-za-ciscenje-40-pranja-1-l","status":"publish","type":"product","link":"https:\/\/singuli.wpress.me\/index.php\/proizvod\/ecover-visenamjenski-koncentrat-za-ciscenje-40-pranja-1-l\/","title":{"rendered":"ECOVER, vi\u0161enamjenski koncentrat za \u010di\u0161\u0107enje, 40 pranja, 1\u00a0l"},"content":{"rendered":"<p>ECOVER\u00ae vi\u0161enamjenski koncentrat za \u010di\u0161\u0107enje na\u0161 je saveznik u revoluciji za \u010disti svijet. <\/p>\n<p>Sadr\u017ei biorazgradive sastojke na biljnoj bazi i formuliran je za borbu protiv masno\u0107a i prljav\u0161tine. <\/p>\n<p>Pogodan je za uporabu na podovima, povr\u0161inama i plo\u010dicama.<\/p>\n<p>Jedna litra koncentrata predvi\u0111ena je za 40 pranja. <\/p>\n<p>Proizvod je pogodan za vegane. <\/p>\n<p>Proizvedeno u na\u0161oj tvornici s certifikatom Zero Waste na bazi stope preusmjeravanja otpada od 95 %. ECOVER\u00ae vi\u0161enamjenski koncentrat za \u010di\u0161\u0107enje nije testiran na \u017eivotinjama. <\/p>\n<p>Pakiranje je napravljeno od 100 % kori\u0161tene reciklirane plastike. Ispunite va\u0161 dom mirisima limunske trave i \u0111umbira.<\/p>\n","protected":false},"excerpt":{"rendered":"<p>Protiv masno\u0107a i prljav\u0161tine<br \/>\nSna\u017eni biorazgradivi sastojci na biljnoj bazi<br \/>\nZa podove, povr\u0161ine i plo\u010dice<\/p>\n","protected":false},"featured_media":45884,"template":"","meta":{"_seopress_robots_primary_cat":"","_seopress_titles_title":"","_seopress_titles_desc":"","_seopress_robots_index":"","iawp_total_views":0},"product_brand":[790],"product_cat":[284,238],"product_tag":[],"class_list":{"0":"post-45883","1":"product","2":"type-product","3":"status-publish","4":"has-post-thumbnail","6":"product_brand-ecover","7":"product_cat-sredstva-za-ciscenje-238","8":"product_cat-sve-za-dom","10":"first","11":"instock","12":"shipping-taxable","13":"purchasable","14":"product-type-simple"},"_links":{"self":[{"href":"https:\/\/singuli.wpress.me\/index.php\/wp-json\/wp\/v2\/product\/45883","targetHints":{"allow":["GET"]}}],"collection":[{"href":"https:\/\/singuli.wpress.me\/index.php\/wp-json\/wp\/v2\/product"}],"about":[{"href":"https:\/\/singuli.wpress.me\/index.php\/wp-json\/wp\/v2\/types\/product"}],"version-history":[{"count":0,"href":"https:\/\/singuli.wpress.me\/index.php\/wp-json\/wp\/v2\/product\/45883\/revisions"}],"wp:featuredmedia":[{"embeddable":true,"href":"https:\/\/singuli.wpress.me\/index.php\/wp-json\/wp\/v2\/media\/45884"}],"wp:attachment":[{"href":"https:\/\/singuli.wpress.me\/index.php\/wp-json\/wp\/v2\/media?parent=45883"}],"wp:term":[{"taxonomy":"product_brand","embeddable":true,"href":"https:\/\/singuli.wpress.me\/index.php\/wp-json\/wp\/v2\/product_brand?post=45883"},{"taxonomy":"product_cat","embeddable":true,"href":"https:\/\/singuli.wpress.me\/index.php\/wp-json\/wp\/v2\/product_cat?post=45883"},{"taxonomy":"product_tag","embeddable":true,"href":"https:\/\/singuli.wpress.me\/index.php\/wp-json\/wp\/v2\/product_tag?post=45883"}],"curies":[{"name":"wp","href":"https:\/\/api.w.org\/{rel}","templated":true}]}}