{"id":45957,"date":"2026-04-21T00:29:15","date_gmt":"2026-04-21T00:29:15","guid":{"rendered":"https:\/\/singuli.wpress.me\/index.php\/proizvod\/educa-trend-puzzle-48-kom\/"},"modified":"2026-04-23T00:28:09","modified_gmt":"2026-04-23T00:28:09","slug":"educa-trend-puzzle-48-kom","status":"publish","type":"product","link":"https:\/\/singuli.wpress.me\/proizvod\/educa-trend-puzzle-48-kom\/","title":{"rendered":"EDUCA Trend, puzzle, 48\u00a0kom"},"content":{"rendered":"<p>Mini Box puzzle od brenda Educa sadr\u017ei 5 razli\u010ditih slagalica sa slikama \u017eivotinja, a svaka slagalica ima 48 dijelova. Namijenjene su djeci od 4 godine i idealne za razvoj ma\u0161te, koncentracije, fine motorike i osje\u0107aja za detalje.<\/p>\n<p>Dimenzije svake slike nakon slaganja su 28 x 20 cm, a dijelovi su ve\u0107i za lak\u0161u manipulaciju. Set dolazi u prakti\u010dnoj kutiji. Puzzle su izra\u0111ene od kvalitetnih i sigurnih materijala te ukra\u0161ene \u0161arenim i veselim motivima.<\/p>\n","protected":false},"excerpt":{"rendered":"<p>5 razli\u010ditih slagalica sa slikama \u017eivotinja<br \/>\nSvaka slagalica ima 48 dijelova<br \/>\nDob: 4+ god<\/p>\n","protected":false},"featured_media":45958,"template":"","meta":{"_seopress_robots_primary_cat":"","_seopress_titles_title":"","_seopress_titles_desc":"","_seopress_robots_index":"","iawp_total_views":0},"product_brand":[913],"product_cat":[290,221],"product_tag":[],"class_list":{"0":"post-45957","1":"product","2":"type-product","3":"status-publish","4":"has-post-thumbnail","6":"product_brand-educa","7":"product_cat-drustvene-igre-221","8":"product_cat-igracke","10":"first","11":"outofstock","12":"shipping-taxable","13":"purchasable","14":"product-type-simple"},"_links":{"self":[{"href":"https:\/\/singuli.wpress.me\/wp-json\/wp\/v2\/product\/45957","targetHints":{"allow":["GET"]}}],"collection":[{"href":"https:\/\/singuli.wpress.me\/wp-json\/wp\/v2\/product"}],"about":[{"href":"https:\/\/singuli.wpress.me\/wp-json\/wp\/v2\/types\/product"}],"version-history":[{"count":0,"href":"https:\/\/singuli.wpress.me\/wp-json\/wp\/v2\/product\/45957\/revisions"}],"wp:featuredmedia":[{"embeddable":true,"href":"https:\/\/singuli.wpress.me\/wp-json\/wp\/v2\/media\/45958"}],"wp:attachment":[{"href":"https:\/\/singuli.wpress.me\/wp-json\/wp\/v2\/media?parent=45957"}],"wp:term":[{"taxonomy":"product_brand","embeddable":true,"href":"https:\/\/singuli.wpress.me\/wp-json\/wp\/v2\/product_brand?post=45957"},{"taxonomy":"product_cat","embeddable":true,"href":"https:\/\/singuli.wpress.me\/wp-json\/wp\/v2\/product_cat?post=45957"},{"taxonomy":"product_tag","embeddable":true,"href":"https:\/\/singuli.wpress.me\/wp-json\/wp\/v2\/product_tag?post=45957"}],"curies":[{"name":"wp","href":"https:\/\/api.w.org\/{rel}","templated":true}]}}