{"id":45975,"date":"2026-04-21T00:29:27","date_gmt":"2026-04-21T00:29:27","guid":{"rendered":"https:\/\/singuli.wpress.me\/index.php\/proizvod\/oral-b-ultrathin-pro-gum-care-zubna-cetkica-2-kom\/"},"modified":"2026-04-21T00:29:27","modified_gmt":"2026-04-21T00:29:27","slug":"oral-b-ultrathin-pro-gum-care-zubna-cetkica-2-kom","status":"publish","type":"product","link":"https:\/\/singuli.wpress.me\/index.php\/proizvod\/oral-b-ultrathin-pro-gum-care-zubna-cetkica-2-kom\/","title":{"rendered":"ORAL-B UltraThin Pro Gum Care, zubna \u010detkica, 2\u00a0kom"},"content":{"rendered":"<p><span style=\"font-weight: bold\">Oral-B UltraThin Pro Gum Care<\/span> ima ultra tanka vlakna u\u017ea od 0,01 mm, posebno razvijena za dubinsko i nje\u017eno \u010di\u0161\u0107enje. Vlakna vam omogu\u0107uju da doprete duboko u me\u0111uzubne prostore i ispod zubnog mesa, gdje postoji veliki rizik od nastanka naslaga. Nje\u017ena vlakna \u010detkice ne \u0161tete caklini zuba.<\/p>\n","protected":false},"excerpt":{"rendered":"<p>Pobolj\u0161ava zdravlje desni za 14 dana<br \/>\nU\u010dinkovito \u010disti du\u017e ruba desni<br \/>\nUltratanka vlakna dizajnirana su za dubinsko \u010di\u0161\u0107enje<\/p>\n","protected":false},"featured_media":45976,"template":"","meta":{"_seopress_robots_primary_cat":"","_seopress_titles_title":"","_seopress_titles_desc":"","_seopress_robots_index":"","iawp_total_views":0},"product_brand":[423],"product_cat":[192,208,207],"product_tag":[],"class_list":{"0":"post-45975","1":"product","2":"type-product","3":"status-publish","4":"has-post-thumbnail","6":"product_brand-oral-b-2","7":"product_cat-aparati-za-osobnu-njegu","8":"product_cat-elektricne-i-manualne-cetkice-za-odrasle-i-djecu","9":"product_cat-oralna-higijena","11":"first","12":"outofstock","13":"shipping-taxable","14":"purchasable","15":"product-type-simple"},"_links":{"self":[{"href":"https:\/\/singuli.wpress.me\/index.php\/wp-json\/wp\/v2\/product\/45975","targetHints":{"allow":["GET"]}}],"collection":[{"href":"https:\/\/singuli.wpress.me\/index.php\/wp-json\/wp\/v2\/product"}],"about":[{"href":"https:\/\/singuli.wpress.me\/index.php\/wp-json\/wp\/v2\/types\/product"}],"version-history":[{"count":0,"href":"https:\/\/singuli.wpress.me\/index.php\/wp-json\/wp\/v2\/product\/45975\/revisions"}],"wp:featuredmedia":[{"embeddable":true,"href":"https:\/\/singuli.wpress.me\/index.php\/wp-json\/wp\/v2\/media\/45976"}],"wp:attachment":[{"href":"https:\/\/singuli.wpress.me\/index.php\/wp-json\/wp\/v2\/media?parent=45975"}],"wp:term":[{"taxonomy":"product_brand","embeddable":true,"href":"https:\/\/singuli.wpress.me\/index.php\/wp-json\/wp\/v2\/product_brand?post=45975"},{"taxonomy":"product_cat","embeddable":true,"href":"https:\/\/singuli.wpress.me\/index.php\/wp-json\/wp\/v2\/product_cat?post=45975"},{"taxonomy":"product_tag","embeddable":true,"href":"https:\/\/singuli.wpress.me\/index.php\/wp-json\/wp\/v2\/product_tag?post=45975"}],"curies":[{"name":"wp","href":"https:\/\/api.w.org\/{rel}","templated":true}]}}