{"id":46017,"date":"2026-04-21T00:29:38","date_gmt":"2026-04-21T00:29:38","guid":{"rendered":"https:\/\/singuli.wpress.me\/index.php\/proizvod\/ariel-all-in-1-kapsule-za-pranje-rublja-mountain-spring-clean-fresh-72-kom\/"},"modified":"2026-04-21T00:29:39","modified_gmt":"2026-04-21T00:29:39","slug":"ariel-all-in-1-kapsule-za-pranje-rublja-mountain-spring-clean-fresh-72-kom","status":"publish","type":"product","link":"https:\/\/singuli.wpress.me\/index.php\/proizvod\/ariel-all-in-1-kapsule-za-pranje-rublja-mountain-spring-clean-fresh-72-kom\/","title":{"rendered":"ARIEL All-in-1, kapsule za pranje rublja, Mountain Spring Clean &amp; Fresh, 72\u00a0kom"},"content":{"rendered":"<p>Ariel, marka deterd\u017eenta koju preporu\u010duju Whirlpool, Electrolux, Candy i Beko, predstavlja kapsule deterd\u017eenta za pranje rublja<span style=\"font-weight: bold\"> Ariel All-in-1 PODS u varijanti Mountain Spring Clean &amp; Fresh<\/span> koje pru\u017eaju briljantno uklanjanje mrlja \u010dak i pri pranju na ni\u017eim temperaturama. Osmi\u0161ljene su za pranje na niskim temperaturama, s <span style=\"font-weight: bold\">jedinstvenom tehnologijom COOL CLEAN<\/span>. U dodiru s vodom omot koji je 100% topiv u vodi rastapa se i osloba\u0111a sna\u017ene tehnologije za uklanjanje mrlja, za Arielovo dubinsko i sna\u017eno \u010di\u0161\u0107enje kapsulama All-in-1 PODS Mountain Spring Clean &amp; Fresh. Uz to, kapsule za pranje rublja Ariel PODS+ dolaze u pakiranju koje se mo\u017ee 100% reciklirati. <\/p>\n","protected":false},"excerpt":{"rendered":"<p>Besprijekorno \u010di\u0161\u0107enje: kapsule za pranje rublja Ariel All-in-1 PODS osiguravaju briljantno uklanjanje mrlja \u010dak i pri pranju na ni\u017eim temperaturama<br \/>\nPreporu\u010dena marka deterd\u017eenta<br \/>\nOmot kapsula 100% topiv u vodi<\/p>\n","protected":false},"featured_media":46018,"template":"","meta":{"_seopress_robots_primary_cat":"","_seopress_titles_title":"","_seopress_titles_desc":"","_seopress_robots_index":"","iawp_total_views":0},"product_brand":[427],"product_cat":[283,238],"product_tag":[],"class_list":{"0":"post-46017","1":"product","2":"type-product","3":"status-publish","4":"has-post-thumbnail","6":"product_brand-ariel","7":"product_cat-pranje-rublja-238","8":"product_cat-sve-za-dom","10":"first","11":"outofstock","12":"shipping-taxable","13":"purchasable","14":"product-type-simple"},"_links":{"self":[{"href":"https:\/\/singuli.wpress.me\/index.php\/wp-json\/wp\/v2\/product\/46017","targetHints":{"allow":["GET"]}}],"collection":[{"href":"https:\/\/singuli.wpress.me\/index.php\/wp-json\/wp\/v2\/product"}],"about":[{"href":"https:\/\/singuli.wpress.me\/index.php\/wp-json\/wp\/v2\/types\/product"}],"version-history":[{"count":0,"href":"https:\/\/singuli.wpress.me\/index.php\/wp-json\/wp\/v2\/product\/46017\/revisions"}],"wp:featuredmedia":[{"embeddable":true,"href":"https:\/\/singuli.wpress.me\/index.php\/wp-json\/wp\/v2\/media\/46018"}],"wp:attachment":[{"href":"https:\/\/singuli.wpress.me\/index.php\/wp-json\/wp\/v2\/media?parent=46017"}],"wp:term":[{"taxonomy":"product_brand","embeddable":true,"href":"https:\/\/singuli.wpress.me\/index.php\/wp-json\/wp\/v2\/product_brand?post=46017"},{"taxonomy":"product_cat","embeddable":true,"href":"https:\/\/singuli.wpress.me\/index.php\/wp-json\/wp\/v2\/product_cat?post=46017"},{"taxonomy":"product_tag","embeddable":true,"href":"https:\/\/singuli.wpress.me\/index.php\/wp-json\/wp\/v2\/product_tag?post=46017"}],"curies":[{"name":"wp","href":"https:\/\/api.w.org\/{rel}","templated":true}]}}