{"id":46026,"date":"2026-04-21T00:29:43","date_gmt":"2026-04-21T00:29:43","guid":{"rendered":"https:\/\/singuli.wpress.me\/index.php\/proizvod\/domo-do9173j-sokovnik-sa-ruckom\/"},"modified":"2026-04-23T00:28:09","modified_gmt":"2026-04-23T00:28:09","slug":"domo-do9173j-sokovnik-sa-ruckom","status":"publish","type":"product","link":"https:\/\/singuli.wpress.me\/proizvod\/domo-do9173j-sokovnik-sa-ruckom\/","title":{"rendered":"DOMO DO9173J, sokovnik, sa ru\u010dkom"},"content":{"rendered":"<p>Koristite Domo DO9173J sokovnik s ru\u010dkom za pripremu svje\u017eeg soka svaki dan. S sa svojom snagom od 160 W, sokovnik za agrume dovoljno je sna\u017ean za brzu pripremu va\u0161eg omiljenog soka. Kada imate dovoljno soka, jednostavno operite pojedina\u010dne dijelove pod teku\u0107om vodom.<\/p>\n","protected":false},"excerpt":{"rendered":"<p>Niska razina buke<br \/>\nBrzo i lako cijedi vo\u0107e<br \/>\nMo\u017ee se u potpunosti rastaviti radi lak\u0161eg \u010di\u0161\u0107enja<\/p>\n","protected":false},"featured_media":46027,"template":"","meta":{"_seopress_robots_primary_cat":"","_seopress_titles_title":"","_seopress_titles_desc":"","_seopress_robots_index":"","iawp_total_views":0},"product_brand":[255],"product_cat":[192,267],"product_tag":[],"class_list":{"0":"post-46026","1":"product","2":"type-product","3":"status-publish","4":"has-post-thumbnail","6":"product_brand-domo","7":"product_cat-aparati-za-osobnu-njegu","8":"product_cat-zdravstveni-uredaji-192","10":"first","11":"outofstock","12":"shipping-taxable","13":"purchasable","14":"product-type-simple"},"_links":{"self":[{"href":"https:\/\/singuli.wpress.me\/wp-json\/wp\/v2\/product\/46026","targetHints":{"allow":["GET"]}}],"collection":[{"href":"https:\/\/singuli.wpress.me\/wp-json\/wp\/v2\/product"}],"about":[{"href":"https:\/\/singuli.wpress.me\/wp-json\/wp\/v2\/types\/product"}],"version-history":[{"count":0,"href":"https:\/\/singuli.wpress.me\/wp-json\/wp\/v2\/product\/46026\/revisions"}],"wp:featuredmedia":[{"embeddable":true,"href":"https:\/\/singuli.wpress.me\/wp-json\/wp\/v2\/media\/46027"}],"wp:attachment":[{"href":"https:\/\/singuli.wpress.me\/wp-json\/wp\/v2\/media?parent=46026"}],"wp:term":[{"taxonomy":"product_brand","embeddable":true,"href":"https:\/\/singuli.wpress.me\/wp-json\/wp\/v2\/product_brand?post=46026"},{"taxonomy":"product_cat","embeddable":true,"href":"https:\/\/singuli.wpress.me\/wp-json\/wp\/v2\/product_cat?post=46026"},{"taxonomy":"product_tag","embeddable":true,"href":"https:\/\/singuli.wpress.me\/wp-json\/wp\/v2\/product_tag?post=46026"}],"curies":[{"name":"wp","href":"https:\/\/api.w.org\/{rel}","templated":true}]}}