{"id":46055,"date":"2026-04-21T00:29:58","date_gmt":"2026-04-21T00:29:58","guid":{"rendered":"https:\/\/singuli.wpress.me\/index.php\/proizvod\/gillette-venus-extra-smooth-sensitive-brijac-rosegold\/"},"modified":"2026-04-21T00:29:58","modified_gmt":"2026-04-21T00:29:58","slug":"gillette-venus-extra-smooth-sensitive-brijac-rosegold","status":"publish","type":"product","link":"https:\/\/singuli.wpress.me\/index.php\/proizvod\/gillette-venus-extra-smooth-sensitive-brijac-rosegold\/","title":{"rendered":"GILLETTE Venus Extra Smooth Sensitive, brija\u010d, rosegold"},"content":{"rendered":"<p>Gillette Venus RoseGold Extra Smooth Sensitive brija\u010d pru\u017ea temeljito i ugodno brijanje.<br \/>\nSkinElixir trakice \u0161tite va\u0161u ko\u017eu, a brija\u010d bolje klizi zbog trakica za vla\u017eenje ko\u017ee.<br \/>\nNa \u010dvrstoj metalnoj dr\u0161ci nalazi se 5 o\u0161trica koje imaju presvlaku koja li\u010di na dijamant.<br \/>\nGillette Venus RoseGold Extra Smooth Sensitive brija\u010d osigurava glatku ko\u017eu i 0% iritacije.<\/p>\n","protected":false},"excerpt":{"rendered":"<p>temeljito i ugodno brijanje<br \/>\nnema iritacije<br \/>\nlubrikantne trakice \u0161tite ko\u017eu<\/p>\n","protected":false},"featured_media":46056,"template":"","meta":{"_seopress_robots_primary_cat":"","_seopress_titles_title":"","_seopress_titles_desc":"","_seopress_robots_index":"","iawp_total_views":0},"product_brand":[323],"product_cat":[280,192,279],"product_tag":[],"class_list":{"0":"post-46055","1":"product","2":"type-product","3":"status-publish","4":"has-post-thumbnail","6":"product_brand-gillette","7":"product_cat-aparati-za-muskarce-279","8":"product_cat-aparati-za-osobnu-njegu","9":"product_cat-brijanje-i-sisanje-192","11":"first","12":"outofstock","13":"shipping-taxable","14":"purchasable","15":"product-type-simple"},"_links":{"self":[{"href":"https:\/\/singuli.wpress.me\/index.php\/wp-json\/wp\/v2\/product\/46055","targetHints":{"allow":["GET"]}}],"collection":[{"href":"https:\/\/singuli.wpress.me\/index.php\/wp-json\/wp\/v2\/product"}],"about":[{"href":"https:\/\/singuli.wpress.me\/index.php\/wp-json\/wp\/v2\/types\/product"}],"version-history":[{"count":0,"href":"https:\/\/singuli.wpress.me\/index.php\/wp-json\/wp\/v2\/product\/46055\/revisions"}],"wp:featuredmedia":[{"embeddable":true,"href":"https:\/\/singuli.wpress.me\/index.php\/wp-json\/wp\/v2\/media\/46056"}],"wp:attachment":[{"href":"https:\/\/singuli.wpress.me\/index.php\/wp-json\/wp\/v2\/media?parent=46055"}],"wp:term":[{"taxonomy":"product_brand","embeddable":true,"href":"https:\/\/singuli.wpress.me\/index.php\/wp-json\/wp\/v2\/product_brand?post=46055"},{"taxonomy":"product_cat","embeddable":true,"href":"https:\/\/singuli.wpress.me\/index.php\/wp-json\/wp\/v2\/product_cat?post=46055"},{"taxonomy":"product_tag","embeddable":true,"href":"https:\/\/singuli.wpress.me\/index.php\/wp-json\/wp\/v2\/product_tag?post=46055"}],"curies":[{"name":"wp","href":"https:\/\/api.w.org\/{rel}","templated":true}]}}