{"id":46062,"date":"2026-04-21T00:30:02","date_gmt":"2026-04-21T00:30:02","guid":{"rendered":"https:\/\/singuli.wpress.me\/index.php\/proizvod\/headshoulders-poklon-paket-fusion-sensitive-gel-za-brijanje-75ml-sampon-deep-clean-oil-control-300ml-sampon-deep-clean-itch-300ml\/"},"modified":"2026-04-21T00:30:02","modified_gmt":"2026-04-21T00:30:02","slug":"headshoulders-poklon-paket-fusion-sensitive-gel-za-brijanje-75ml-sampon-deep-clean-oil-control-300ml-sampon-deep-clean-itch-300ml","status":"publish","type":"product","link":"https:\/\/singuli.wpress.me\/index.php\/proizvod\/headshoulders-poklon-paket-fusion-sensitive-gel-za-brijanje-75ml-sampon-deep-clean-oil-control-300ml-sampon-deep-clean-itch-300ml\/","title":{"rendered":"HEAD&amp;SHOULDERS, poklon paket, Fusion Sensitive gel za brijanje 75ml + \u0161ampon Deep Clean Oil Control 300ml + \u0161ampon Deep Clean Itch 300ml"},"content":{"rendered":"<p>Za uklanjanje do 100% peruti i spre\u010davanje njezinog pojavljivanja, u kombinaciji s dubinskom hidratacijom kose i vlasi\u0161ta, odaberite \u0161ampon head&amp;shoulders Deep Hydration s kokosovim uljem. Njegova napredna formula Derma&amp;Pure u\u010dinkovito se bori protiv masnog i suhog vlasi\u0161ta koje svrbi pa tako zaustavlja perut i prije nego \u0161to se pojavi. Formula je dermatolo\u0161ki testirana i pH uravnote\u017eena, osna\u017eena antioksidansima te ne sadr\u017ei nepo\u017eeljne sastojke poput fosfata i parafina. Prikladna je za svakodnevnu upotrebu, i sve tipove kose. Za najbolje rezultate koristite u kombinaciji s balzamom head&amp;shoulders Deep Hydration.<\/p>\n","protected":false},"excerpt":{"rendered":"<p>Za uklanjanje do 100% peruti i spre\u010davanje njezinog pojavljivanja, u kombinaciji s dubinskom hidratacijom kose i vlasi\u0161ta, odaberite \u0161ampon head&amp;shoulders<\/p>\n","protected":false},"featured_media":46063,"template":"","meta":{"_seopress_robots_primary_cat":"","_seopress_titles_title":"","_seopress_titles_desc":"","_seopress_robots_index":"","iawp_total_views":0},"product_brand":[443],"product_cat":[261,277],"product_tag":[],"class_list":{"0":"post-46062","1":"product","2":"type-product","3":"status-publish","4":"has-post-thumbnail","6":"product_brand-headshoulders","7":"product_cat-hrana-i-pice","8":"product_cat-slatkisi-i-grickalice-261","10":"first","11":"outofstock","12":"shipping-taxable","13":"purchasable","14":"product-type-simple"},"_links":{"self":[{"href":"https:\/\/singuli.wpress.me\/index.php\/wp-json\/wp\/v2\/product\/46062","targetHints":{"allow":["GET"]}}],"collection":[{"href":"https:\/\/singuli.wpress.me\/index.php\/wp-json\/wp\/v2\/product"}],"about":[{"href":"https:\/\/singuli.wpress.me\/index.php\/wp-json\/wp\/v2\/types\/product"}],"version-history":[{"count":0,"href":"https:\/\/singuli.wpress.me\/index.php\/wp-json\/wp\/v2\/product\/46062\/revisions"}],"wp:featuredmedia":[{"embeddable":true,"href":"https:\/\/singuli.wpress.me\/index.php\/wp-json\/wp\/v2\/media\/46063"}],"wp:attachment":[{"href":"https:\/\/singuli.wpress.me\/index.php\/wp-json\/wp\/v2\/media?parent=46062"}],"wp:term":[{"taxonomy":"product_brand","embeddable":true,"href":"https:\/\/singuli.wpress.me\/index.php\/wp-json\/wp\/v2\/product_brand?post=46062"},{"taxonomy":"product_cat","embeddable":true,"href":"https:\/\/singuli.wpress.me\/index.php\/wp-json\/wp\/v2\/product_cat?post=46062"},{"taxonomy":"product_tag","embeddable":true,"href":"https:\/\/singuli.wpress.me\/index.php\/wp-json\/wp\/v2\/product_tag?post=46062"}],"curies":[{"name":"wp","href":"https:\/\/api.w.org\/{rel}","templated":true}]}}