{"id":46071,"date":"2026-04-21T00:30:04","date_gmt":"2026-04-21T00:30:04","guid":{"rendered":"https:\/\/singuli.wpress.me\/index.php\/proizvod\/barbie-skuter\/"},"modified":"2026-04-23T00:28:09","modified_gmt":"2026-04-23T00:28:09","slug":"barbie-skuter","status":"publish","type":"product","link":"https:\/\/singuli.wpress.me\/proizvod\/barbie-skuter\/","title":{"rendered":"BARBIE, skuter"},"content":{"rendered":"<p>Barbie skuter dolazi s malenim pse\u0107im prijateljem koji je uvijek spreman za vo\u017enju!<\/p>\n<p>Postavi Barbie lutku (prodaje se odvojeno) na sjedalo gdje je dr\u017ea\u010d koji ju dr\u017ei na mjestu.<\/p>\n<p>Psi\u0107 se nalazi u \u017eutoj ko\u0161ari.<\/p>\n<p>\u017duta kaciga omogu\u0107it \u0107e sigurnu vo\u017enju. <\/p>\n","protected":false},"excerpt":{"rendered":"<p>Maleni psi\u0107 dolazi sa skuterom<br \/>\nBarbie lutka se prodaje odvojeno<br \/>\nDob: 3+god<\/p>\n","protected":false},"featured_media":46072,"template":"","meta":{"_seopress_robots_primary_cat":"","_seopress_titles_title":"","_seopress_titles_desc":"","_seopress_robots_index":"","iawp_total_views":0},"product_brand":[324],"product_cat":[274,238],"product_tag":[],"class_list":{"0":"post-46071","1":"product","2":"type-product","3":"status-publish","4":"has-post-thumbnail","6":"product_brand-barbie","7":"product_cat-kucanski-pribor-238","8":"product_cat-sve-za-dom","10":"first","11":"outofstock","12":"shipping-taxable","13":"purchasable","14":"product-type-simple"},"_links":{"self":[{"href":"https:\/\/singuli.wpress.me\/wp-json\/wp\/v2\/product\/46071","targetHints":{"allow":["GET"]}}],"collection":[{"href":"https:\/\/singuli.wpress.me\/wp-json\/wp\/v2\/product"}],"about":[{"href":"https:\/\/singuli.wpress.me\/wp-json\/wp\/v2\/types\/product"}],"version-history":[{"count":0,"href":"https:\/\/singuli.wpress.me\/wp-json\/wp\/v2\/product\/46071\/revisions"}],"wp:featuredmedia":[{"embeddable":true,"href":"https:\/\/singuli.wpress.me\/wp-json\/wp\/v2\/media\/46072"}],"wp:attachment":[{"href":"https:\/\/singuli.wpress.me\/wp-json\/wp\/v2\/media?parent=46071"}],"wp:term":[{"taxonomy":"product_brand","embeddable":true,"href":"https:\/\/singuli.wpress.me\/wp-json\/wp\/v2\/product_brand?post=46071"},{"taxonomy":"product_cat","embeddable":true,"href":"https:\/\/singuli.wpress.me\/wp-json\/wp\/v2\/product_cat?post=46071"},{"taxonomy":"product_tag","embeddable":true,"href":"https:\/\/singuli.wpress.me\/wp-json\/wp\/v2\/product_tag?post=46071"}],"curies":[{"name":"wp","href":"https:\/\/api.w.org\/{rel}","templated":true}]}}