{"id":46110,"date":"2026-04-21T00:30:24","date_gmt":"2026-04-21T00:30:24","guid":{"rendered":"https:\/\/singuli.wpress.me\/index.php\/proizvod\/braun-exactfit-3-tlakomjer-za-nadlakticu\/"},"modified":"2026-04-21T00:30:24","modified_gmt":"2026-04-21T00:30:24","slug":"braun-exactfit-3-tlakomjer-za-nadlakticu","status":"publish","type":"product","link":"https:\/\/singuli.wpress.me\/index.php\/proizvod\/braun-exactfit-3-tlakomjer-za-nadlakticu\/","title":{"rendered":"BRAUN Exactfit 3, tlakomjer za nadlakticu"},"content":{"rendered":"<p><span style=\"font-weight: bold\">Braun tlakomjer za nadlakticu ExactFit 3<\/span> razvijen je za to\u010dno i udobno mjerenje krvnog tlaka. <\/p>\n<p>To\u010dnost mjerenja Braunovog tlakomjera za nadlakticu testirana je u vrijeme proizvodnje i dokazana je klini\u010dkim istra\u017eivanjima u skladu sa smjernicama ESH. <\/p>\n<p>Jednostavan je za kori\u0161tenje i ergonomskog je dizajna. S profesionalnom to\u010dno\u0161\u0107u i bojom ozna\u010denim indikatorom razine krvnog tlaka nudi brzo i jednostavno o\u010ditanje krvnog tlaka. <\/p>\n<p>Detektira nepravilne otkucaje srca te ima mogu\u0107nost pohranjivanja do 40 mjerenja za 2 korisnika.<\/p>\n","protected":false},"excerpt":{"rendered":"<p>Razvijen je za to\u010dno i udobno mjerenje krvnog tlaka<br \/>\nJednostavan je za kori\u0161tenje i ergonomskog je dizajna<br \/>\nDetektira nepravilne otkucaje srca te ima mogu\u0107nost pohranjivanja do 40 mjerenja za 2 korisnika<\/p>\n","protected":false},"featured_media":46111,"template":"","meta":{"_seopress_robots_primary_cat":"","_seopress_titles_title":"","_seopress_titles_desc":"","_seopress_robots_index":"","iawp_total_views":0},"product_brand":[144],"product_cat":[192,267],"product_tag":[],"class_list":{"0":"post-46110","1":"product","2":"type-product","3":"status-publish","4":"has-post-thumbnail","6":"product_brand-braun","7":"product_cat-aparati-za-osobnu-njegu","8":"product_cat-zdravstveni-uredaji-192","10":"first","11":"instock","12":"shipping-taxable","13":"purchasable","14":"product-type-simple"},"_links":{"self":[{"href":"https:\/\/singuli.wpress.me\/index.php\/wp-json\/wp\/v2\/product\/46110","targetHints":{"allow":["GET"]}}],"collection":[{"href":"https:\/\/singuli.wpress.me\/index.php\/wp-json\/wp\/v2\/product"}],"about":[{"href":"https:\/\/singuli.wpress.me\/index.php\/wp-json\/wp\/v2\/types\/product"}],"version-history":[{"count":0,"href":"https:\/\/singuli.wpress.me\/index.php\/wp-json\/wp\/v2\/product\/46110\/revisions"}],"wp:featuredmedia":[{"embeddable":true,"href":"https:\/\/singuli.wpress.me\/index.php\/wp-json\/wp\/v2\/media\/46111"}],"wp:attachment":[{"href":"https:\/\/singuli.wpress.me\/index.php\/wp-json\/wp\/v2\/media?parent=46110"}],"wp:term":[{"taxonomy":"product_brand","embeddable":true,"href":"https:\/\/singuli.wpress.me\/index.php\/wp-json\/wp\/v2\/product_brand?post=46110"},{"taxonomy":"product_cat","embeddable":true,"href":"https:\/\/singuli.wpress.me\/index.php\/wp-json\/wp\/v2\/product_cat?post=46110"},{"taxonomy":"product_tag","embeddable":true,"href":"https:\/\/singuli.wpress.me\/index.php\/wp-json\/wp\/v2\/product_tag?post=46110"}],"curies":[{"name":"wp","href":"https:\/\/api.w.org\/{rel}","templated":true}]}}