{"id":46120,"date":"2026-04-21T00:30:27","date_gmt":"2026-04-21T00:30:27","guid":{"rendered":"https:\/\/singuli.wpress.me\/index.php\/proizvod\/fisher-price-oblak-za-umirivanje\/"},"modified":"2026-04-21T00:30:27","modified_gmt":"2026-04-21T00:30:27","slug":"fisher-price-oblak-za-umirivanje","status":"publish","type":"product","link":"https:\/\/singuli.wpress.me\/index.php\/proizvod\/fisher-price-oblak-za-umirivanje\/","title":{"rendered":"FISHER PRICE, oblak za umirivanje"},"content":{"rendered":"<p>Mekani prijatelj koji poma\u017ee utje\u0161iti i umiriti dijete kako raste.<br \/>\nFisher-Price oblak za umirivanje lagano se mo\u017ee postaviti na kreveti\u0107 ili ponijeti sa sobom.\u00a0<br \/>\nSadr\u017ei nje\u017enu glazbu koja umiruje.<br \/>\nNje\u017ena svjetla sinkroniziraju se s glazbom i projiciraju se po sobi te poma\u017eu djetetu da br\u017ee zaspi i spava du\u017ee.<br \/>\nNekoliko izbora glazbe, 5 zvukova prirode, volumen koji se mo\u017ee poja\u010dati i smanjiti, te izbor vi\u0161e boja.<br \/>\nMekanog materijala koji se mo\u017ee oprati.<\/p>\n<p>Od samog ro\u0111enja djeteta.\u00a0<\/p>\n","protected":false},"excerpt":{"rendered":"<p>5 zvukova prirode<br \/>\nPerivi mekani materijal<br \/>\nSadr\u017ei nje\u017enu glazbu koja umiruje<\/p>\n","protected":false},"featured_media":46121,"template":"","meta":{"_seopress_robots_primary_cat":"","_seopress_titles_title":"","_seopress_titles_desc":"","_seopress_robots_index":"","iawp_total_views":0},"product_brand":[458],"product_cat":[221,291],"product_tag":[],"class_list":{"0":"post-46120","1":"product","2":"type-product","3":"status-publish","4":"has-post-thumbnail","6":"product_brand-fisher-price","7":"product_cat-igracke","8":"product_cat-igracke-za-djecu-221","10":"first","11":"instock","12":"shipping-taxable","13":"purchasable","14":"product-type-simple"},"_links":{"self":[{"href":"https:\/\/singuli.wpress.me\/index.php\/wp-json\/wp\/v2\/product\/46120","targetHints":{"allow":["GET"]}}],"collection":[{"href":"https:\/\/singuli.wpress.me\/index.php\/wp-json\/wp\/v2\/product"}],"about":[{"href":"https:\/\/singuli.wpress.me\/index.php\/wp-json\/wp\/v2\/types\/product"}],"version-history":[{"count":0,"href":"https:\/\/singuli.wpress.me\/index.php\/wp-json\/wp\/v2\/product\/46120\/revisions"}],"wp:featuredmedia":[{"embeddable":true,"href":"https:\/\/singuli.wpress.me\/index.php\/wp-json\/wp\/v2\/media\/46121"}],"wp:attachment":[{"href":"https:\/\/singuli.wpress.me\/index.php\/wp-json\/wp\/v2\/media?parent=46120"}],"wp:term":[{"taxonomy":"product_brand","embeddable":true,"href":"https:\/\/singuli.wpress.me\/index.php\/wp-json\/wp\/v2\/product_brand?post=46120"},{"taxonomy":"product_cat","embeddable":true,"href":"https:\/\/singuli.wpress.me\/index.php\/wp-json\/wp\/v2\/product_cat?post=46120"},{"taxonomy":"product_tag","embeddable":true,"href":"https:\/\/singuli.wpress.me\/index.php\/wp-json\/wp\/v2\/product_tag?post=46120"}],"curies":[{"name":"wp","href":"https:\/\/api.w.org\/{rel}","templated":true}]}}