{"id":46126,"date":"2026-04-21T00:30:30","date_gmt":"2026-04-21T00:30:30","guid":{"rendered":"https:\/\/singuli.wpress.me\/index.php\/proizvod\/barbie-odjeca-za-potpuni-izgled-set\/"},"modified":"2026-04-21T00:30:30","modified_gmt":"2026-04-21T00:30:30","slug":"barbie-odjeca-za-potpuni-izgled-set","status":"publish","type":"product","link":"https:\/\/singuli.wpress.me\/index.php\/proizvod\/barbie-odjeca-za-potpuni-izgled-set\/","title":{"rendered":"BARBIE Odje\u0107a za potpuni izgled, set"},"content":{"rendered":"<p>Dotjerajte Barbie za svaku priliku. Ova sofisticirana kolekcija odje\u0107e za lutke je svestrana kao i ona! Kompletan izgled \u010dini ga modernim. Svaki modni paket uklju\u010duje odje\u0107u i dva dodatka za odijevanje lutke Barbie. Pomije\u0161ajte i uskladite odje\u0107u s drugom Barbie odje\u0107om, cipelama i dodacima kako biste stvorili razli\u010dite izglede i otkrili nove stilove. Uklju\u010duje jednu odje\u0107u (jednu haljinu ili dvodijelni komplet) i dva dodatka; lutka se prodaje zasebno. Haljine pristaju ve\u0107ini Barbie lutaka. Svaki paket haljina prodaje se zasebno i ovisi o dostupnosti. Boje i ukrasi mogu se razlikovati od prikazanih.<\/p>\n","protected":false},"excerpt":{"rendered":"<p>Odje\u0107a i dva dodatka<br \/>\nHaljine pristaju ve\u0107ini Barbie lutaka<br \/>\nlutka se prodaje zasebno<\/p>\n","protected":false},"featured_media":46127,"template":"","meta":{"_seopress_robots_primary_cat":"","_seopress_titles_title":"","_seopress_titles_desc":"","_seopress_robots_index":"","iawp_total_views":0},"product_brand":[324],"product_cat":[274,238],"product_tag":[],"class_list":{"0":"post-46126","1":"product","2":"type-product","3":"status-publish","4":"has-post-thumbnail","6":"product_brand-barbie","7":"product_cat-kucanski-pribor-238","8":"product_cat-sve-za-dom","10":"first","11":"outofstock","12":"shipping-taxable","13":"purchasable","14":"product-type-simple"},"_links":{"self":[{"href":"https:\/\/singuli.wpress.me\/index.php\/wp-json\/wp\/v2\/product\/46126","targetHints":{"allow":["GET"]}}],"collection":[{"href":"https:\/\/singuli.wpress.me\/index.php\/wp-json\/wp\/v2\/product"}],"about":[{"href":"https:\/\/singuli.wpress.me\/index.php\/wp-json\/wp\/v2\/types\/product"}],"version-history":[{"count":0,"href":"https:\/\/singuli.wpress.me\/index.php\/wp-json\/wp\/v2\/product\/46126\/revisions"}],"wp:featuredmedia":[{"embeddable":true,"href":"https:\/\/singuli.wpress.me\/index.php\/wp-json\/wp\/v2\/media\/46127"}],"wp:attachment":[{"href":"https:\/\/singuli.wpress.me\/index.php\/wp-json\/wp\/v2\/media?parent=46126"}],"wp:term":[{"taxonomy":"product_brand","embeddable":true,"href":"https:\/\/singuli.wpress.me\/index.php\/wp-json\/wp\/v2\/product_brand?post=46126"},{"taxonomy":"product_cat","embeddable":true,"href":"https:\/\/singuli.wpress.me\/index.php\/wp-json\/wp\/v2\/product_cat?post=46126"},{"taxonomy":"product_tag","embeddable":true,"href":"https:\/\/singuli.wpress.me\/index.php\/wp-json\/wp\/v2\/product_tag?post=46126"}],"curies":[{"name":"wp","href":"https:\/\/api.w.org\/{rel}","templated":true}]}}