{"id":46159,"date":"2026-04-21T00:30:43","date_gmt":"2026-04-21T00:30:43","guid":{"rendered":"https:\/\/singuli.wpress.me\/index.php\/proizvod\/becutan-krema-za-djecu-100-ml\/"},"modified":"2026-04-21T00:30:43","modified_gmt":"2026-04-21T00:30:43","slug":"becutan-krema-za-djecu-100-ml","status":"publish","type":"product","link":"https:\/\/singuli.wpress.me\/index.php\/proizvod\/becutan-krema-za-djecu-100-ml\/","title":{"rendered":"BECUTAN, krema za djecu, 100\u00a0ml"},"content":{"rendered":"<p>Becutan dje\u010dja krema koristi se za intenzivnu njegu dje\u010dje ko\u017ee cijelog tijela i dugotrajnu za\u0161titu. Sadr\u017ei visokokvalitetne pa\u017eljivo odabrane tvari koje su u cijelosti prilago\u0111ene potrebama najosjetljivije bebine ko\u017ee. Lako se upija i ima blag i ugodan miris, a zahvaljuju\u0107i svojoj jedinstvenoj laganoj formuli, mo\u017ee se vi\u0161e puta nanositi, a da pritom ne do\u0111e do prezasi\u0107enosti. Becutan dje\u010dja krema ima pH vrijednost prilago\u0111enu ko\u017ei i preporu\u010duje se za njegu suhe i osjetljive ko\u017ee kod svih uzrasta.<\/p>\n","protected":false},"excerpt":{"rendered":"<p>Visokokvalitetni sastojci pru\u017eaju dugotrajnu za\u0161titu i dubinsku njegu osjetljive ko\u017ee cijelog tijela<br \/>\nJedinstven sastav omogu\u0107uje vi\u0161estruko nano\u0161enje bez osje\u0107aja te\u017eine ili prezasi\u0107enosti ko\u017ee<br \/>\nZahvaljuju\u0107i neutralnoj pH vrijednosti, idealna je za najosjetljiviju ko\u017eu beba, ali i za suhu ko\u017eu odraslih<\/p>\n","protected":false},"featured_media":46160,"template":"","meta":{"_seopress_robots_primary_cat":"","_seopress_titles_title":"","_seopress_titles_desc":"","_seopress_robots_index":"","iawp_total_views":0},"product_brand":[803],"product_cat":[268,278],"product_tag":[],"class_list":{"0":"post-46159","1":"product","2":"type-product","3":"status-publish","4":"has-post-thumbnail","6":"product_brand-becutan","7":"product_cat-kozmetika-2","8":"product_cat-njega-tijela-268","10":"first","11":"instock","12":"shipping-taxable","13":"purchasable","14":"product-type-simple"},"_links":{"self":[{"href":"https:\/\/singuli.wpress.me\/index.php\/wp-json\/wp\/v2\/product\/46159","targetHints":{"allow":["GET"]}}],"collection":[{"href":"https:\/\/singuli.wpress.me\/index.php\/wp-json\/wp\/v2\/product"}],"about":[{"href":"https:\/\/singuli.wpress.me\/index.php\/wp-json\/wp\/v2\/types\/product"}],"version-history":[{"count":0,"href":"https:\/\/singuli.wpress.me\/index.php\/wp-json\/wp\/v2\/product\/46159\/revisions"}],"wp:featuredmedia":[{"embeddable":true,"href":"https:\/\/singuli.wpress.me\/index.php\/wp-json\/wp\/v2\/media\/46160"}],"wp:attachment":[{"href":"https:\/\/singuli.wpress.me\/index.php\/wp-json\/wp\/v2\/media?parent=46159"}],"wp:term":[{"taxonomy":"product_brand","embeddable":true,"href":"https:\/\/singuli.wpress.me\/index.php\/wp-json\/wp\/v2\/product_brand?post=46159"},{"taxonomy":"product_cat","embeddable":true,"href":"https:\/\/singuli.wpress.me\/index.php\/wp-json\/wp\/v2\/product_cat?post=46159"},{"taxonomy":"product_tag","embeddable":true,"href":"https:\/\/singuli.wpress.me\/index.php\/wp-json\/wp\/v2\/product_tag?post=46159"}],"curies":[{"name":"wp","href":"https:\/\/api.w.org\/{rel}","templated":true}]}}