{"id":46212,"date":"2026-04-21T00:31:11","date_gmt":"2026-04-21T00:31:11","guid":{"rendered":"https:\/\/singuli.wpress.me\/index.php\/proizvod\/dr-oetker-vitalis-hrskavi-jastucici-cokolada-300-g\/"},"modified":"2026-04-21T00:31:11","modified_gmt":"2026-04-21T00:31:11","slug":"dr-oetker-vitalis-hrskavi-jastucici-cokolada-300-g","status":"publish","type":"product","link":"https:\/\/singuli.wpress.me\/index.php\/proizvod\/dr-oetker-vitalis-hrskavi-jastucici-cokolada-300-g\/","title":{"rendered":"DR. OETKER Vitalis, hrskavi jastu\u010di\u0107i, \u010dokolada , 300\u00a0g"},"content":{"rendered":"<p>Vitalis hrskavi jastu\u010di\u0107i \u2013 ukusni su i hrskavi jastu\u010di\u0107i dobiveni od integralnih \u017eitarica, punjeni finom kremom s okusom \u010dokolade. Ova Vitalis mje\u0161avina zaokru\u017eena je hrskavim p\u0161eni\u010dnim flakesima, zdravim zobenim pahuljicama i \u010dokoladnim listi\u0107ima, koji i mlijeku daju poseban \u010dokoladni okus. Naravno da su i Hrskavi jastu\u010di\u0107i pripremljeni\u00a0 prema originalnoj Vitalis kvaliteti hrskavosti. Specijalni postupak pr\u017eenja zaslu\u017ean je da Vitalis hrskava mje\u0161avina ostane tako hrskava. U\u017eivajte u Vitalis Hrskavim jastu\u010di\u0107ima. Jednostavno dodajte mlijeko ili jogurt i prema \u017eelji ukrasite svje\u017eim vo\u0107em.\u00a0Tako \u0107e biti jo\u0161 ukusniji.<\/p>\n","protected":false},"excerpt":{"rendered":"<p>Punjeni finom kremom od \u010dokolade<br \/>\nPripremljeni\u00a0 prema originalnoj Vitalis kvaliteti hrskavosti<br \/>\nJednostavno dodajte mlijeko ili jogurt<\/p>\n","protected":false},"featured_media":46213,"template":"","meta":{"_seopress_robots_primary_cat":"","_seopress_titles_title":"","_seopress_titles_desc":"","_seopress_robots_index":"","iawp_total_views":0},"product_brand":[328],"product_cat":[261,307],"product_tag":[],"class_list":{"0":"post-46212","1":"product","2":"type-product","3":"status-publish","4":"has-post-thumbnail","6":"product_brand-dr-oetker","7":"product_cat-hrana-i-pice","8":"product_cat-zitarice-i-dorucak-261","10":"first","11":"outofstock","12":"shipping-taxable","13":"purchasable","14":"product-type-simple"},"_links":{"self":[{"href":"https:\/\/singuli.wpress.me\/index.php\/wp-json\/wp\/v2\/product\/46212","targetHints":{"allow":["GET"]}}],"collection":[{"href":"https:\/\/singuli.wpress.me\/index.php\/wp-json\/wp\/v2\/product"}],"about":[{"href":"https:\/\/singuli.wpress.me\/index.php\/wp-json\/wp\/v2\/types\/product"}],"version-history":[{"count":0,"href":"https:\/\/singuli.wpress.me\/index.php\/wp-json\/wp\/v2\/product\/46212\/revisions"}],"wp:featuredmedia":[{"embeddable":true,"href":"https:\/\/singuli.wpress.me\/index.php\/wp-json\/wp\/v2\/media\/46213"}],"wp:attachment":[{"href":"https:\/\/singuli.wpress.me\/index.php\/wp-json\/wp\/v2\/media?parent=46212"}],"wp:term":[{"taxonomy":"product_brand","embeddable":true,"href":"https:\/\/singuli.wpress.me\/index.php\/wp-json\/wp\/v2\/product_brand?post=46212"},{"taxonomy":"product_cat","embeddable":true,"href":"https:\/\/singuli.wpress.me\/index.php\/wp-json\/wp\/v2\/product_cat?post=46212"},{"taxonomy":"product_tag","embeddable":true,"href":"https:\/\/singuli.wpress.me\/index.php\/wp-json\/wp\/v2\/product_tag?post=46212"}],"curies":[{"name":"wp","href":"https:\/\/api.w.org\/{rel}","templated":true}]}}