{"id":46214,"date":"2026-04-21T00:31:11","date_gmt":"2026-04-21T00:31:11","guid":{"rendered":"https:\/\/singuli.wpress.me\/index.php\/proizvod\/dr-oetker-boje-za-jaja-3-g\/"},"modified":"2026-04-21T00:31:11","modified_gmt":"2026-04-21T00:31:11","slug":"dr-oetker-boje-za-jaja-3-g","status":"publish","type":"product","link":"https:\/\/singuli.wpress.me\/index.php\/proizvod\/dr-oetker-boje-za-jaja-3-g\/","title":{"rendered":"DR. OETKER, boje za jaja, 3\u00a0g"},"content":{"rendered":"<p>Pomo\u0107u Dr. Oetker boje za jaja napravite najljep\u0161e i naj\u0161arenije pisanice za va\u0161 uskrsni stol ili ko\u0161aru. U pakiranju se nalazi 5 razli\u010ditih boja: \u017euta. naran\u010dasta, plava, zelena, crvena. Jedna boja dovoljna je za bojanje 5 jaja.<\/p>\n","protected":false},"excerpt":{"rendered":"<p>5 razli\u010ditih boja<br \/>\njedna boja dovoljna za 5 jaja<br \/>\nZa najljep\u0161e i naj\u0161arenije pisanice<\/p>\n","protected":false},"featured_media":46215,"template":"","meta":{"_seopress_robots_primary_cat":"","_seopress_titles_title":"","_seopress_titles_desc":"","_seopress_robots_index":"","iawp_total_views":0},"product_brand":[328],"product_cat":[261,270],"product_tag":[],"class_list":{"0":"post-46214","1":"product","2":"type-product","3":"status-publish","4":"has-post-thumbnail","6":"product_brand-dr-oetker","7":"product_cat-hrana-i-pice","8":"product_cat-slasticarstvo-261","10":"first","11":"instock","12":"shipping-taxable","13":"purchasable","14":"product-type-simple"},"_links":{"self":[{"href":"https:\/\/singuli.wpress.me\/index.php\/wp-json\/wp\/v2\/product\/46214","targetHints":{"allow":["GET"]}}],"collection":[{"href":"https:\/\/singuli.wpress.me\/index.php\/wp-json\/wp\/v2\/product"}],"about":[{"href":"https:\/\/singuli.wpress.me\/index.php\/wp-json\/wp\/v2\/types\/product"}],"version-history":[{"count":0,"href":"https:\/\/singuli.wpress.me\/index.php\/wp-json\/wp\/v2\/product\/46214\/revisions"}],"wp:featuredmedia":[{"embeddable":true,"href":"https:\/\/singuli.wpress.me\/index.php\/wp-json\/wp\/v2\/media\/46215"}],"wp:attachment":[{"href":"https:\/\/singuli.wpress.me\/index.php\/wp-json\/wp\/v2\/media?parent=46214"}],"wp:term":[{"taxonomy":"product_brand","embeddable":true,"href":"https:\/\/singuli.wpress.me\/index.php\/wp-json\/wp\/v2\/product_brand?post=46214"},{"taxonomy":"product_cat","embeddable":true,"href":"https:\/\/singuli.wpress.me\/index.php\/wp-json\/wp\/v2\/product_cat?post=46214"},{"taxonomy":"product_tag","embeddable":true,"href":"https:\/\/singuli.wpress.me\/index.php\/wp-json\/wp\/v2\/product_tag?post=46214"}],"curies":[{"name":"wp","href":"https:\/\/api.w.org\/{rel}","templated":true}]}}