{"id":46226,"date":"2026-04-21T00:31:15","date_gmt":"2026-04-21T00:31:15","guid":{"rendered":"https:\/\/singuli.wpress.me\/index.php\/proizvod\/becutan-tekuci-sapun-250-ml\/"},"modified":"2026-04-21T00:31:15","modified_gmt":"2026-04-21T00:31:15","slug":"becutan-tekuci-sapun-250-ml","status":"publish","type":"product","link":"https:\/\/singuli.wpress.me\/index.php\/proizvod\/becutan-tekuci-sapun-250-ml\/","title":{"rendered":"BECUTAN, teku\u0107i sapun, 250\u00a0ml"},"content":{"rendered":"<p>Teku\u0107i sapun Becutan sadr\u017ei pa\u017eljivo odabrane povr\u0161inski djelatne sastojke koji omogu\u0107avaju lagano uklanjanje ne\u010disto\u0107e prilikom svakog pranja ruku. Ovaj dermatolo\u0161ki testirani proizvod oboga\u0107en je glicerinom koji dodatno poma\u017ee u odr\u017eavanju prirodne hidratacije ko\u017ee. Cijeli proces njege prati prepoznatljivi i ugodni miris Becutana<\/p>\n","protected":false},"excerpt":{"rendered":"<p>Pa\u017eljivo odabrani povr\u0161inski djelatni sastojci omogu\u0107uju lagano \u010di\u0161\u0107enje ruku<br \/>\nOboga\u0107en glicerinom koji poma\u017ee u o\u010duvanju prirodne vla\u017enosti ko\u017ee<br \/>\nProizvod je testiran pod nadzorom dermatologa, uz karakteristi\u010dan Becutan miris<\/p>\n","protected":false},"featured_media":46227,"template":"","meta":{"_seopress_robots_primary_cat":"","_seopress_titles_title":"","_seopress_titles_desc":"","_seopress_robots_index":"","iawp_total_views":0},"product_brand":[803],"product_cat":[268,278],"product_tag":[],"class_list":{"0":"post-46226","1":"product","2":"type-product","3":"status-publish","4":"has-post-thumbnail","6":"product_brand-becutan","7":"product_cat-kozmetika-2","8":"product_cat-njega-tijela-268","10":"first","11":"instock","12":"shipping-taxable","13":"purchasable","14":"product-type-simple"},"_links":{"self":[{"href":"https:\/\/singuli.wpress.me\/index.php\/wp-json\/wp\/v2\/product\/46226","targetHints":{"allow":["GET"]}}],"collection":[{"href":"https:\/\/singuli.wpress.me\/index.php\/wp-json\/wp\/v2\/product"}],"about":[{"href":"https:\/\/singuli.wpress.me\/index.php\/wp-json\/wp\/v2\/types\/product"}],"version-history":[{"count":0,"href":"https:\/\/singuli.wpress.me\/index.php\/wp-json\/wp\/v2\/product\/46226\/revisions"}],"wp:featuredmedia":[{"embeddable":true,"href":"https:\/\/singuli.wpress.me\/index.php\/wp-json\/wp\/v2\/media\/46227"}],"wp:attachment":[{"href":"https:\/\/singuli.wpress.me\/index.php\/wp-json\/wp\/v2\/media?parent=46226"}],"wp:term":[{"taxonomy":"product_brand","embeddable":true,"href":"https:\/\/singuli.wpress.me\/index.php\/wp-json\/wp\/v2\/product_brand?post=46226"},{"taxonomy":"product_cat","embeddable":true,"href":"https:\/\/singuli.wpress.me\/index.php\/wp-json\/wp\/v2\/product_cat?post=46226"},{"taxonomy":"product_tag","embeddable":true,"href":"https:\/\/singuli.wpress.me\/index.php\/wp-json\/wp\/v2\/product_tag?post=46226"}],"curies":[{"name":"wp","href":"https:\/\/api.w.org\/{rel}","templated":true}]}}