{"id":46277,"date":"2026-04-21T00:31:36","date_gmt":"2026-04-21T00:31:36","guid":{"rendered":"https:\/\/singuli.wpress.me\/index.php\/proizvod\/make-it-real-igracka-kreativni-toranj-5u1\/"},"modified":"2026-04-21T00:31:36","modified_gmt":"2026-04-21T00:31:36","slug":"make-it-real-igracka-kreativni-toranj-5u1","status":"publish","type":"product","link":"https:\/\/singuli.wpress.me\/index.php\/proizvod\/make-it-real-igracka-kreativni-toranj-5u1\/","title":{"rendered":"MAKE IT REAL, igra\u010dka, kreativni toranj 5u1"},"content":{"rendered":"<p>5 odli\u010dnih kreativnih mogu\u0107nosti na jednom mjestu!<\/p>\n<p>Sa ovim rotiraju\u0107im tornjem mo\u017ee\u0161 kreirati 5 razli\u010ditih vrsta narukvica!<\/p>\n<p>Toranj ima pomi\u010dna spremi\u0161ta kao i dr\u017ea\u010d narukvica kada ih ne nosi\u0161. <\/p>\n<p>Svako spremi\u0161te dom je jedinstvene kreacije neke od narukvica: LINK, PERLICE, BFF, ELASTI\u010cNE, HEISHI!<\/p>\n<p>Svako spremi\u0161te mo\u017ee se ponjeti zasebno ili koristiti uz toranj za lak\u0161i pristup.<\/p>\n<p>Ponesi sa sobom jednu ili svih 5 kreacija!<\/p>\n<p>Napravi preko 40 narukvica sa premo 1600 dijelova u paketu!<\/p>\n<p>Dob: 6+  <\/p>\n","protected":false},"excerpt":{"rendered":"<p>5 odli\u010dnih kreativnih mogu\u0107nosti<br \/>\nMogu\u0107e kreirati 5 razli\u010ditih narukvica<br \/>\nDob: 6+ god<\/p>\n","protected":false},"featured_media":46278,"template":"","meta":{"_seopress_robots_primary_cat":"","_seopress_titles_title":"","_seopress_titles_desc":"","_seopress_robots_index":"","iawp_total_views":0},"product_brand":[441],"product_cat":[221,291],"product_tag":[],"class_list":{"0":"post-46277","1":"product","2":"type-product","3":"status-publish","4":"has-post-thumbnail","6":"product_brand-make-it-real","7":"product_cat-igracke","8":"product_cat-igracke-za-djecu-221","10":"first","11":"outofstock","12":"shipping-taxable","13":"purchasable","14":"product-type-simple"},"_links":{"self":[{"href":"https:\/\/singuli.wpress.me\/index.php\/wp-json\/wp\/v2\/product\/46277","targetHints":{"allow":["GET"]}}],"collection":[{"href":"https:\/\/singuli.wpress.me\/index.php\/wp-json\/wp\/v2\/product"}],"about":[{"href":"https:\/\/singuli.wpress.me\/index.php\/wp-json\/wp\/v2\/types\/product"}],"version-history":[{"count":0,"href":"https:\/\/singuli.wpress.me\/index.php\/wp-json\/wp\/v2\/product\/46277\/revisions"}],"wp:featuredmedia":[{"embeddable":true,"href":"https:\/\/singuli.wpress.me\/index.php\/wp-json\/wp\/v2\/media\/46278"}],"wp:attachment":[{"href":"https:\/\/singuli.wpress.me\/index.php\/wp-json\/wp\/v2\/media?parent=46277"}],"wp:term":[{"taxonomy":"product_brand","embeddable":true,"href":"https:\/\/singuli.wpress.me\/index.php\/wp-json\/wp\/v2\/product_brand?post=46277"},{"taxonomy":"product_cat","embeddable":true,"href":"https:\/\/singuli.wpress.me\/index.php\/wp-json\/wp\/v2\/product_cat?post=46277"},{"taxonomy":"product_tag","embeddable":true,"href":"https:\/\/singuli.wpress.me\/index.php\/wp-json\/wp\/v2\/product_tag?post=46277"}],"curies":[{"name":"wp","href":"https:\/\/api.w.org\/{rel}","templated":true}]}}