{"id":46289,"date":"2026-04-21T00:31:40","date_gmt":"2026-04-21T00:31:40","guid":{"rendered":"https:\/\/singuli.wpress.me\/index.php\/proizvod\/tikves-bijelo-vino-grasevina-0-75-l\/"},"modified":"2026-04-21T00:31:40","modified_gmt":"2026-04-21T00:31:40","slug":"tikves-bijelo-vino-grasevina-0-75-l","status":"publish","type":"product","link":"https:\/\/singuli.wpress.me\/index.php\/proizvod\/tikves-bijelo-vino-grasevina-0-75-l\/","title":{"rendered":"TIKVE\u0160, bijelo vino, Gra\u0161evina, 0.75\u00a0l"},"content":{"rendered":"<p>Ovo vo\u0107no vino nudi srednje intenzivne arome citrusa i zelenog vo\u0107a, nagla\u0161ene notama bijele breskve i \u0111umbira.<br \/>\n\u2022 Stoljetna tradicija vinarije<br \/>\n\u2022 Suho bijelo vino<br \/>\n\u2022 Srednje intenzivne arome citrusa i zelenog vo\u0107a<\/p>\n","protected":false},"excerpt":{"rendered":"<p>Stoljetna tradicija vinarije<br \/>\nSuho bijelo vino<br \/>\nSrednje intenzivne arome citrusa i zelenog vo\u0107a<\/p>\n","protected":false},"featured_media":46290,"template":"","meta":{"_seopress_robots_primary_cat":"","_seopress_titles_title":"","_seopress_titles_desc":"","_seopress_robots_index":"","iawp_total_views":0},"product_brand":[470],"product_cat":[298,261],"product_tag":[],"class_list":{"0":"post-46289","1":"product","2":"type-product","3":"status-publish","4":"has-post-thumbnail","6":"product_brand-tikves","7":"product_cat-alkoholna-pica-261","8":"product_cat-hrana-i-pice","10":"first","11":"instock","12":"shipping-taxable","13":"purchasable","14":"product-type-simple"},"_links":{"self":[{"href":"https:\/\/singuli.wpress.me\/index.php\/wp-json\/wp\/v2\/product\/46289","targetHints":{"allow":["GET"]}}],"collection":[{"href":"https:\/\/singuli.wpress.me\/index.php\/wp-json\/wp\/v2\/product"}],"about":[{"href":"https:\/\/singuli.wpress.me\/index.php\/wp-json\/wp\/v2\/types\/product"}],"version-history":[{"count":0,"href":"https:\/\/singuli.wpress.me\/index.php\/wp-json\/wp\/v2\/product\/46289\/revisions"}],"wp:featuredmedia":[{"embeddable":true,"href":"https:\/\/singuli.wpress.me\/index.php\/wp-json\/wp\/v2\/media\/46290"}],"wp:attachment":[{"href":"https:\/\/singuli.wpress.me\/index.php\/wp-json\/wp\/v2\/media?parent=46289"}],"wp:term":[{"taxonomy":"product_brand","embeddable":true,"href":"https:\/\/singuli.wpress.me\/index.php\/wp-json\/wp\/v2\/product_brand?post=46289"},{"taxonomy":"product_cat","embeddable":true,"href":"https:\/\/singuli.wpress.me\/index.php\/wp-json\/wp\/v2\/product_cat?post=46289"},{"taxonomy":"product_tag","embeddable":true,"href":"https:\/\/singuli.wpress.me\/index.php\/wp-json\/wp\/v2\/product_tag?post=46289"}],"curies":[{"name":"wp","href":"https:\/\/api.w.org\/{rel}","templated":true}]}}