{"id":46293,"date":"2026-04-21T00:31:41","date_gmt":"2026-04-21T00:31:41","guid":{"rendered":"https:\/\/singuli.wpress.me\/index.php\/proizvod\/cartamundi-fundels-edukativne-kartice-crtanje\/"},"modified":"2026-04-21T00:31:41","modified_gmt":"2026-04-21T00:31:41","slug":"cartamundi-fundels-edukativne-kartice-crtanje","status":"publish","type":"product","link":"https:\/\/singuli.wpress.me\/index.php\/proizvod\/cartamundi-fundels-edukativne-kartice-crtanje\/","title":{"rendered":"CARTAMUNDI Fundels, edukativne kartice, crtanje"},"content":{"rendered":"<p>Nau\u010di crtati kroz igru i ma\u0161tu!<\/p>\n<p>Uz Fundels kartice za crtanje, djeca na brz i jednostavan na\u010din razvijaju vje\u0161tine crtanja kroz konceptualno razmi\u0161ljanje. Svaka kartica vodi dijete kroz \u010detiri jednostavna koraka, poma\u017eu\u0107i mu da od osnovnih oblika i linija stvori prepoznatljive crte\u017ee.<\/p>\n<p>Zahvaljuju\u0107i svje\u017eem dizajnu i \u017eivim bojama, u\u010denje postaje prava zabava! Osim \u0161to poti\u010du kreativnost, ove kartice razvijaju i koordinaciju ruku i o\u010diju \u2013 savr\u0161en spoj igre i edukacije!<\/p>\n","protected":false},"excerpt":{"rendered":"<p>Svaka kartica vodi dijete kroz \u010detiri jednostavna koraka<br \/>\nDjeca na brz i jednostavan na\u010din razvijaju vje\u0161tine crtanja kroz konceptualno razmi\u0161ljanje<br \/>\nDob: 6+ god<\/p>\n","protected":false},"featured_media":46294,"template":"","meta":{"_seopress_robots_primary_cat":"","_seopress_titles_title":"","_seopress_titles_desc":"","_seopress_robots_index":"","iawp_total_views":0},"product_brand":[864],"product_cat":[290,221],"product_tag":[],"class_list":{"0":"post-46293","1":"product","2":"type-product","3":"status-publish","4":"has-post-thumbnail","6":"product_brand-cartamundi","7":"product_cat-drustvene-igre-221","8":"product_cat-igracke","10":"first","11":"outofstock","12":"shipping-taxable","13":"purchasable","14":"product-type-simple"},"_links":{"self":[{"href":"https:\/\/singuli.wpress.me\/index.php\/wp-json\/wp\/v2\/product\/46293","targetHints":{"allow":["GET"]}}],"collection":[{"href":"https:\/\/singuli.wpress.me\/index.php\/wp-json\/wp\/v2\/product"}],"about":[{"href":"https:\/\/singuli.wpress.me\/index.php\/wp-json\/wp\/v2\/types\/product"}],"version-history":[{"count":0,"href":"https:\/\/singuli.wpress.me\/index.php\/wp-json\/wp\/v2\/product\/46293\/revisions"}],"wp:featuredmedia":[{"embeddable":true,"href":"https:\/\/singuli.wpress.me\/index.php\/wp-json\/wp\/v2\/media\/46294"}],"wp:attachment":[{"href":"https:\/\/singuli.wpress.me\/index.php\/wp-json\/wp\/v2\/media?parent=46293"}],"wp:term":[{"taxonomy":"product_brand","embeddable":true,"href":"https:\/\/singuli.wpress.me\/index.php\/wp-json\/wp\/v2\/product_brand?post=46293"},{"taxonomy":"product_cat","embeddable":true,"href":"https:\/\/singuli.wpress.me\/index.php\/wp-json\/wp\/v2\/product_cat?post=46293"},{"taxonomy":"product_tag","embeddable":true,"href":"https:\/\/singuli.wpress.me\/index.php\/wp-json\/wp\/v2\/product_tag?post=46293"}],"curies":[{"name":"wp","href":"https:\/\/api.w.org\/{rel}","templated":true}]}}