{"id":46360,"date":"2026-04-21T00:32:12","date_gmt":"2026-04-21T00:32:12","guid":{"rendered":"https:\/\/singuli.wpress.me\/index.php\/proizvod\/wellaflex-instant-volume-boost-lak-za-kosu-250-ml\/"},"modified":"2026-04-23T00:28:10","modified_gmt":"2026-04-23T00:28:10","slug":"wellaflex-instant-volume-boost-lak-za-kosu-250-ml","status":"publish","type":"product","link":"https:\/\/singuli.wpress.me\/proizvod\/wellaflex-instant-volume-boost-lak-za-kosu-250-ml\/","title":{"rendered":"WELLAFLEX Instant volume boost , lak za kosu, 250\u00a0ml"},"content":{"rendered":"<p>Wellaflex sprejevi za mikro finu kosu ravnomjerno se raspore\u0111uju po frizuri i prodiru u nju. Wellaflex lak za volumen je instant poja\u010danje za dvostruki volumen va\u0161e kose. Daje 3D efekt volumena, bez osje\u0107aja ljepljivosti i za cjelodnevni u\u010dinak. \u010cuva elasti\u010dnost kose i pru\u017ea toplinsku za\u0161titu. Sadr\u017ei formulu bez alkohola, te UV za\u0161titu za lijep i zdrav izgled va\u0161e kose. <\/p>\n","protected":false},"excerpt":{"rendered":"<p>Ultra jaka fiksacija<br \/>\nTrenutni volumen<br \/>\nCjelodnevna postojanost<\/p>\n","protected":false},"featured_media":46361,"template":"","meta":{"_seopress_robots_primary_cat":"","_seopress_titles_title":"","_seopress_titles_desc":"","_seopress_robots_index":"","iawp_total_views":0},"product_brand":[841],"product_cat":[268,300],"product_tag":[],"class_list":{"0":"post-46360","1":"product","2":"type-product","3":"status-publish","4":"has-post-thumbnail","6":"product_brand-wellaflex","7":"product_cat-kozmetika-2","8":"product_cat-njega-kose-268","10":"first","11":"outofstock","12":"shipping-taxable","13":"purchasable","14":"product-type-simple"},"_links":{"self":[{"href":"https:\/\/singuli.wpress.me\/wp-json\/wp\/v2\/product\/46360","targetHints":{"allow":["GET"]}}],"collection":[{"href":"https:\/\/singuli.wpress.me\/wp-json\/wp\/v2\/product"}],"about":[{"href":"https:\/\/singuli.wpress.me\/wp-json\/wp\/v2\/types\/product"}],"version-history":[{"count":0,"href":"https:\/\/singuli.wpress.me\/wp-json\/wp\/v2\/product\/46360\/revisions"}],"wp:featuredmedia":[{"embeddable":true,"href":"https:\/\/singuli.wpress.me\/wp-json\/wp\/v2\/media\/46361"}],"wp:attachment":[{"href":"https:\/\/singuli.wpress.me\/wp-json\/wp\/v2\/media?parent=46360"}],"wp:term":[{"taxonomy":"product_brand","embeddable":true,"href":"https:\/\/singuli.wpress.me\/wp-json\/wp\/v2\/product_brand?post=46360"},{"taxonomy":"product_cat","embeddable":true,"href":"https:\/\/singuli.wpress.me\/wp-json\/wp\/v2\/product_cat?post=46360"},{"taxonomy":"product_tag","embeddable":true,"href":"https:\/\/singuli.wpress.me\/wp-json\/wp\/v2\/product_tag?post=46360"}],"curies":[{"name":"wp","href":"https:\/\/api.w.org\/{rel}","templated":true}]}}