{"id":46380,"date":"2026-04-21T00:32:22","date_gmt":"2026-04-21T00:32:22","guid":{"rendered":"https:\/\/singuli.wpress.me\/index.php\/proizvod\/tuban-set-za-mjehurice-mac-250ml-tekucine\/"},"modified":"2026-04-23T00:28:10","modified_gmt":"2026-04-23T00:28:10","slug":"tuban-set-za-mjehurice-mac-250ml-tekucine","status":"publish","type":"product","link":"https:\/\/singuli.wpress.me\/proizvod\/tuban-set-za-mjehurice-mac-250ml-tekucine\/","title":{"rendered":"TUBAN, set za mjehuri\u0107e, ma\u010d + 250ml teku\u0107ine"},"content":{"rendered":"<p>Zabavni set za mjehuri\u0107e sa ma\u010dem pogodan je i za najmla\u0111e! Nakon \u0161to se ma\u010d umo\u010di u teku\u0107inu &#8211; mahanjem se stvaraju predivni mjehuri\u0107i!<\/p>\n<p>Set sadr\u017ei ma\u010d i 250 ml teku\u0107ine dovoljne za punjenje posude 2x!          <\/p>\n<p>Dob: 3+<\/p>\n","protected":false},"excerpt":{"rendered":"<p>Zabavni set za mjehuri\u0107e sa ma\u010dem<br \/>\nSet uklju\u010duje 250ml teku\u0107ine<br \/>\nDob: 3+ god<\/p>\n","protected":false},"featured_media":46381,"template":"","meta":{"_seopress_robots_primary_cat":"","_seopress_titles_title":"","_seopress_titles_desc":"","_seopress_robots_index":"","iawp_total_views":0},"product_brand":[492],"product_cat":[274,238],"product_tag":[],"class_list":{"0":"post-46380","1":"product","2":"type-product","3":"status-publish","4":"has-post-thumbnail","6":"product_brand-tuban","7":"product_cat-kucanski-pribor-238","8":"product_cat-sve-za-dom","10":"first","11":"outofstock","12":"shipping-taxable","13":"purchasable","14":"product-type-simple"},"_links":{"self":[{"href":"https:\/\/singuli.wpress.me\/wp-json\/wp\/v2\/product\/46380","targetHints":{"allow":["GET"]}}],"collection":[{"href":"https:\/\/singuli.wpress.me\/wp-json\/wp\/v2\/product"}],"about":[{"href":"https:\/\/singuli.wpress.me\/wp-json\/wp\/v2\/types\/product"}],"version-history":[{"count":0,"href":"https:\/\/singuli.wpress.me\/wp-json\/wp\/v2\/product\/46380\/revisions"}],"wp:featuredmedia":[{"embeddable":true,"href":"https:\/\/singuli.wpress.me\/wp-json\/wp\/v2\/media\/46381"}],"wp:attachment":[{"href":"https:\/\/singuli.wpress.me\/wp-json\/wp\/v2\/media?parent=46380"}],"wp:term":[{"taxonomy":"product_brand","embeddable":true,"href":"https:\/\/singuli.wpress.me\/wp-json\/wp\/v2\/product_brand?post=46380"},{"taxonomy":"product_cat","embeddable":true,"href":"https:\/\/singuli.wpress.me\/wp-json\/wp\/v2\/product_cat?post=46380"},{"taxonomy":"product_tag","embeddable":true,"href":"https:\/\/singuli.wpress.me\/wp-json\/wp\/v2\/product_tag?post=46380"}],"curies":[{"name":"wp","href":"https:\/\/api.w.org\/{rel}","templated":true}]}}